{"id":17538,"date":"2026-04-30T06:45:12","date_gmt":"2026-04-30T04:45:12","guid":{"rendered":"https:\/\/letrainjaune.fr\/a-voir-et-a-faire\/agenda\/musicales-du-ticou-4\/"},"modified":"2026-04-30T06:45:12","modified_gmt":"2026-04-30T04:45:12","slug":"musicales-du-ticou-4","status":"publish","type":"agenda","link":"https:\/\/letrainjaune.fr\/ca\/a-voir-et-a-faire\/agenda\/musicales-du-ticou-4\/","title":{"rendered":"MUSICALES DU TICOU"},"content":{"rendered":"<p>LES MUSICALES DU TICOU<br \/>\n19h-22h<br \/>\nEtang du Ticou<br \/>\nGratuit | En famille ou entre amis<br \/>\nUne soir\u00e9e conviviale dans une ambiance champ\u00eatre au bord de l&#8217;eau, concert d\u00e8s 20h<br \/>\nBuvette et restauration sur place.<br \/>\nVenez profiter d&#8217;un moment festif et authentique dans un cadre d&#8217;exception!<\/p>\n","protected":false},"excerpt":{"rendered":"<p>LES MUSICALES DU TICOU<br \/>\n19h-22h<br \/>\nEtang du Ticou<br \/>\nGratuit | En famille ou entre amis<br \/>\nUne soir\u00e9e conviviale dans une ambiance champ\u00eatre au bord de l&#8217;eau, concert d\u00e8s 20h<br \/>\nBuvette et restauration sur place.<br \/>\nVenez profiter d&#8217;un moment festif et authentique dans un cadre d&#8217;exception!<\/p>\n","protected":false},"featured_media":0,"template":"","agenda_category":[],"class_list":["post-17538","agenda","type-agenda","status-publish","hentry"],"acf":[],"yoast_head":"<!-- This site is optimized with the Yoast SEO plugin v25.4 - https:\/\/yoast.com\/wordpress\/plugins\/seo\/ -->\n<title>MUSICALES DU TICOU - Dest\u00ed: El Tren Groc<\/title>\n<meta name=\"robots\" content=\"index, follow, max-snippet:-1, max-image-preview:large, max-video-preview:-1\" \/>\n<link rel=\"canonical\" href=\"https:\/\/letrainjaune.fr\/ca\/a-voir-et-a-faire\/agenda\/musicales-du-ticou-4\/\" \/>\n<meta property=\"og:locale\" content=\"ca_ES\" \/>\n<meta property=\"og:type\" content=\"article\" \/>\n<meta property=\"og:title\" content=\"MUSICALES DU TICOU - Dest\u00ed: El Tren Groc\" \/>\n<meta property=\"og:description\" content=\"LES MUSICALES DU TICOU 19h-22h Etang du Ticou Gratuit | En famille ou entre amis Une soir\u00e9e conviviale dans une ambiance champ\u00eatre au bord de l&#039;eau, concert d\u00e8s 20h Buvette et restauration sur place. Venez profiter d&#039;un moment festif et authentique dans un cadre d&#039;exception!\" \/>\n<meta property=\"og:url\" content=\"https:\/\/letrainjaune.fr\/ca\/a-voir-et-a-faire\/agenda\/musicales-du-ticou-4\/\" \/>\n<meta property=\"og:site_name\" content=\"Dest\u00ed: El Tren Groc\" \/>\n<meta name=\"twitter:card\" content=\"summary_large_image\" \/>\n<script type=\"application\/ld+json\" class=\"yoast-schema-graph\">{\"@context\":\"https:\/\/schema.org\",\"@graph\":[{\"@type\":\"WebPage\",\"@id\":\"https:\/\/letrainjaune.fr\/ca\/a-voir-et-a-faire\/agenda\/musicales-du-ticou-4\/\",\"url\":\"https:\/\/letrainjaune.fr\/ca\/a-voir-et-a-faire\/agenda\/musicales-du-ticou-4\/\",\"name\":\"MUSICALES DU TICOU - Dest\u00ed: El Tren Groc\",\"isPartOf\":{\"@id\":\"https:\/\/letrainjaune.fr\/ca\/#website\"},\"datePublished\":\"2026-04-30T04:45:12+00:00\",\"breadcrumb\":{\"@id\":\"https:\/\/letrainjaune.fr\/ca\/a-voir-et-a-faire\/agenda\/musicales-du-ticou-4\/#breadcrumb\"},\"inLanguage\":\"ca\",\"potentialAction\":[{\"@type\":\"ReadAction\",\"target\":[\"https:\/\/letrainjaune.fr\/ca\/a-voir-et-a-faire\/agenda\/musicales-du-ticou-4\/\"]}]},{\"@type\":\"BreadcrumbList\",\"@id\":\"https:\/\/letrainjaune.fr\/ca\/a-voir-et-a-faire\/agenda\/musicales-du-ticou-4\/#breadcrumb\",\"itemListElement\":[{\"@type\":\"ListItem\",\"position\":1,\"name\":\"Benvinguda\",\"item\":\"https:\/\/letrainjaune.fr\/ca\/\"},{\"@type\":\"ListItem\",\"position\":2,\"name\":\"Esdeveniments\",\"item\":\"https:\/\/letrainjaune.fr\/ca\/per-veure-i-fer\/agenda\/\"},{\"@type\":\"ListItem\",\"position\":3,\"name\":\"MUSICALES DU TICOU\"}]},{\"@type\":\"WebSite\",\"@id\":\"https:\/\/letrainjaune.fr\/ca\/#website\",\"url\":\"https:\/\/letrainjaune.fr\/ca\/\",\"name\":\"Dest\u00ed: El Tren Groc\",\"description\":\"Dans les Pyr\u00e9n\u00e9es Catalanes, d\u00e9couvrez ce train sur le plus haut chemin de fer d\u2019Europe.\",\"publisher\":{\"@id\":\"https:\/\/letrainjaune.fr\/ca\/#organization\"},\"potentialAction\":[{\"@type\":\"SearchAction\",\"target\":{\"@type\":\"EntryPoint\",\"urlTemplate\":\"https:\/\/letrainjaune.fr\/ca\/?s={search_term_string}\"},\"query-input\":{\"@type\":\"PropertyValueSpecification\",\"valueRequired\":true,\"valueName\":\"search_term_string\"}}],\"inLanguage\":\"ca\"},{\"@type\":\"Organization\",\"@id\":\"https:\/\/letrainjaune.fr\/ca\/#organization\",\"name\":\"Dest\u00ed: El Tren Groc\",\"url\":\"https:\/\/letrainjaune.fr\/ca\/\",\"logo\":{\"@type\":\"ImageObject\",\"inLanguage\":\"ca\",\"@id\":\"https:\/\/letrainjaune.fr\/ca\/#\/schema\/logo\/image\/\",\"url\":\"https:\/\/letrainjaune.fr\/wp-content\/uploads\/2021\/04\/TJ_logo-TJ-footer.svg\",\"contentUrl\":\"https:\/\/letrainjaune.fr\/wp-content\/uploads\/2021\/04\/TJ_logo-TJ-footer.svg\",\"width\":\"1920\",\"height\":\"9999\",\"caption\":\"Dest\u00ed: El Tren Groc\"},\"image\":{\"@id\":\"https:\/\/letrainjaune.fr\/ca\/#\/schema\/logo\/image\/\"}}]}<\/script>\n<!-- \/ Yoast SEO plugin. -->","yoast_head_json":{"title":"MUSICALES DU TICOU - Dest\u00ed: El Tren Groc","robots":{"index":"index","follow":"follow","max-snippet":"max-snippet:-1","max-image-preview":"max-image-preview:large","max-video-preview":"max-video-preview:-1"},"canonical":"https:\/\/letrainjaune.fr\/ca\/a-voir-et-a-faire\/agenda\/musicales-du-ticou-4\/","og_locale":"ca_ES","og_type":"article","og_title":"MUSICALES DU TICOU - Dest\u00ed: El Tren Groc","og_description":"LES MUSICALES DU TICOU 19h-22h Etang du Ticou Gratuit | En famille ou entre amis Une soir\u00e9e conviviale dans une ambiance champ\u00eatre au bord de l'eau, concert d\u00e8s 20h Buvette et restauration sur place. Venez profiter d'un moment festif et authentique dans un cadre d'exception!","og_url":"https:\/\/letrainjaune.fr\/ca\/a-voir-et-a-faire\/agenda\/musicales-du-ticou-4\/","og_site_name":"Dest\u00ed: El Tren Groc","twitter_card":"summary_large_image","schema":{"@context":"https:\/\/schema.org","@graph":[{"@type":"WebPage","@id":"https:\/\/letrainjaune.fr\/ca\/a-voir-et-a-faire\/agenda\/musicales-du-ticou-4\/","url":"https:\/\/letrainjaune.fr\/ca\/a-voir-et-a-faire\/agenda\/musicales-du-ticou-4\/","name":"MUSICALES DU TICOU - Dest\u00ed: El Tren Groc","isPartOf":{"@id":"https:\/\/letrainjaune.fr\/ca\/#website"},"datePublished":"2026-04-30T04:45:12+00:00","breadcrumb":{"@id":"https:\/\/letrainjaune.fr\/ca\/a-voir-et-a-faire\/agenda\/musicales-du-ticou-4\/#breadcrumb"},"inLanguage":"ca","potentialAction":[{"@type":"ReadAction","target":["https:\/\/letrainjaune.fr\/ca\/a-voir-et-a-faire\/agenda\/musicales-du-ticou-4\/"]}]},{"@type":"BreadcrumbList","@id":"https:\/\/letrainjaune.fr\/ca\/a-voir-et-a-faire\/agenda\/musicales-du-ticou-4\/#breadcrumb","itemListElement":[{"@type":"ListItem","position":1,"name":"Benvinguda","item":"https:\/\/letrainjaune.fr\/ca\/"},{"@type":"ListItem","position":2,"name":"Esdeveniments","item":"https:\/\/letrainjaune.fr\/ca\/per-veure-i-fer\/agenda\/"},{"@type":"ListItem","position":3,"name":"MUSICALES DU TICOU"}]},{"@type":"WebSite","@id":"https:\/\/letrainjaune.fr\/ca\/#website","url":"https:\/\/letrainjaune.fr\/ca\/","name":"Dest\u00ed: El Tren Groc","description":"Dans les Pyr\u00e9n\u00e9es Catalanes, d\u00e9couvrez ce train sur le plus haut chemin de fer d\u2019Europe.","publisher":{"@id":"https:\/\/letrainjaune.fr\/ca\/#organization"},"potentialAction":[{"@type":"SearchAction","target":{"@type":"EntryPoint","urlTemplate":"https:\/\/letrainjaune.fr\/ca\/?s={search_term_string}"},"query-input":{"@type":"PropertyValueSpecification","valueRequired":true,"valueName":"search_term_string"}}],"inLanguage":"ca"},{"@type":"Organization","@id":"https:\/\/letrainjaune.fr\/ca\/#organization","name":"Dest\u00ed: El Tren Groc","url":"https:\/\/letrainjaune.fr\/ca\/","logo":{"@type":"ImageObject","inLanguage":"ca","@id":"https:\/\/letrainjaune.fr\/ca\/#\/schema\/logo\/image\/","url":"https:\/\/letrainjaune.fr\/wp-content\/uploads\/2021\/04\/TJ_logo-TJ-footer.svg","contentUrl":"https:\/\/letrainjaune.fr\/wp-content\/uploads\/2021\/04\/TJ_logo-TJ-footer.svg","width":"1920","height":"9999","caption":"Dest\u00ed: El Tren Groc"},"image":{"@id":"https:\/\/letrainjaune.fr\/ca\/#\/schema\/logo\/image\/"}}]}},"_links":{"self":[{"href":"https:\/\/letrainjaune.fr\/ca\/wp-json\/wp\/v2\/agenda\/17538","targetHints":{"allow":["GET"]}}],"collection":[{"href":"https:\/\/letrainjaune.fr\/ca\/wp-json\/wp\/v2\/agenda"}],"about":[{"href":"https:\/\/letrainjaune.fr\/ca\/wp-json\/wp\/v2\/types\/agenda"}],"wp:attachment":[{"href":"https:\/\/letrainjaune.fr\/ca\/wp-json\/wp\/v2\/media?parent=17538"}],"wp:term":[{"taxonomy":"agenda_category","embeddable":true,"href":"https:\/\/letrainjaune.fr\/ca\/wp-json\/wp\/v2\/agenda_category?post=17538"}],"curies":[{"name":"wp","href":"https:\/\/api.w.org\/{rel}","templated":true}]}}

<p>LES MUSICALES DU TICOU<br />
19h-22h<br />
Etang du Ticou<br />
Gratuit | En famille ou entre amis<br />
Une soirée conviviale dans une ambiance champêtre au bord de l&#8217;eau, concert dès 20h<br />
Buvette et restauration sur place.<br />
Venez profiter d&#8217;un moment festif et authentique dans un cadre d&#8217;exception!</p>

<!-- This site is optimized with the Yoast SEO plugin v25.4 - https://yoast.com/wordpress/plugins/seo/ -->
<title>MUSICALES DU TICOU - Destí: El Tren Groc</title>
<meta name="robots" content="index, follow, max-snippet:-1, max-image-preview:large, max-video-preview:-1" />
<link rel="canonical" href="https://letrainjaune.fr/ca/a-voir-et-a-faire/agenda/musicales-du-ticou-4/" />
<meta property="og:locale" content="ca_ES" />
<meta property="og:type" content="article" />
<meta property="og:title" content="MUSICALES DU TICOU - Destí: El Tren Groc" />
<meta property="og:description" content="LES MUSICALES DU TICOU 19h-22h Etang du Ticou Gratuit | En famille ou entre amis Une soirée conviviale dans une ambiance champêtre au bord de l&#039;eau, concert dès 20h Buvette et restauration sur place. Venez profiter d&#039;un moment festif et authentique dans un cadre d&#039;exception!" />
<meta property="og:url" content="https://letrainjaune.fr/ca/a-voir-et-a-faire/agenda/musicales-du-ticou-4/" />
<meta property="og:site_name" content="Destí: El Tren Groc" />
<meta name="twitter:card" content="summary_large_image" />
<script type="application/ld+json" class="yoast-schema-graph">{"@context":"https://schema.org","@graph":[{"@type":"WebPage","@id":"https://letrainjaune.fr/ca/a-voir-et-a-faire/agenda/musicales-du-ticou-4/","url":"https://letrainjaune.fr/ca/a-voir-et-a-faire/agenda/musicales-du-ticou-4/","name":"MUSICALES DU TICOU - Destí: El Tren Groc","isPartOf":{"@id":"https://letrainjaune.fr/ca/#website"},"datePublished":"2026-04-30T04:45:12+00:00","breadcrumb":{"@id":"https://letrainjaune.fr/ca/a-voir-et-a-faire/agenda/musicales-du-ticou-4/#breadcrumb"},"inLanguage":"ca","potentialAction":[{"@type":"ReadAction","target":["https://letrainjaune.fr/ca/a-voir-et-a-faire/agenda/musicales-du-ticou-4/"]}]},{"@type":"BreadcrumbList","@id":"https://letrainjaune.fr/ca/a-voir-et-a-faire/agenda/musicales-du-ticou-4/#breadcrumb","itemListElement":[{"@type":"ListItem","position":1,"name":"Benvinguda","item":"https://letrainjaune.fr/ca/"},{"@type":"ListItem","position":2,"name":"Esdeveniments","item":"https://letrainjaune.fr/ca/per-veure-i-fer/agenda/"},{"@type":"ListItem","position":3,"name":"MUSICALES DU TICOU"}]},{"@type":"WebSite","@id":"https://letrainjaune.fr/ca/#website","url":"https://letrainjaune.fr/ca/","name":"Destí: El Tren Groc","description":"Dans les Pyrénées Catalanes, découvrez ce train sur le plus haut chemin de fer d’Europe.","publisher":{"@id":"https://letrainjaune.fr/ca/#organization"},"potentialAction":[{"@type":"SearchAction","target":{"@type":"EntryPoint","urlTemplate":"https://letrainjaune.fr/ca/?s={search_term_string}"},"query-input":{"@type":"PropertyValueSpecification","valueRequired":true,"valueName":"search_term_string"}}],"inLanguage":"ca"},{"@type":"Organization","@id":"https://letrainjaune.fr/ca/#organization","name":"Destí: El Tren Groc","url":"https://letrainjaune.fr/ca/","logo":{"@type":"ImageObject","inLanguage":"ca","@id":"https://letrainjaune.fr/ca/#/schema/logo/image/","url":"https://letrainjaune.fr/wp-content/uploads/2021/04/TJ_logo-TJ-footer.svg","contentUrl":"https://letrainjaune.fr/wp-content/uploads/2021/04/TJ_logo-TJ-footer.svg","width":"1920","height":"9999","caption":"Destí: El Tren Groc"},"image":{"@id":"https://letrainjaune.fr/ca/#/schema/logo/image/"}}]}</script>
<!-- / Yoast SEO plugin. -->

MUSICALES DU TICOU - Destí: El Tren Groc

LES MUSICALES DU TICOU 19h-22h Etang du Ticou Gratuit | En famille ou entre amis Une soirée conviviale dans une ambiance champêtre au bord de l'eau, concert dès 20h Buvette et restauration sur place. Venez profiter d'un moment festif et authentique dans un cadre d'exception!

Destí: El Tren Groc

Dans les Pyrénées Catalanes, découvrez ce train sur le plus haut chemin de fer d’Europe.
