{"id":17560,"date":"2026-04-30T06:45:14","date_gmt":"2026-04-30T04:45:14","guid":{"rendered":"https:\/\/letrainjaune.fr\/a-voir-et-a-faire\/agenda\/initiation-a-laquarelle-adulte-8\/"},"modified":"2026-04-30T06:45:14","modified_gmt":"2026-04-30T04:45:14","slug":"initiation-a-laquarelle-adulte-8","status":"publish","type":"agenda","link":"https:\/\/letrainjaune.fr\/ca\/a-voir-et-a-faire\/agenda\/initiation-a-laquarelle-adulte-8\/","title":{"rendered":"INITIATION A L&#8217;AQUARELLE ADULTE"},"content":{"rendered":"<p>INITIATION A L\u2019AQUARELLE ADULTE<br \/>\n10H &#8211; 12H<br \/>\nEtang du Ticou, Bolqu\u00e8re<br \/>\nInformations et inscriptions :  06.34.52.68.07 \/ aquarelledespyrenees@gmail.com<br \/>\nTarifs: 35\u20ac pour 1 atelier | 65\u20ac pour 2 ateliers<br \/>\nD\u00e9couvrez la magie des Pyr\u00e9n\u00e9es \u00e0 travers la peinture avec Aquarelle des Pyr\u00e9n\u00e9es. Explorez et peignez les tr\u00e9sors architecturaux, la richesse de la faune et de la flore, les paysages pittoresques des Pyr\u00e9n\u00e9es dans son ambiance estivale.<br \/>\nAtelier ouvert \u00e0 tous, d\u00e9butants ou confirm\u00e9s.<\/p>\n","protected":false},"excerpt":{"rendered":"<p>INITIATION A L\u2019AQUARELLE ADULTE<br \/>\n10H &#8211; 12H<br \/>\nEtang du Ticou, Bolqu\u00e8re<br \/>\nInformations et inscriptions :  06.34.52.68.07 \/ aquarelledespyrenees@gmail.com<br \/>\nTarifs: 35\u20ac pour 1 atelier | 65\u20ac pour 2 ateliers<br \/>\nD\u00e9couvrez la magie des Pyr\u00e9n\u00e9es \u00e0 travers la peinture avec Aquarelle des Pyr\u00e9n\u00e9es. Explorez et peignez les tr\u00e9sors architecturaux, la richesse de la faune et de la flore, les paysages pittoresques des Pyr\u00e9n\u00e9es dans son ambiance estivale.<br \/>\nAtelier ouvert \u00e0 tous, d\u00e9butants ou confirm\u00e9s.<\/p>\n","protected":false},"featured_media":0,"template":"","agenda_category":[],"class_list":["post-17560","agenda","type-agenda","status-publish","hentry"],"acf":[],"yoast_head":"<!-- This site is optimized with the Yoast SEO plugin v25.4 - https:\/\/yoast.com\/wordpress\/plugins\/seo\/ -->\n<title>INITIATION A L&#039;AQUARELLE ADULTE - Dest\u00ed: El Tren Groc<\/title>\n<meta name=\"robots\" content=\"index, follow, max-snippet:-1, max-image-preview:large, max-video-preview:-1\" \/>\n<link rel=\"canonical\" href=\"https:\/\/letrainjaune.fr\/ca\/a-voir-et-a-faire\/agenda\/initiation-a-laquarelle-adulte-8\/\" \/>\n<meta property=\"og:locale\" content=\"ca_ES\" \/>\n<meta property=\"og:type\" content=\"article\" \/>\n<meta property=\"og:title\" content=\"INITIATION A L&#039;AQUARELLE ADULTE - Dest\u00ed: El Tren Groc\" \/>\n<meta property=\"og:description\" content=\"INITIATION A L\u2019AQUARELLE ADULTE 10H - 12H Etang du Ticou, Bolqu\u00e8re Informations et inscriptions : 06.34.52.68.07 \/ aquarelledespyrenees@gmail.com Tarifs: 35\u20ac pour 1 atelier | 65\u20ac pour 2 ateliers D\u00e9couvrez la magie des Pyr\u00e9n\u00e9es \u00e0 travers la peinture avec Aquarelle des Pyr\u00e9n\u00e9es. Explorez et peignez les tr\u00e9sors architecturaux, la richesse de la faune et de la flore, les paysages pittoresques des Pyr\u00e9n\u00e9es dans son ambiance estivale. Atelier ouvert \u00e0 tous, d\u00e9butants ou confirm\u00e9s.\" \/>\n<meta property=\"og:url\" content=\"https:\/\/letrainjaune.fr\/ca\/a-voir-et-a-faire\/agenda\/initiation-a-laquarelle-adulte-8\/\" \/>\n<meta property=\"og:site_name\" content=\"Dest\u00ed: El Tren Groc\" \/>\n<meta name=\"twitter:card\" content=\"summary_large_image\" \/>\n<script type=\"application\/ld+json\" class=\"yoast-schema-graph\">{\"@context\":\"https:\/\/schema.org\",\"@graph\":[{\"@type\":\"WebPage\",\"@id\":\"https:\/\/letrainjaune.fr\/ca\/a-voir-et-a-faire\/agenda\/initiation-a-laquarelle-adulte-8\/\",\"url\":\"https:\/\/letrainjaune.fr\/ca\/a-voir-et-a-faire\/agenda\/initiation-a-laquarelle-adulte-8\/\",\"name\":\"INITIATION A L'AQUARELLE ADULTE - Dest\u00ed: El Tren Groc\",\"isPartOf\":{\"@id\":\"https:\/\/letrainjaune.fr\/ca\/#website\"},\"datePublished\":\"2026-04-30T04:45:14+00:00\",\"breadcrumb\":{\"@id\":\"https:\/\/letrainjaune.fr\/ca\/a-voir-et-a-faire\/agenda\/initiation-a-laquarelle-adulte-8\/#breadcrumb\"},\"inLanguage\":\"ca\",\"potentialAction\":[{\"@type\":\"ReadAction\",\"target\":[\"https:\/\/letrainjaune.fr\/ca\/a-voir-et-a-faire\/agenda\/initiation-a-laquarelle-adulte-8\/\"]}]},{\"@type\":\"BreadcrumbList\",\"@id\":\"https:\/\/letrainjaune.fr\/ca\/a-voir-et-a-faire\/agenda\/initiation-a-laquarelle-adulte-8\/#breadcrumb\",\"itemListElement\":[{\"@type\":\"ListItem\",\"position\":1,\"name\":\"Benvinguda\",\"item\":\"https:\/\/letrainjaune.fr\/ca\/\"},{\"@type\":\"ListItem\",\"position\":2,\"name\":\"Esdeveniments\",\"item\":\"https:\/\/letrainjaune.fr\/ca\/per-veure-i-fer\/agenda\/\"},{\"@type\":\"ListItem\",\"position\":3,\"name\":\"INITIATION A L&rsquo;AQUARELLE ADULTE\"}]},{\"@type\":\"WebSite\",\"@id\":\"https:\/\/letrainjaune.fr\/ca\/#website\",\"url\":\"https:\/\/letrainjaune.fr\/ca\/\",\"name\":\"Dest\u00ed: El Tren Groc\",\"description\":\"Dans les Pyr\u00e9n\u00e9es Catalanes, d\u00e9couvrez ce train sur le plus haut chemin de fer d\u2019Europe.\",\"publisher\":{\"@id\":\"https:\/\/letrainjaune.fr\/ca\/#organization\"},\"potentialAction\":[{\"@type\":\"SearchAction\",\"target\":{\"@type\":\"EntryPoint\",\"urlTemplate\":\"https:\/\/letrainjaune.fr\/ca\/?s={search_term_string}\"},\"query-input\":{\"@type\":\"PropertyValueSpecification\",\"valueRequired\":true,\"valueName\":\"search_term_string\"}}],\"inLanguage\":\"ca\"},{\"@type\":\"Organization\",\"@id\":\"https:\/\/letrainjaune.fr\/ca\/#organization\",\"name\":\"Dest\u00ed: El Tren Groc\",\"url\":\"https:\/\/letrainjaune.fr\/ca\/\",\"logo\":{\"@type\":\"ImageObject\",\"inLanguage\":\"ca\",\"@id\":\"https:\/\/letrainjaune.fr\/ca\/#\/schema\/logo\/image\/\",\"url\":\"https:\/\/letrainjaune.fr\/wp-content\/uploads\/2021\/04\/TJ_logo-TJ-footer.svg\",\"contentUrl\":\"https:\/\/letrainjaune.fr\/wp-content\/uploads\/2021\/04\/TJ_logo-TJ-footer.svg\",\"width\":\"1920\",\"height\":\"9999\",\"caption\":\"Dest\u00ed: El Tren Groc\"},\"image\":{\"@id\":\"https:\/\/letrainjaune.fr\/ca\/#\/schema\/logo\/image\/\"}}]}<\/script>\n<!-- \/ Yoast SEO plugin. -->","yoast_head_json":{"title":"INITIATION A L'AQUARELLE ADULTE - Dest\u00ed: El Tren Groc","robots":{"index":"index","follow":"follow","max-snippet":"max-snippet:-1","max-image-preview":"max-image-preview:large","max-video-preview":"max-video-preview:-1"},"canonical":"https:\/\/letrainjaune.fr\/ca\/a-voir-et-a-faire\/agenda\/initiation-a-laquarelle-adulte-8\/","og_locale":"ca_ES","og_type":"article","og_title":"INITIATION A L'AQUARELLE ADULTE - Dest\u00ed: El Tren Groc","og_description":"INITIATION A L\u2019AQUARELLE ADULTE 10H - 12H Etang du Ticou, Bolqu\u00e8re Informations et inscriptions : 06.34.52.68.07 \/ aquarelledespyrenees@gmail.com Tarifs: 35\u20ac pour 1 atelier | 65\u20ac pour 2 ateliers D\u00e9couvrez la magie des Pyr\u00e9n\u00e9es \u00e0 travers la peinture avec Aquarelle des Pyr\u00e9n\u00e9es. Explorez et peignez les tr\u00e9sors architecturaux, la richesse de la faune et de la flore, les paysages pittoresques des Pyr\u00e9n\u00e9es dans son ambiance estivale. Atelier ouvert \u00e0 tous, d\u00e9butants ou confirm\u00e9s.","og_url":"https:\/\/letrainjaune.fr\/ca\/a-voir-et-a-faire\/agenda\/initiation-a-laquarelle-adulte-8\/","og_site_name":"Dest\u00ed: El Tren Groc","twitter_card":"summary_large_image","schema":{"@context":"https:\/\/schema.org","@graph":[{"@type":"WebPage","@id":"https:\/\/letrainjaune.fr\/ca\/a-voir-et-a-faire\/agenda\/initiation-a-laquarelle-adulte-8\/","url":"https:\/\/letrainjaune.fr\/ca\/a-voir-et-a-faire\/agenda\/initiation-a-laquarelle-adulte-8\/","name":"INITIATION A L'AQUARELLE ADULTE - Dest\u00ed: El Tren Groc","isPartOf":{"@id":"https:\/\/letrainjaune.fr\/ca\/#website"},"datePublished":"2026-04-30T04:45:14+00:00","breadcrumb":{"@id":"https:\/\/letrainjaune.fr\/ca\/a-voir-et-a-faire\/agenda\/initiation-a-laquarelle-adulte-8\/#breadcrumb"},"inLanguage":"ca","potentialAction":[{"@type":"ReadAction","target":["https:\/\/letrainjaune.fr\/ca\/a-voir-et-a-faire\/agenda\/initiation-a-laquarelle-adulte-8\/"]}]},{"@type":"BreadcrumbList","@id":"https:\/\/letrainjaune.fr\/ca\/a-voir-et-a-faire\/agenda\/initiation-a-laquarelle-adulte-8\/#breadcrumb","itemListElement":[{"@type":"ListItem","position":1,"name":"Benvinguda","item":"https:\/\/letrainjaune.fr\/ca\/"},{"@type":"ListItem","position":2,"name":"Esdeveniments","item":"https:\/\/letrainjaune.fr\/ca\/per-veure-i-fer\/agenda\/"},{"@type":"ListItem","position":3,"name":"INITIATION A L&rsquo;AQUARELLE ADULTE"}]},{"@type":"WebSite","@id":"https:\/\/letrainjaune.fr\/ca\/#website","url":"https:\/\/letrainjaune.fr\/ca\/","name":"Dest\u00ed: El Tren Groc","description":"Dans les Pyr\u00e9n\u00e9es Catalanes, d\u00e9couvrez ce train sur le plus haut chemin de fer d\u2019Europe.","publisher":{"@id":"https:\/\/letrainjaune.fr\/ca\/#organization"},"potentialAction":[{"@type":"SearchAction","target":{"@type":"EntryPoint","urlTemplate":"https:\/\/letrainjaune.fr\/ca\/?s={search_term_string}"},"query-input":{"@type":"PropertyValueSpecification","valueRequired":true,"valueName":"search_term_string"}}],"inLanguage":"ca"},{"@type":"Organization","@id":"https:\/\/letrainjaune.fr\/ca\/#organization","name":"Dest\u00ed: El Tren Groc","url":"https:\/\/letrainjaune.fr\/ca\/","logo":{"@type":"ImageObject","inLanguage":"ca","@id":"https:\/\/letrainjaune.fr\/ca\/#\/schema\/logo\/image\/","url":"https:\/\/letrainjaune.fr\/wp-content\/uploads\/2021\/04\/TJ_logo-TJ-footer.svg","contentUrl":"https:\/\/letrainjaune.fr\/wp-content\/uploads\/2021\/04\/TJ_logo-TJ-footer.svg","width":"1920","height":"9999","caption":"Dest\u00ed: El Tren Groc"},"image":{"@id":"https:\/\/letrainjaune.fr\/ca\/#\/schema\/logo\/image\/"}}]}},"_links":{"self":[{"href":"https:\/\/letrainjaune.fr\/ca\/wp-json\/wp\/v2\/agenda\/17560","targetHints":{"allow":["GET"]}}],"collection":[{"href":"https:\/\/letrainjaune.fr\/ca\/wp-json\/wp\/v2\/agenda"}],"about":[{"href":"https:\/\/letrainjaune.fr\/ca\/wp-json\/wp\/v2\/types\/agenda"}],"wp:attachment":[{"href":"https:\/\/letrainjaune.fr\/ca\/wp-json\/wp\/v2\/media?parent=17560"}],"wp:term":[{"taxonomy":"agenda_category","embeddable":true,"href":"https:\/\/letrainjaune.fr\/ca\/wp-json\/wp\/v2\/agenda_category?post=17560"}],"curies":[{"name":"wp","href":"https:\/\/api.w.org\/{rel}","templated":true}]}}

<p>INITIATION A L’AQUARELLE ADULTE<br />
10H &#8211; 12H<br />
Etang du Ticou, Bolquère<br />
Informations et inscriptions :  06.34.52.68.07 / aquarelledespyrenees@gmail.com<br />
Tarifs: 35€ pour 1 atelier | 65€ pour 2 ateliers<br />
Découvrez la magie des Pyrénées à travers la peinture avec Aquarelle des Pyrénées. Explorez et peignez les trésors architecturaux, la richesse de la faune et de la flore, les paysages pittoresques des Pyrénées dans son ambiance estivale.<br />
Atelier ouvert à tous, débutants ou confirmés.</p>

<!-- This site is optimized with the Yoast SEO plugin v25.4 - https://yoast.com/wordpress/plugins/seo/ -->
<title>INITIATION A L&#039;AQUARELLE ADULTE - Destí: El Tren Groc</title>
<meta name="robots" content="index, follow, max-snippet:-1, max-image-preview:large, max-video-preview:-1" />
<link rel="canonical" href="https://letrainjaune.fr/ca/a-voir-et-a-faire/agenda/initiation-a-laquarelle-adulte-8/" />
<meta property="og:locale" content="ca_ES" />
<meta property="og:type" content="article" />
<meta property="og:title" content="INITIATION A L&#039;AQUARELLE ADULTE - Destí: El Tren Groc" />
<meta property="og:description" content="INITIATION A L’AQUARELLE ADULTE 10H - 12H Etang du Ticou, Bolquère Informations et inscriptions : 06.34.52.68.07 / aquarelledespyrenees@gmail.com Tarifs: 35€ pour 1 atelier | 65€ pour 2 ateliers Découvrez la magie des Pyrénées à travers la peinture avec Aquarelle des Pyrénées. Explorez et peignez les trésors architecturaux, la richesse de la faune et de la flore, les paysages pittoresques des Pyrénées dans son ambiance estivale. Atelier ouvert à tous, débutants ou confirmés." />
<meta property="og:url" content="https://letrainjaune.fr/ca/a-voir-et-a-faire/agenda/initiation-a-laquarelle-adulte-8/" />
<meta property="og:site_name" content="Destí: El Tren Groc" />
<meta name="twitter:card" content="summary_large_image" />
<script type="application/ld+json" class="yoast-schema-graph">{"@context":"https://schema.org","@graph":[{"@type":"WebPage","@id":"https://letrainjaune.fr/ca/a-voir-et-a-faire/agenda/initiation-a-laquarelle-adulte-8/","url":"https://letrainjaune.fr/ca/a-voir-et-a-faire/agenda/initiation-a-laquarelle-adulte-8/","name":"INITIATION A L'AQUARELLE ADULTE - Destí: El Tren Groc","isPartOf":{"@id":"https://letrainjaune.fr/ca/#website"},"datePublished":"2026-04-30T04:45:14+00:00","breadcrumb":{"@id":"https://letrainjaune.fr/ca/a-voir-et-a-faire/agenda/initiation-a-laquarelle-adulte-8/#breadcrumb"},"inLanguage":"ca","potentialAction":[{"@type":"ReadAction","target":["https://letrainjaune.fr/ca/a-voir-et-a-faire/agenda/initiation-a-laquarelle-adulte-8/"]}]},{"@type":"BreadcrumbList","@id":"https://letrainjaune.fr/ca/a-voir-et-a-faire/agenda/initiation-a-laquarelle-adulte-8/#breadcrumb","itemListElement":[{"@type":"ListItem","position":1,"name":"Benvinguda","item":"https://letrainjaune.fr/ca/"},{"@type":"ListItem","position":2,"name":"Esdeveniments","item":"https://letrainjaune.fr/ca/per-veure-i-fer/agenda/"},{"@type":"ListItem","position":3,"name":"INITIATION A L&rsquo;AQUARELLE ADULTE"}]},{"@type":"WebSite","@id":"https://letrainjaune.fr/ca/#website","url":"https://letrainjaune.fr/ca/","name":"Destí: El Tren Groc","description":"Dans les Pyrénées Catalanes, découvrez ce train sur le plus haut chemin de fer d’Europe.","publisher":{"@id":"https://letrainjaune.fr/ca/#organization"},"potentialAction":[{"@type":"SearchAction","target":{"@type":"EntryPoint","urlTemplate":"https://letrainjaune.fr/ca/?s={search_term_string}"},"query-input":{"@type":"PropertyValueSpecification","valueRequired":true,"valueName":"search_term_string"}}],"inLanguage":"ca"},{"@type":"Organization","@id":"https://letrainjaune.fr/ca/#organization","name":"Destí: El Tren Groc","url":"https://letrainjaune.fr/ca/","logo":{"@type":"ImageObject","inLanguage":"ca","@id":"https://letrainjaune.fr/ca/#/schema/logo/image/","url":"https://letrainjaune.fr/wp-content/uploads/2021/04/TJ_logo-TJ-footer.svg","contentUrl":"https://letrainjaune.fr/wp-content/uploads/2021/04/TJ_logo-TJ-footer.svg","width":"1920","height":"9999","caption":"Destí: El Tren Groc"},"image":{"@id":"https://letrainjaune.fr/ca/#/schema/logo/image/"}}]}</script>
<!-- / Yoast SEO plugin. -->

INITIATION A L'AQUARELLE ADULTE - Destí: El Tren Groc

INITIATION A L’AQUARELLE ADULTE 10H - 12H Etang du Ticou, Bolquère Informations et inscriptions : 06.34.52.68.07 / aquarelledespyrenees@gmail.com Tarifs: 35€ pour 1 atelier | 65€ pour 2 ateliers Découvrez la magie des Pyrénées à travers la peinture avec Aquarelle des Pyrénées. Explorez et peignez les trésors architecturaux, la richesse de la faune et de la flore, les paysages pittoresques des Pyrénées dans son ambiance estivale. Atelier ouvert à tous, débutants ou confirmés.

Destí: El Tren Groc

Dans les Pyrénées Catalanes, découvrez ce train sur le plus haut chemin de fer d’Europe.
