{"id":18454,"date":"2026-09-01T06:45:11","date_gmt":"2026-09-01T04:45:11","guid":{"rendered":"https:\/\/letrainjaune.fr\/a-voir-et-a-faire\/agenda\/la-fete-du-parc\/"},"modified":"2026-09-02T06:45:34","modified_gmt":"2026-09-02T04:45:34","slug":"la-fete-du-parc","status":"publish","type":"agenda","link":"https:\/\/letrainjaune.fr\/ca\/per-veure-i-fer\/agenda\/la-fete-du-parc\/","title":{"rendered":"LA FETE DU PARC"},"content":{"rendered":"<p>Le Parc naturel r\u00e9gional des Pyr\u00e9n\u00e9es catalanes vous donne rendez-vous le dimanche 27 septembre \u00e0 la Maison du Parc, \u00e0 La Bastide \u2013 Olette, pour la 4e \u00e9dition de la F\u00eate du Parc ! De 10h \u00e0 18h, profitez d\u2019une journ\u00e9e festive et conviviale autour de la nature, des savoir-faire et de la culture locale. Au programme : stands de partenaires et de producteurs locaux, ateliers, jeux en bois, man\u00e8ge, exposition, spectacle jeune public, conf\u00e9rences, d\u00e9monstrations de chiens de berger et musique avec La Grande Fanfare et le concert de Cornelius, en partenariat avec le festival Jazz\u00e8bre. Il est \u00e9galement possible de rejoindre la f\u00eate en train et en Train Jaune depuis Villefranche-de-Conflent. Entr\u00e9e gratuite.<\/p>\n","protected":false},"excerpt":{"rendered":"<p>Le Parc naturel r\u00e9gional des Pyr\u00e9n\u00e9es catalanes vous donne rendez-vous le dimanche 27 septembre \u00e0 la Maison du Parc, \u00e0 La Bastide \u2013 Olette, pour la 4e \u00e9dition de la F\u00eate du Parc ! De 10h \u00e0 18h, profitez d\u2019une journ\u00e9e festive et conviviale autour de la nature, des savoir-faire et de la culture locale. Au programme : stands de partenaires et de producteurs locaux, ateliers, jeux en bois, man\u00e8ge, exposition, spectacle jeune public, conf\u00e9rences, d\u00e9monstrations de chiens de berger et musique avec La Grande Fanfare et le concert de Cornelius, en partenariat avec le festival Jazz\u00e8bre. Il est \u00e9galement possible de rejoindre la f\u00eate en train et en Train Jaune depuis Villefranche-de-Conflent. Entr\u00e9e gratuite.<\/p>\n","protected":false},"featured_media":0,"template":"","agenda_category":[50,78,51],"class_list":["post-18454","agenda","type-agenda","status-publish","hentry","agenda_category-debats-conferences","agenda_category-expositions-visites","agenda_category-marches-vides-greniers"],"acf":[],"yoast_head":"<!-- This site is optimized with the Yoast SEO plugin v27.8 - https:\/\/yoast.com\/product\/yoast-seo-wordpress\/ -->\n<title>LA FETE DU PARC - Dest\u00ed: El Tren Groc<\/title>\n<meta name=\"robots\" content=\"index, follow, max-snippet:-1, max-image-preview:large, max-video-preview:-1\" \/>\n<link rel=\"canonical\" href=\"https:\/\/letrainjaune.fr\/ca\/per-veure-i-fer\/agenda\/la-fete-du-parc\/\" \/>\n<meta property=\"og:locale\" content=\"ca_ES\" \/>\n<meta property=\"og:type\" content=\"article\" \/>\n<meta property=\"og:title\" content=\"LA FETE DU PARC - Dest\u00ed: El Tren Groc\" \/>\n<meta property=\"og:description\" content=\"Le Parc naturel r\u00e9gional des Pyr\u00e9n\u00e9es catalanes vous donne rendez-vous le dimanche 27 septembre \u00e0 la Maison du Parc, \u00e0 La Bastide \u2013 Olette, pour la 4e \u00e9dition de la F\u00eate du Parc ! De 10h \u00e0 18h, profitez d\u2019une journ\u00e9e festive et conviviale autour de la nature, des savoir-faire et de la culture locale. Au programme : stands de partenaires et de producteurs locaux, ateliers, jeux en bois, man\u00e8ge, exposition, spectacle jeune public, conf\u00e9rences, d\u00e9monstrations de chiens de berger et musique avec La Grande Fanfare et le concert de Cornelius, en partenariat avec le festival Jazz\u00e8bre. Il est \u00e9galement possible de rejoindre la f\u00eate en train et en Train Jaune depuis Villefranche-de-Conflent. Entr\u00e9e gratuite.\" \/>\n<meta property=\"og:url\" content=\"https:\/\/letrainjaune.fr\/ca\/per-veure-i-fer\/agenda\/la-fete-du-parc\/\" \/>\n<meta property=\"og:site_name\" content=\"Dest\u00ed: El Tren Groc\" \/>\n<meta property=\"article:modified_time\" content=\"2026-09-02T04:45:34+00:00\" \/>\n<meta name=\"twitter:card\" content=\"summary_large_image\" \/>\n<meta name=\"twitter:label1\" content=\"Temps estimat de lectura\" \/>\n\t<meta name=\"twitter:data1\" content=\"1 minut\" \/>\n<script type=\"application\/ld+json\" class=\"yoast-schema-graph\">{\"@context\":\"https:\\\/\\\/schema.org\",\"@graph\":[{\"@type\":\"WebPage\",\"@id\":\"https:\\\/\\\/letrainjaune.fr\\\/ca\\\/per-veure-i-fer\\\/agenda\\\/la-fete-du-parc\\\/\",\"url\":\"https:\\\/\\\/letrainjaune.fr\\\/ca\\\/per-veure-i-fer\\\/agenda\\\/la-fete-du-parc\\\/\",\"name\":\"LA FETE DU PARC - Dest\u00ed: El Tren Groc\",\"isPartOf\":{\"@id\":\"https:\\\/\\\/letrainjaune.fr\\\/ca\\\/#website\"},\"datePublished\":\"2026-09-01T04:45:11+00:00\",\"dateModified\":\"2026-09-02T04:45:34+00:00\",\"breadcrumb\":{\"@id\":\"https:\\\/\\\/letrainjaune.fr\\\/ca\\\/per-veure-i-fer\\\/agenda\\\/la-fete-du-parc\\\/#breadcrumb\"},\"inLanguage\":\"ca\",\"potentialAction\":[{\"@type\":\"ReadAction\",\"target\":[\"https:\\\/\\\/letrainjaune.fr\\\/ca\\\/per-veure-i-fer\\\/agenda\\\/la-fete-du-parc\\\/\"]}]},{\"@type\":\"BreadcrumbList\",\"@id\":\"https:\\\/\\\/letrainjaune.fr\\\/ca\\\/per-veure-i-fer\\\/agenda\\\/la-fete-du-parc\\\/#breadcrumb\",\"itemListElement\":[{\"@type\":\"ListItem\",\"position\":1,\"name\":\"Benvinguda\",\"item\":\"https:\\\/\\\/letrainjaune.fr\\\/ca\\\/\"},{\"@type\":\"ListItem\",\"position\":2,\"name\":\"Esdeveniments\",\"item\":\"https:\\\/\\\/letrainjaune.fr\\\/ca\\\/per-veure-i-fer\\\/agenda\\\/\"},{\"@type\":\"ListItem\",\"position\":3,\"name\":\"LA FETE DU PARC\"}]},{\"@type\":\"WebSite\",\"@id\":\"https:\\\/\\\/letrainjaune.fr\\\/ca\\\/#website\",\"url\":\"https:\\\/\\\/letrainjaune.fr\\\/ca\\\/\",\"name\":\"Dest\u00ed: El Tren Groc\",\"description\":\"Dans les Pyr\u00e9n\u00e9es Catalanes, d\u00e9couvrez ce train sur le plus haut chemin de fer d\u2019Europe.\",\"publisher\":{\"@id\":\"https:\\\/\\\/letrainjaune.fr\\\/ca\\\/#organization\"},\"potentialAction\":[{\"@type\":\"SearchAction\",\"target\":{\"@type\":\"EntryPoint\",\"urlTemplate\":\"https:\\\/\\\/letrainjaune.fr\\\/ca\\\/?s={search_term_string}\"},\"query-input\":{\"@type\":\"PropertyValueSpecification\",\"valueRequired\":true,\"valueName\":\"search_term_string\"}}],\"inLanguage\":\"ca\"},{\"@type\":\"Organization\",\"@id\":\"https:\\\/\\\/letrainjaune.fr\\\/ca\\\/#organization\",\"name\":\"Dest\u00ed: El Tren Groc\",\"url\":\"https:\\\/\\\/letrainjaune.fr\\\/ca\\\/\",\"logo\":{\"@type\":\"ImageObject\",\"inLanguage\":\"ca\",\"@id\":\"https:\\\/\\\/letrainjaune.fr\\\/ca\\\/#\\\/schema\\\/logo\\\/image\\\/\",\"url\":\"https:\\\/\\\/letrainjaune.fr\\\/wp-content\\\/uploads\\\/2021\\\/04\\\/TJ_logo-TJ-footer.svg\",\"contentUrl\":\"https:\\\/\\\/letrainjaune.fr\\\/wp-content\\\/uploads\\\/2021\\\/04\\\/TJ_logo-TJ-footer.svg\",\"width\":\"1920\",\"height\":\"9999\",\"caption\":\"Dest\u00ed: El Tren Groc\"},\"image\":{\"@id\":\"https:\\\/\\\/letrainjaune.fr\\\/ca\\\/#\\\/schema\\\/logo\\\/image\\\/\"}}]}<\/script>\n<!-- \/ Yoast SEO plugin. -->","yoast_head_json":{"title":"LA FETE DU PARC - Dest\u00ed: El Tren Groc","robots":{"index":"index","follow":"follow","max-snippet":"max-snippet:-1","max-image-preview":"max-image-preview:large","max-video-preview":"max-video-preview:-1"},"canonical":"https:\/\/letrainjaune.fr\/ca\/per-veure-i-fer\/agenda\/la-fete-du-parc\/","og_locale":"ca_ES","og_type":"article","og_title":"LA FETE DU PARC - Dest\u00ed: El Tren Groc","og_description":"Le Parc naturel r\u00e9gional des Pyr\u00e9n\u00e9es catalanes vous donne rendez-vous le dimanche 27 septembre \u00e0 la Maison du Parc, \u00e0 La Bastide \u2013 Olette, pour la 4e \u00e9dition de la F\u00eate du Parc ! De 10h \u00e0 18h, profitez d\u2019une journ\u00e9e festive et conviviale autour de la nature, des savoir-faire et de la culture locale. Au programme : stands de partenaires et de producteurs locaux, ateliers, jeux en bois, man\u00e8ge, exposition, spectacle jeune public, conf\u00e9rences, d\u00e9monstrations de chiens de berger et musique avec La Grande Fanfare et le concert de Cornelius, en partenariat avec le festival Jazz\u00e8bre. Il est \u00e9galement possible de rejoindre la f\u00eate en train et en Train Jaune depuis Villefranche-de-Conflent. Entr\u00e9e gratuite.","og_url":"https:\/\/letrainjaune.fr\/ca\/per-veure-i-fer\/agenda\/la-fete-du-parc\/","og_site_name":"Dest\u00ed: El Tren Groc","article_modified_time":"2026-09-02T04:45:34+00:00","twitter_card":"summary_large_image","twitter_misc":{"Temps estimat de lectura":"1 minut"},"schema":{"@context":"https:\/\/schema.org","@graph":[{"@type":"WebPage","@id":"https:\/\/letrainjaune.fr\/ca\/per-veure-i-fer\/agenda\/la-fete-du-parc\/","url":"https:\/\/letrainjaune.fr\/ca\/per-veure-i-fer\/agenda\/la-fete-du-parc\/","name":"LA FETE DU PARC - Dest\u00ed: El Tren Groc","isPartOf":{"@id":"https:\/\/letrainjaune.fr\/ca\/#website"},"datePublished":"2026-09-01T04:45:11+00:00","dateModified":"2026-09-02T04:45:34+00:00","breadcrumb":{"@id":"https:\/\/letrainjaune.fr\/ca\/per-veure-i-fer\/agenda\/la-fete-du-parc\/#breadcrumb"},"inLanguage":"ca","potentialAction":[{"@type":"ReadAction","target":["https:\/\/letrainjaune.fr\/ca\/per-veure-i-fer\/agenda\/la-fete-du-parc\/"]}]},{"@type":"BreadcrumbList","@id":"https:\/\/letrainjaune.fr\/ca\/per-veure-i-fer\/agenda\/la-fete-du-parc\/#breadcrumb","itemListElement":[{"@type":"ListItem","position":1,"name":"Benvinguda","item":"https:\/\/letrainjaune.fr\/ca\/"},{"@type":"ListItem","position":2,"name":"Esdeveniments","item":"https:\/\/letrainjaune.fr\/ca\/per-veure-i-fer\/agenda\/"},{"@type":"ListItem","position":3,"name":"LA FETE DU PARC"}]},{"@type":"WebSite","@id":"https:\/\/letrainjaune.fr\/ca\/#website","url":"https:\/\/letrainjaune.fr\/ca\/","name":"Dest\u00ed: El Tren Groc","description":"Dans les Pyr\u00e9n\u00e9es Catalanes, d\u00e9couvrez ce train sur le plus haut chemin de fer d\u2019Europe.","publisher":{"@id":"https:\/\/letrainjaune.fr\/ca\/#organization"},"potentialAction":[{"@type":"SearchAction","target":{"@type":"EntryPoint","urlTemplate":"https:\/\/letrainjaune.fr\/ca\/?s={search_term_string}"},"query-input":{"@type":"PropertyValueSpecification","valueRequired":true,"valueName":"search_term_string"}}],"inLanguage":"ca"},{"@type":"Organization","@id":"https:\/\/letrainjaune.fr\/ca\/#organization","name":"Dest\u00ed: El Tren Groc","url":"https:\/\/letrainjaune.fr\/ca\/","logo":{"@type":"ImageObject","inLanguage":"ca","@id":"https:\/\/letrainjaune.fr\/ca\/#\/schema\/logo\/image\/","url":"https:\/\/letrainjaune.fr\/wp-content\/uploads\/2021\/04\/TJ_logo-TJ-footer.svg","contentUrl":"https:\/\/letrainjaune.fr\/wp-content\/uploads\/2021\/04\/TJ_logo-TJ-footer.svg","width":"1920","height":"9999","caption":"Dest\u00ed: El Tren Groc"},"image":{"@id":"https:\/\/letrainjaune.fr\/ca\/#\/schema\/logo\/image\/"}}]}},"_links":{"self":[{"href":"https:\/\/letrainjaune.fr\/ca\/wp-json\/wp\/v2\/agenda\/18454","targetHints":{"allow":["GET"]}}],"collection":[{"href":"https:\/\/letrainjaune.fr\/ca\/wp-json\/wp\/v2\/agenda"}],"about":[{"href":"https:\/\/letrainjaune.fr\/ca\/wp-json\/wp\/v2\/types\/agenda"}],"wp:attachment":[{"href":"https:\/\/letrainjaune.fr\/ca\/wp-json\/wp\/v2\/media?parent=18454"}],"wp:term":[{"taxonomy":"agenda_category","embeddable":true,"href":"https:\/\/letrainjaune.fr\/ca\/wp-json\/wp\/v2\/agenda_category?post=18454"}],"curies":[{"name":"wp","href":"https:\/\/api.w.org\/{rel}","templated":true}]}}

<p>Le Parc naturel régional des Pyrénées catalanes vous donne rendez-vous le dimanche 27 septembre à la Maison du Parc, à La Bastide – Olette, pour la 4e édition de la Fête du Parc ! De 10h à 18h, profitez d’une journée festive et conviviale autour de la nature, des savoir-faire et de la culture locale. Au programme : stands de partenaires et de producteurs locaux, ateliers, jeux en bois, manège, exposition, spectacle jeune public, conférences, démonstrations de chiens de berger et musique avec La Grande Fanfare et le concert de Cornelius, en partenariat avec le festival Jazzèbre. Il est également possible de rejoindre la fête en train et en Train Jaune depuis Villefranche-de-Conflent. Entrée gratuite.</p>

<!-- This site is optimized with the Yoast SEO plugin v27.8 - https://yoast.com/product/yoast-seo-wordpress/ -->
<title>LA FETE DU PARC - Destí: El Tren Groc</title>
<meta name="robots" content="index, follow, max-snippet:-1, max-image-preview:large, max-video-preview:-1" />
<link rel="canonical" href="https://letrainjaune.fr/ca/per-veure-i-fer/agenda/la-fete-du-parc/" />
<meta property="og:locale" content="ca_ES" />
<meta property="og:type" content="article" />
<meta property="og:title" content="LA FETE DU PARC - Destí: El Tren Groc" />
<meta property="og:description" content="Le Parc naturel régional des Pyrénées catalanes vous donne rendez-vous le dimanche 27 septembre à la Maison du Parc, à La Bastide – Olette, pour la 4e édition de la Fête du Parc ! De 10h à 18h, profitez d’une journée festive et conviviale autour de la nature, des savoir-faire et de la culture locale. Au programme : stands de partenaires et de producteurs locaux, ateliers, jeux en bois, manège, exposition, spectacle jeune public, conférences, démonstrations de chiens de berger et musique avec La Grande Fanfare et le concert de Cornelius, en partenariat avec le festival Jazzèbre. Il est également possible de rejoindre la fête en train et en Train Jaune depuis Villefranche-de-Conflent. Entrée gratuite." />
<meta property="og:url" content="https://letrainjaune.fr/ca/per-veure-i-fer/agenda/la-fete-du-parc/" />
<meta property="og:site_name" content="Destí: El Tren Groc" />
<meta property="article:modified_time" content="2026-09-02T04:45:34+00:00" />
<meta name="twitter:card" content="summary_large_image" />
<meta name="twitter:label1" content="Temps estimat de lectura" />
	<meta name="twitter:data1" content="1 minut" />
<script type="application/ld+json" class="yoast-schema-graph">{"@context":"https:\/\/schema.org","@graph":[{"@type":"WebPage","@id":"https:\/\/letrainjaune.fr\/ca\/per-veure-i-fer\/agenda\/la-fete-du-parc\/","url":"https:\/\/letrainjaune.fr\/ca\/per-veure-i-fer\/agenda\/la-fete-du-parc\/","name":"LA FETE DU PARC - Destí: El Tren Groc","isPartOf":{"@id":"https:\/\/letrainjaune.fr\/ca\/#website"},"datePublished":"2026-09-01T04:45:11+00:00","dateModified":"2026-09-02T04:45:34+00:00","breadcrumb":{"@id":"https:\/\/letrainjaune.fr\/ca\/per-veure-i-fer\/agenda\/la-fete-du-parc\/#breadcrumb"},"inLanguage":"ca","potentialAction":[{"@type":"ReadAction","target":["https:\/\/letrainjaune.fr\/ca\/per-veure-i-fer\/agenda\/la-fete-du-parc\/"]}]},{"@type":"BreadcrumbList","@id":"https:\/\/letrainjaune.fr\/ca\/per-veure-i-fer\/agenda\/la-fete-du-parc\/#breadcrumb","itemListElement":[{"@type":"ListItem","position":1,"name":"Benvinguda","item":"https:\/\/letrainjaune.fr\/ca\/"},{"@type":"ListItem","position":2,"name":"Esdeveniments","item":"https:\/\/letrainjaune.fr\/ca\/per-veure-i-fer\/agenda\/"},{"@type":"ListItem","position":3,"name":"LA FETE DU PARC"}]},{"@type":"WebSite","@id":"https:\/\/letrainjaune.fr\/ca\/#website","url":"https:\/\/letrainjaune.fr\/ca\/","name":"Destí: El Tren Groc","description":"Dans les Pyrénées Catalanes, découvrez ce train sur le plus haut chemin de fer d’Europe.","publisher":{"@id":"https:\/\/letrainjaune.fr\/ca\/#organization"},"potentialAction":[{"@type":"SearchAction","target":{"@type":"EntryPoint","urlTemplate":"https:\/\/letrainjaune.fr\/ca\/?s={search_term_string}"},"query-input":{"@type":"PropertyValueSpecification","valueRequired":true,"valueName":"search_term_string"}}],"inLanguage":"ca"},{"@type":"Organization","@id":"https:\/\/letrainjaune.fr\/ca\/#organization","name":"Destí: El Tren Groc","url":"https:\/\/letrainjaune.fr\/ca\/","logo":{"@type":"ImageObject","inLanguage":"ca","@id":"https:\/\/letrainjaune.fr\/ca\/#\/schema\/logo\/image\/","url":"https:\/\/letrainjaune.fr\/wp-content\/uploads\/2021\/04\/TJ_logo-TJ-footer.svg","contentUrl":"https:\/\/letrainjaune.fr\/wp-content\/uploads\/2021\/04\/TJ_logo-TJ-footer.svg","width":"1920","height":"9999","caption":"Destí: El Tren Groc"},"image":{"@id":"https:\/\/letrainjaune.fr\/ca\/#\/schema\/logo\/image\/"}}]}</script>
<!-- / Yoast SEO plugin. -->

LA FETE DU PARC - Destí: El Tren Groc

Le Parc naturel régional des Pyrénées catalanes vous donne rendez-vous le dimanche 27 septembre à la Maison du Parc, à La Bastide – Olette, pour la 4e édition de la Fête du Parc ! De 10h à 18h, profitez d’une journée festive et conviviale autour de la nature, des savoir-faire et de la culture locale. Au programme : stands de partenaires et de producteurs locaux, ateliers, jeux en bois, manège, exposition, spectacle jeune public, conférences, démonstrations de chiens de berger et musique avec La Grande Fanfare et le concert de Cornelius, en partenariat avec le festival Jazzèbre. Il est également possible de rejoindre la fête en train et en Train Jaune depuis Villefranche-de-Conflent. Entrée gratuite.

Destí: El Tren Groc

Dans les Pyrénées Catalanes, découvrez ce train sur le plus haut chemin de fer d’Europe.
