{"id":10340,"date":"2023-06-26T16:00:17","date_gmt":"2023-06-26T14:00:17","guid":{"rendered":"https:\/\/letrainjaune.fr\/ligne-et-gares\/sainte-leocadie\/"},"modified":"2023-07-28T15:13:42","modified_gmt":"2023-07-28T13:13:42","slug":"sainte-leocadie","status":"publish","type":"gare","link":"https:\/\/letrainjaune.fr\/ca\/linia-i-estacions\/sainte-leocadie\/","title":{"rendered":"Sainte L\u00e9ocadie"},"content":{"rendered":"\n<p>El poble de Santa Llocaia est\u00e0 format per 4 llogarets: el propi nucli municipal de Santa Llocaia, Llu\u00e7, Palau i Cases d&#8217;Amont. Hi ha una esgl\u00e9sia del segle XII, decorada amb admirables retaules, testimoni del ric patrimoni arquitect\u00f2nic i religi\u00f3s del lloc.<\/p>\n\n\n\n<p>A un quil\u00f2metre de l&#8217;estaci\u00f3, al cor del poble de Santa Llocaia, el  <strong>Museu de la Cerdanya<\/strong> ocupa el solar d&#8217;una antiga masia del segle XVIII i t&#8217;explica la hist\u00f2ria del territori de muntanya i transfronterer que \u00e9s la Cerdanya; visites guiades, exposicions, activitats culturals, hort en al\u00e7ada incre\u00efble, petit conservatori de l&#8217;agricultura cerdanesa&#8230; tantes expressions per entendre qu\u00e8 fa especial la Cerdanya <\/p>\n","protected":false},"excerpt":{"rendered":"<p>El poble de Santa Llocaia est\u00e0 format per 4 llogarets: el propi nucli municipal de Santa Llocaia, Llu\u00e7, Palau i Cases d&#8217;Amont. Hi ha una esgl\u00e9sia del segle XII, decorada amb admirables retaules, testimoni del ric patrimoni arquitect\u00f2nic i religi\u00f3s del lloc. A un quil\u00f2metre de l&#8217;estaci\u00f3, al cor del poble de Santa Llocaia, el [&hellip;]<\/p>\n","protected":false},"featured_media":4036,"menu_order":17,"template":"","class_list":["post-10340","gare","type-gare","status-publish","has-post-thumbnail","hentry"],"acf":[],"yoast_head":"<!-- This site is optimized with the Yoast SEO plugin v25.4 - https:\/\/yoast.com\/wordpress\/plugins\/seo\/ -->\n<title>Sainte L\u00e9ocadie - Dest\u00ed: El Tren Groc<\/title>\n<meta name=\"robots\" content=\"index, follow, max-snippet:-1, max-image-preview:large, max-video-preview:-1\" \/>\n<link rel=\"canonical\" href=\"https:\/\/letrainjaune.fr\/ca\/linia-i-estacions\/sainte-leocadie\/\" \/>\n<meta property=\"og:locale\" content=\"ca_ES\" \/>\n<meta property=\"og:type\" content=\"article\" \/>\n<meta property=\"og:title\" content=\"Sainte L\u00e9ocadie - Dest\u00ed: El Tren Groc\" \/>\n<meta property=\"og:description\" content=\"El poble de Santa Llocaia est\u00e0 format per 4 llogarets: el propi nucli municipal de Santa Llocaia, Llu\u00e7, Palau i Cases d&#8217;Amont. Hi ha una esgl\u00e9sia del segle XII, decorada amb admirables retaules, testimoni del ric patrimoni arquitect\u00f2nic i religi\u00f3s del lloc. A un quil\u00f2metre de l&#8217;estaci\u00f3, al cor del poble de Santa Llocaia, el [&hellip;]\" \/>\n<meta property=\"og:url\" content=\"https:\/\/letrainjaune.fr\/ca\/linia-i-estacions\/sainte-leocadie\/\" \/>\n<meta property=\"og:site_name\" content=\"Dest\u00ed: El Tren Groc\" \/>\n<meta property=\"article:modified_time\" content=\"2023-07-28T13:13:42+00:00\" \/>\n<meta property=\"og:image\" content=\"https:\/\/letrainjaune.fr\/wp-content\/uploads\/2021\/04\/Techniciens_De_Gares_Sur_Le_Quai\u00a9Coll._J-D._Kehr.jpg\" \/>\n\t<meta property=\"og:image:width\" content=\"1956\" \/>\n\t<meta property=\"og:image:height\" content=\"1253\" \/>\n\t<meta property=\"og:image:type\" content=\"image\/jpeg\" \/>\n<meta name=\"twitter:card\" content=\"summary_large_image\" \/>\n<meta name=\"twitter:label1\" content=\"Temps estimat de lectura\" \/>\n\t<meta name=\"twitter:data1\" content=\"1 minut\" \/>\n<script type=\"application\/ld+json\" class=\"yoast-schema-graph\">{\"@context\":\"https:\/\/schema.org\",\"@graph\":[{\"@type\":\"WebPage\",\"@id\":\"https:\/\/letrainjaune.fr\/ca\/linia-i-estacions\/sainte-leocadie\/\",\"url\":\"https:\/\/letrainjaune.fr\/ca\/linia-i-estacions\/sainte-leocadie\/\",\"name\":\"Sainte L\u00e9ocadie - Dest\u00ed: El Tren Groc\",\"isPartOf\":{\"@id\":\"https:\/\/letrainjaune.fr\/ca\/#website\"},\"primaryImageOfPage\":{\"@id\":\"https:\/\/letrainjaune.fr\/ca\/linia-i-estacions\/sainte-leocadie\/#primaryimage\"},\"image\":{\"@id\":\"https:\/\/letrainjaune.fr\/ca\/linia-i-estacions\/sainte-leocadie\/#primaryimage\"},\"thumbnailUrl\":\"https:\/\/letrainjaune.fr\/wp-content\/uploads\/2021\/04\/Techniciens_De_Gares_Sur_Le_Quai\u00a9Coll._J-D._Kehr.jpg\",\"datePublished\":\"2023-06-26T14:00:17+00:00\",\"dateModified\":\"2023-07-28T13:13:42+00:00\",\"breadcrumb\":{\"@id\":\"https:\/\/letrainjaune.fr\/ca\/linia-i-estacions\/sainte-leocadie\/#breadcrumb\"},\"inLanguage\":\"ca\",\"potentialAction\":[{\"@type\":\"ReadAction\",\"target\":[\"https:\/\/letrainjaune.fr\/ca\/linia-i-estacions\/sainte-leocadie\/\"]}]},{\"@type\":\"ImageObject\",\"inLanguage\":\"ca\",\"@id\":\"https:\/\/letrainjaune.fr\/ca\/linia-i-estacions\/sainte-leocadie\/#primaryimage\",\"url\":\"https:\/\/letrainjaune.fr\/wp-content\/uploads\/2021\/04\/Techniciens_De_Gares_Sur_Le_Quai\u00a9Coll._J-D._Kehr.jpg\",\"contentUrl\":\"https:\/\/letrainjaune.fr\/wp-content\/uploads\/2021\/04\/Techniciens_De_Gares_Sur_Le_Quai\u00a9Coll._J-D._Kehr.jpg\",\"width\":1956,\"height\":1253,\"caption\":\"T\u00e8cnics de l'estaci\u00f3 a l'andana\"},{\"@type\":\"BreadcrumbList\",\"@id\":\"https:\/\/letrainjaune.fr\/ca\/linia-i-estacions\/sainte-leocadie\/#breadcrumb\",\"itemListElement\":[{\"@type\":\"ListItem\",\"position\":1,\"name\":\"Benvinguda\",\"item\":\"https:\/\/letrainjaune.fr\/ca\/\"},{\"@type\":\"ListItem\",\"position\":2,\"name\":\"Sainte L\u00e9ocadie\"}]},{\"@type\":\"WebSite\",\"@id\":\"https:\/\/letrainjaune.fr\/ca\/#website\",\"url\":\"https:\/\/letrainjaune.fr\/ca\/\",\"name\":\"Dest\u00ed: El Tren Groc\",\"description\":\"Dans les Pyr\u00e9n\u00e9es Catalanes, d\u00e9couvrez ce train sur le plus haut chemin de fer d\u2019Europe.\",\"publisher\":{\"@id\":\"https:\/\/letrainjaune.fr\/ca\/#organization\"},\"potentialAction\":[{\"@type\":\"SearchAction\",\"target\":{\"@type\":\"EntryPoint\",\"urlTemplate\":\"https:\/\/letrainjaune.fr\/ca\/?s={search_term_string}\"},\"query-input\":{\"@type\":\"PropertyValueSpecification\",\"valueRequired\":true,\"valueName\":\"search_term_string\"}}],\"inLanguage\":\"ca\"},{\"@type\":\"Organization\",\"@id\":\"https:\/\/letrainjaune.fr\/ca\/#organization\",\"name\":\"Dest\u00ed: El Tren Groc\",\"url\":\"https:\/\/letrainjaune.fr\/ca\/\",\"logo\":{\"@type\":\"ImageObject\",\"inLanguage\":\"ca\",\"@id\":\"https:\/\/letrainjaune.fr\/ca\/#\/schema\/logo\/image\/\",\"url\":\"https:\/\/letrainjaune.fr\/wp-content\/uploads\/2021\/04\/TJ_logo-TJ-footer.svg\",\"contentUrl\":\"https:\/\/letrainjaune.fr\/wp-content\/uploads\/2021\/04\/TJ_logo-TJ-footer.svg\",\"width\":\"1920\",\"height\":\"9999\",\"caption\":\"Dest\u00ed: El Tren Groc\"},\"image\":{\"@id\":\"https:\/\/letrainjaune.fr\/ca\/#\/schema\/logo\/image\/\"}}]}<\/script>\n<!-- \/ Yoast SEO plugin. -->","yoast_head_json":{"title":"Sainte L\u00e9ocadie - Dest\u00ed: El Tren Groc","robots":{"index":"index","follow":"follow","max-snippet":"max-snippet:-1","max-image-preview":"max-image-preview:large","max-video-preview":"max-video-preview:-1"},"canonical":"https:\/\/letrainjaune.fr\/ca\/linia-i-estacions\/sainte-leocadie\/","og_locale":"ca_ES","og_type":"article","og_title":"Sainte L\u00e9ocadie - Dest\u00ed: El Tren Groc","og_description":"El poble de Santa Llocaia est\u00e0 format per 4 llogarets: el propi nucli municipal de Santa Llocaia, Llu\u00e7, Palau i Cases d&#8217;Amont. Hi ha una esgl\u00e9sia del segle XII, decorada amb admirables retaules, testimoni del ric patrimoni arquitect\u00f2nic i religi\u00f3s del lloc. A un quil\u00f2metre de l&#8217;estaci\u00f3, al cor del poble de Santa Llocaia, el [&hellip;]","og_url":"https:\/\/letrainjaune.fr\/ca\/linia-i-estacions\/sainte-leocadie\/","og_site_name":"Dest\u00ed: El Tren Groc","article_modified_time":"2023-07-28T13:13:42+00:00","og_image":[{"width":1956,"height":1253,"url":"https:\/\/letrainjaune.fr\/wp-content\/uploads\/2021\/04\/Techniciens_De_Gares_Sur_Le_Quai\u00a9Coll._J-D._Kehr.jpg","type":"image\/jpeg"}],"twitter_card":"summary_large_image","twitter_misc":{"Temps estimat de lectura":"1 minut"},"schema":{"@context":"https:\/\/schema.org","@graph":[{"@type":"WebPage","@id":"https:\/\/letrainjaune.fr\/ca\/linia-i-estacions\/sainte-leocadie\/","url":"https:\/\/letrainjaune.fr\/ca\/linia-i-estacions\/sainte-leocadie\/","name":"Sainte L\u00e9ocadie - Dest\u00ed: El Tren Groc","isPartOf":{"@id":"https:\/\/letrainjaune.fr\/ca\/#website"},"primaryImageOfPage":{"@id":"https:\/\/letrainjaune.fr\/ca\/linia-i-estacions\/sainte-leocadie\/#primaryimage"},"image":{"@id":"https:\/\/letrainjaune.fr\/ca\/linia-i-estacions\/sainte-leocadie\/#primaryimage"},"thumbnailUrl":"https:\/\/letrainjaune.fr\/wp-content\/uploads\/2021\/04\/Techniciens_De_Gares_Sur_Le_Quai\u00a9Coll._J-D._Kehr.jpg","datePublished":"2023-06-26T14:00:17+00:00","dateModified":"2023-07-28T13:13:42+00:00","breadcrumb":{"@id":"https:\/\/letrainjaune.fr\/ca\/linia-i-estacions\/sainte-leocadie\/#breadcrumb"},"inLanguage":"ca","potentialAction":[{"@type":"ReadAction","target":["https:\/\/letrainjaune.fr\/ca\/linia-i-estacions\/sainte-leocadie\/"]}]},{"@type":"ImageObject","inLanguage":"ca","@id":"https:\/\/letrainjaune.fr\/ca\/linia-i-estacions\/sainte-leocadie\/#primaryimage","url":"https:\/\/letrainjaune.fr\/wp-content\/uploads\/2021\/04\/Techniciens_De_Gares_Sur_Le_Quai\u00a9Coll._J-D._Kehr.jpg","contentUrl":"https:\/\/letrainjaune.fr\/wp-content\/uploads\/2021\/04\/Techniciens_De_Gares_Sur_Le_Quai\u00a9Coll._J-D._Kehr.jpg","width":1956,"height":1253,"caption":"T\u00e8cnics de l'estaci\u00f3 a l'andana"},{"@type":"BreadcrumbList","@id":"https:\/\/letrainjaune.fr\/ca\/linia-i-estacions\/sainte-leocadie\/#breadcrumb","itemListElement":[{"@type":"ListItem","position":1,"name":"Benvinguda","item":"https:\/\/letrainjaune.fr\/ca\/"},{"@type":"ListItem","position":2,"name":"Sainte L\u00e9ocadie"}]},{"@type":"WebSite","@id":"https:\/\/letrainjaune.fr\/ca\/#website","url":"https:\/\/letrainjaune.fr\/ca\/","name":"Dest\u00ed: El Tren Groc","description":"Dans les Pyr\u00e9n\u00e9es Catalanes, d\u00e9couvrez ce train sur le plus haut chemin de fer d\u2019Europe.","publisher":{"@id":"https:\/\/letrainjaune.fr\/ca\/#organization"},"potentialAction":[{"@type":"SearchAction","target":{"@type":"EntryPoint","urlTemplate":"https:\/\/letrainjaune.fr\/ca\/?s={search_term_string}"},"query-input":{"@type":"PropertyValueSpecification","valueRequired":true,"valueName":"search_term_string"}}],"inLanguage":"ca"},{"@type":"Organization","@id":"https:\/\/letrainjaune.fr\/ca\/#organization","name":"Dest\u00ed: El Tren Groc","url":"https:\/\/letrainjaune.fr\/ca\/","logo":{"@type":"ImageObject","inLanguage":"ca","@id":"https:\/\/letrainjaune.fr\/ca\/#\/schema\/logo\/image\/","url":"https:\/\/letrainjaune.fr\/wp-content\/uploads\/2021\/04\/TJ_logo-TJ-footer.svg","contentUrl":"https:\/\/letrainjaune.fr\/wp-content\/uploads\/2021\/04\/TJ_logo-TJ-footer.svg","width":"1920","height":"9999","caption":"Dest\u00ed: El Tren Groc"},"image":{"@id":"https:\/\/letrainjaune.fr\/ca\/#\/schema\/logo\/image\/"}}]}},"_links":{"self":[{"href":"https:\/\/letrainjaune.fr\/ca\/wp-json\/wp\/v2\/gare\/10340","targetHints":{"allow":["GET"]}}],"collection":[{"href":"https:\/\/letrainjaune.fr\/ca\/wp-json\/wp\/v2\/gare"}],"about":[{"href":"https:\/\/letrainjaune.fr\/ca\/wp-json\/wp\/v2\/types\/gare"}],"version-history":[{"count":4,"href":"https:\/\/letrainjaune.fr\/ca\/wp-json\/wp\/v2\/gare\/10340\/revisions"}],"predecessor-version":[{"id":10909,"href":"https:\/\/letrainjaune.fr\/ca\/wp-json\/wp\/v2\/gare\/10340\/revisions\/10909"}],"wp:featuredmedia":[{"embeddable":true,"href":"https:\/\/letrainjaune.fr\/ca\/wp-json\/wp\/v2\/media\/4036"}],"wp:attachment":[{"href":"https:\/\/letrainjaune.fr\/ca\/wp-json\/wp\/v2\/media?parent=10340"}],"curies":[{"name":"wp","href":"https:\/\/api.w.org\/{rel}","templated":true}]}}

Sainte Léocadie

<p>El poble de Santa Llocaia està format per 4 llogarets: el propi nucli municipal de Santa Llocaia, Lluç, Palau i Cases d&#8217;Amont. Hi ha una església del segle XII, decorada amb admirables retaules, testimoni del ric patrimoni arquitectònic i religiós del lloc.</p>



<p>A un quilòmetre de l&#8217;estació, al cor del poble de Santa Llocaia, el  <strong>Museu de la Cerdanya</strong> ocupa el solar d&#8217;una antiga masia del segle XVIII i t&#8217;explica la història del territori de muntanya i transfronterer que és la Cerdanya; visites guiades, exposicions, activitats culturals, hort en alçada increïble, petit conservatori de l&#8217;agricultura cerdanesa&#8230; tantes expressions per entendre què fa especial la Cerdanya </p>

<p>El poble de Santa Llocaia està format per 4 llogarets: el propi nucli municipal de Santa Llocaia, Lluç, Palau i Cases d&#8217;Amont. Hi ha una església del segle XII, decorada amb admirables retaules, testimoni del ric patrimoni arquitectònic i religiós del lloc. A un quilòmetre de l&#8217;estació, al cor del poble de Santa Llocaia, el [&hellip;]</p>

<!-- This site is optimized with the Yoast SEO plugin v25.4 - https://yoast.com/wordpress/plugins/seo/ -->
<title>Sainte Léocadie - Destí: El Tren Groc</title>
<meta name="robots" content="index, follow, max-snippet:-1, max-image-preview:large, max-video-preview:-1" />
<link rel="canonical" href="https://letrainjaune.fr/ca/linia-i-estacions/sainte-leocadie/" />
<meta property="og:locale" content="ca_ES" />
<meta property="og:type" content="article" />
<meta property="og:title" content="Sainte Léocadie - Destí: El Tren Groc" />
<meta property="og:description" content="El poble de Santa Llocaia està format per 4 llogarets: el propi nucli municipal de Santa Llocaia, Lluç, Palau i Cases d&#8217;Amont. Hi ha una església del segle XII, decorada amb admirables retaules, testimoni del ric patrimoni arquitectònic i religiós del lloc. A un quilòmetre de l&#8217;estació, al cor del poble de Santa Llocaia, el [&hellip;]" />
<meta property="og:url" content="https://letrainjaune.fr/ca/linia-i-estacions/sainte-leocadie/" />
<meta property="og:site_name" content="Destí: El Tren Groc" />
<meta property="article:modified_time" content="2023-07-28T13:13:42+00:00" />
<meta property="og:image" content="https://letrainjaune.fr/wp-content/uploads/2021/04/Techniciens_De_Gares_Sur_Le_Quai©Coll._J-D._Kehr.jpg" />
	<meta property="og:image:width" content="1956" />
	<meta property="og:image:height" content="1253" />
	<meta property="og:image:type" content="image/jpeg" />
<meta name="twitter:card" content="summary_large_image" />
<meta name="twitter:label1" content="Temps estimat de lectura" />
	<meta name="twitter:data1" content="1 minut" />
<script type="application/ld+json" class="yoast-schema-graph">{"@context":"https://schema.org","@graph":[{"@type":"WebPage","@id":"https://letrainjaune.fr/ca/linia-i-estacions/sainte-leocadie/","url":"https://letrainjaune.fr/ca/linia-i-estacions/sainte-leocadie/","name":"Sainte Léocadie - Destí: El Tren Groc","isPartOf":{"@id":"https://letrainjaune.fr/ca/#website"},"primaryImageOfPage":{"@id":"https://letrainjaune.fr/ca/linia-i-estacions/sainte-leocadie/#primaryimage"},"image":{"@id":"https://letrainjaune.fr/ca/linia-i-estacions/sainte-leocadie/#primaryimage"},"thumbnailUrl":"https://letrainjaune.fr/wp-content/uploads/2021/04/Techniciens_De_Gares_Sur_Le_Quai©Coll._J-D._Kehr.jpg","datePublished":"2023-06-26T14:00:17+00:00","dateModified":"2023-07-28T13:13:42+00:00","breadcrumb":{"@id":"https://letrainjaune.fr/ca/linia-i-estacions/sainte-leocadie/#breadcrumb"},"inLanguage":"ca","potentialAction":[{"@type":"ReadAction","target":["https://letrainjaune.fr/ca/linia-i-estacions/sainte-leocadie/"]}]},{"@type":"ImageObject","inLanguage":"ca","@id":"https://letrainjaune.fr/ca/linia-i-estacions/sainte-leocadie/#primaryimage","url":"https://letrainjaune.fr/wp-content/uploads/2021/04/Techniciens_De_Gares_Sur_Le_Quai©Coll._J-D._Kehr.jpg","contentUrl":"https://letrainjaune.fr/wp-content/uploads/2021/04/Techniciens_De_Gares_Sur_Le_Quai©Coll._J-D._Kehr.jpg","width":1956,"height":1253,"caption":"Tècnics de l'estació a l'andana"},{"@type":"BreadcrumbList","@id":"https://letrainjaune.fr/ca/linia-i-estacions/sainte-leocadie/#breadcrumb","itemListElement":[{"@type":"ListItem","position":1,"name":"Benvinguda","item":"https://letrainjaune.fr/ca/"},{"@type":"ListItem","position":2,"name":"Sainte Léocadie"}]},{"@type":"WebSite","@id":"https://letrainjaune.fr/ca/#website","url":"https://letrainjaune.fr/ca/","name":"Destí: El Tren Groc","description":"Dans les Pyrénées Catalanes, découvrez ce train sur le plus haut chemin de fer d’Europe.","publisher":{"@id":"https://letrainjaune.fr/ca/#organization"},"potentialAction":[{"@type":"SearchAction","target":{"@type":"EntryPoint","urlTemplate":"https://letrainjaune.fr/ca/?s={search_term_string}"},"query-input":{"@type":"PropertyValueSpecification","valueRequired":true,"valueName":"search_term_string"}}],"inLanguage":"ca"},{"@type":"Organization","@id":"https://letrainjaune.fr/ca/#organization","name":"Destí: El Tren Groc","url":"https://letrainjaune.fr/ca/","logo":{"@type":"ImageObject","inLanguage":"ca","@id":"https://letrainjaune.fr/ca/#/schema/logo/image/","url":"https://letrainjaune.fr/wp-content/uploads/2021/04/TJ_logo-TJ-footer.svg","contentUrl":"https://letrainjaune.fr/wp-content/uploads/2021/04/TJ_logo-TJ-footer.svg","width":"1920","height":"9999","caption":"Destí: El Tren Groc"},"image":{"@id":"https://letrainjaune.fr/ca/#/schema/logo/image/"}}]}</script>
<!-- / Yoast SEO plugin. -->

Sainte Léocadie - Destí: El Tren Groc

El poble de Santa Llocaia està format per 4 llogarets: el propi nucli municipal de Santa Llocaia, Lluç, Palau i Cases d&#8217;Amont. Hi ha una església del segle XII, decorada amb admirables retaules, testimoni del ric patrimoni arquitectònic i religiós del lloc. A un quilòmetre de l&#8217;estació, al cor del poble de Santa Llocaia, el [&hellip;]

Destí: El Tren Groc

Tècnics de l'estació a l'andana

Dans les Pyrénées Catalanes, découvrez ce train sur le plus haut chemin de fer d’Europe.
