{"id":15042,"date":"2024-11-01T05:45:21","date_gmt":"2024-11-01T04:45:21","guid":{"rendered":"https:\/\/letrainjaune.fr\/organiser-votre-trajet\/hebergements\/prl-el-pastural\/"},"modified":"2026-04-28T06:45:41","modified_gmt":"2026-04-28T04:45:41","slug":"prl-el-pastural","status":"publish","type":"hebergement","link":"https:\/\/letrainjaune.fr\/ca\/organiser-votre-trajet\/hebergements\/prl-el-pastural\/","title":{"rendered":"PRL EL PASTURAL"},"content":{"rendered":"<p>Au sein du joli village de Cerdagne de Err, \u00e0 1300 m\u00e8tres d&#8217;altitude, au c\u0153ur du Parc naturel des Pyr\u00e9n\u00e9es Catalanes, El Pastural vous propose des locations de chalets en bois. Situ\u00e9 dans un site de richesses exceptionnelles, le Parc R\u00e9sidentiel sera le lieu pour vous d\u00e9tendre, pratiquer des activit\u00e9s de pleine nature,  passer la fronti\u00e8re ou d\u00e9guster la gastronomie locale. <\/p>\n","protected":false},"featured_media":0,"template":"","hebergement_category":[93],"class_list":["post-15042","hebergement","type-hebergement","status-publish","hentry","hebergement_category-parcs-residentiels-de-loisirs"],"acf":[],"yoast_head":"<!-- This site is optimized with the Yoast SEO plugin v25.4 - https:\/\/yoast.com\/wordpress\/plugins\/seo\/ -->\n<title>PRL EL PASTURAL - Dest\u00ed: El Tren Groc<\/title>\n<meta name=\"robots\" content=\"index, follow, max-snippet:-1, max-image-preview:large, max-video-preview:-1\" \/>\n<link rel=\"canonical\" href=\"https:\/\/letrainjaune.fr\/ca\/organiser-votre-trajet\/hebergements\/prl-el-pastural\/\" \/>\n<meta property=\"og:locale\" content=\"ca_ES\" \/>\n<meta property=\"og:type\" content=\"article\" \/>\n<meta property=\"og:title\" content=\"PRL EL PASTURAL - Dest\u00ed: El Tren Groc\" \/>\n<meta property=\"og:description\" content=\"Au sein du joli village de Cerdagne de Err, \u00e0 1300 m\u00e8tres d&#039;altitude, au c\u0153ur du Parc naturel des Pyr\u00e9n\u00e9es Catalanes, El Pastural vous propose des locations de chalets en bois. Situ\u00e9 dans un site de richesses exceptionnelles, le Parc R\u00e9sidentiel sera le lieu pour vous d\u00e9tendre, pratiquer des activit\u00e9s de pleine nature, passer la fronti\u00e8re ou d\u00e9guster la gastronomie locale.\" \/>\n<meta property=\"og:url\" content=\"https:\/\/letrainjaune.fr\/ca\/organiser-votre-trajet\/hebergements\/prl-el-pastural\/\" \/>\n<meta property=\"og:site_name\" content=\"Dest\u00ed: El Tren Groc\" \/>\n<meta property=\"article:modified_time\" content=\"2026-04-28T04:45:41+00:00\" \/>\n<meta name=\"twitter:card\" content=\"summary_large_image\" \/>\n<script type=\"application\/ld+json\" class=\"yoast-schema-graph\">{\"@context\":\"https:\/\/schema.org\",\"@graph\":[{\"@type\":\"WebPage\",\"@id\":\"https:\/\/letrainjaune.fr\/ca\/organiser-votre-trajet\/hebergements\/prl-el-pastural\/\",\"url\":\"https:\/\/letrainjaune.fr\/ca\/organiser-votre-trajet\/hebergements\/prl-el-pastural\/\",\"name\":\"PRL EL PASTURAL - Dest\u00ed: El Tren Groc\",\"isPartOf\":{\"@id\":\"https:\/\/letrainjaune.fr\/ca\/#website\"},\"datePublished\":\"2024-11-01T04:45:21+00:00\",\"dateModified\":\"2026-04-28T04:45:41+00:00\",\"breadcrumb\":{\"@id\":\"https:\/\/letrainjaune.fr\/ca\/organiser-votre-trajet\/hebergements\/prl-el-pastural\/#breadcrumb\"},\"inLanguage\":\"ca\",\"potentialAction\":[{\"@type\":\"ReadAction\",\"target\":[\"https:\/\/letrainjaune.fr\/ca\/organiser-votre-trajet\/hebergements\/prl-el-pastural\/\"]}]},{\"@type\":\"BreadcrumbList\",\"@id\":\"https:\/\/letrainjaune.fr\/ca\/organiser-votre-trajet\/hebergements\/prl-el-pastural\/#breadcrumb\",\"itemListElement\":[{\"@type\":\"ListItem\",\"position\":1,\"name\":\"Benvinguda\",\"item\":\"https:\/\/letrainjaune.fr\/ca\/\"},{\"@type\":\"ListItem\",\"position\":2,\"name\":\"H\u00e9bergements\",\"item\":\"https:\/\/letrainjaune.fr\/ca\/organitzeu-el-vostre-viatge\/allotjament\/\"},{\"@type\":\"ListItem\",\"position\":3,\"name\":\"PRL EL PASTURAL\"}]},{\"@type\":\"WebSite\",\"@id\":\"https:\/\/letrainjaune.fr\/ca\/#website\",\"url\":\"https:\/\/letrainjaune.fr\/ca\/\",\"name\":\"Dest\u00ed: El Tren Groc\",\"description\":\"Dans les Pyr\u00e9n\u00e9es Catalanes, d\u00e9couvrez ce train sur le plus haut chemin de fer d\u2019Europe.\",\"publisher\":{\"@id\":\"https:\/\/letrainjaune.fr\/ca\/#organization\"},\"potentialAction\":[{\"@type\":\"SearchAction\",\"target\":{\"@type\":\"EntryPoint\",\"urlTemplate\":\"https:\/\/letrainjaune.fr\/ca\/?s={search_term_string}\"},\"query-input\":{\"@type\":\"PropertyValueSpecification\",\"valueRequired\":true,\"valueName\":\"search_term_string\"}}],\"inLanguage\":\"ca\"},{\"@type\":\"Organization\",\"@id\":\"https:\/\/letrainjaune.fr\/ca\/#organization\",\"name\":\"Dest\u00ed: El Tren Groc\",\"url\":\"https:\/\/letrainjaune.fr\/ca\/\",\"logo\":{\"@type\":\"ImageObject\",\"inLanguage\":\"ca\",\"@id\":\"https:\/\/letrainjaune.fr\/ca\/#\/schema\/logo\/image\/\",\"url\":\"https:\/\/letrainjaune.fr\/wp-content\/uploads\/2021\/04\/TJ_logo-TJ-footer.svg\",\"contentUrl\":\"https:\/\/letrainjaune.fr\/wp-content\/uploads\/2021\/04\/TJ_logo-TJ-footer.svg\",\"width\":\"1920\",\"height\":\"9999\",\"caption\":\"Dest\u00ed: El Tren Groc\"},\"image\":{\"@id\":\"https:\/\/letrainjaune.fr\/ca\/#\/schema\/logo\/image\/\"}}]}<\/script>\n<!-- \/ Yoast SEO plugin. -->","yoast_head_json":{"title":"PRL EL PASTURAL - Dest\u00ed: El Tren Groc","robots":{"index":"index","follow":"follow","max-snippet":"max-snippet:-1","max-image-preview":"max-image-preview:large","max-video-preview":"max-video-preview:-1"},"canonical":"https:\/\/letrainjaune.fr\/ca\/organiser-votre-trajet\/hebergements\/prl-el-pastural\/","og_locale":"ca_ES","og_type":"article","og_title":"PRL EL PASTURAL - Dest\u00ed: El Tren Groc","og_description":"Au sein du joli village de Cerdagne de Err, \u00e0 1300 m\u00e8tres d'altitude, au c\u0153ur du Parc naturel des Pyr\u00e9n\u00e9es Catalanes, El Pastural vous propose des locations de chalets en bois. Situ\u00e9 dans un site de richesses exceptionnelles, le Parc R\u00e9sidentiel sera le lieu pour vous d\u00e9tendre, pratiquer des activit\u00e9s de pleine nature, passer la fronti\u00e8re ou d\u00e9guster la gastronomie locale.","og_url":"https:\/\/letrainjaune.fr\/ca\/organiser-votre-trajet\/hebergements\/prl-el-pastural\/","og_site_name":"Dest\u00ed: El Tren Groc","article_modified_time":"2026-04-28T04:45:41+00:00","twitter_card":"summary_large_image","schema":{"@context":"https:\/\/schema.org","@graph":[{"@type":"WebPage","@id":"https:\/\/letrainjaune.fr\/ca\/organiser-votre-trajet\/hebergements\/prl-el-pastural\/","url":"https:\/\/letrainjaune.fr\/ca\/organiser-votre-trajet\/hebergements\/prl-el-pastural\/","name":"PRL EL PASTURAL - Dest\u00ed: El Tren Groc","isPartOf":{"@id":"https:\/\/letrainjaune.fr\/ca\/#website"},"datePublished":"2024-11-01T04:45:21+00:00","dateModified":"2026-04-28T04:45:41+00:00","breadcrumb":{"@id":"https:\/\/letrainjaune.fr\/ca\/organiser-votre-trajet\/hebergements\/prl-el-pastural\/#breadcrumb"},"inLanguage":"ca","potentialAction":[{"@type":"ReadAction","target":["https:\/\/letrainjaune.fr\/ca\/organiser-votre-trajet\/hebergements\/prl-el-pastural\/"]}]},{"@type":"BreadcrumbList","@id":"https:\/\/letrainjaune.fr\/ca\/organiser-votre-trajet\/hebergements\/prl-el-pastural\/#breadcrumb","itemListElement":[{"@type":"ListItem","position":1,"name":"Benvinguda","item":"https:\/\/letrainjaune.fr\/ca\/"},{"@type":"ListItem","position":2,"name":"H\u00e9bergements","item":"https:\/\/letrainjaune.fr\/ca\/organitzeu-el-vostre-viatge\/allotjament\/"},{"@type":"ListItem","position":3,"name":"PRL EL PASTURAL"}]},{"@type":"WebSite","@id":"https:\/\/letrainjaune.fr\/ca\/#website","url":"https:\/\/letrainjaune.fr\/ca\/","name":"Dest\u00ed: El Tren Groc","description":"Dans les Pyr\u00e9n\u00e9es Catalanes, d\u00e9couvrez ce train sur le plus haut chemin de fer d\u2019Europe.","publisher":{"@id":"https:\/\/letrainjaune.fr\/ca\/#organization"},"potentialAction":[{"@type":"SearchAction","target":{"@type":"EntryPoint","urlTemplate":"https:\/\/letrainjaune.fr\/ca\/?s={search_term_string}"},"query-input":{"@type":"PropertyValueSpecification","valueRequired":true,"valueName":"search_term_string"}}],"inLanguage":"ca"},{"@type":"Organization","@id":"https:\/\/letrainjaune.fr\/ca\/#organization","name":"Dest\u00ed: El Tren Groc","url":"https:\/\/letrainjaune.fr\/ca\/","logo":{"@type":"ImageObject","inLanguage":"ca","@id":"https:\/\/letrainjaune.fr\/ca\/#\/schema\/logo\/image\/","url":"https:\/\/letrainjaune.fr\/wp-content\/uploads\/2021\/04\/TJ_logo-TJ-footer.svg","contentUrl":"https:\/\/letrainjaune.fr\/wp-content\/uploads\/2021\/04\/TJ_logo-TJ-footer.svg","width":"1920","height":"9999","caption":"Dest\u00ed: El Tren Groc"},"image":{"@id":"https:\/\/letrainjaune.fr\/ca\/#\/schema\/logo\/image\/"}}]}},"_links":{"self":[{"href":"https:\/\/letrainjaune.fr\/ca\/wp-json\/wp\/v2\/hebergement\/15042","targetHints":{"allow":["GET"]}}],"collection":[{"href":"https:\/\/letrainjaune.fr\/ca\/wp-json\/wp\/v2\/hebergement"}],"about":[{"href":"https:\/\/letrainjaune.fr\/ca\/wp-json\/wp\/v2\/types\/hebergement"}],"wp:attachment":[{"href":"https:\/\/letrainjaune.fr\/ca\/wp-json\/wp\/v2\/media?parent=15042"}],"wp:term":[{"taxonomy":"hebergement_category","embeddable":true,"href":"https:\/\/letrainjaune.fr\/ca\/wp-json\/wp\/v2\/hebergement_category?post=15042"}],"curies":[{"name":"wp","href":"https:\/\/api.w.org\/{rel}","templated":true}]}}

<p>Au sein du joli village de Cerdagne de Err, à 1300 mètres d&#8217;altitude, au cœur du Parc naturel des Pyrénées Catalanes, El Pastural vous propose des locations de chalets en bois. Situé dans un site de richesses exceptionnelles, le Parc Résidentiel sera le lieu pour vous détendre, pratiquer des activités de pleine nature,  passer la frontière ou déguster la gastronomie locale. </p>

<!-- This site is optimized with the Yoast SEO plugin v25.4 - https://yoast.com/wordpress/plugins/seo/ -->
<title>PRL EL PASTURAL - Destí: El Tren Groc</title>
<meta name="robots" content="index, follow, max-snippet:-1, max-image-preview:large, max-video-preview:-1" />
<link rel="canonical" href="https://letrainjaune.fr/ca/organiser-votre-trajet/hebergements/prl-el-pastural/" />
<meta property="og:locale" content="ca_ES" />
<meta property="og:type" content="article" />
<meta property="og:title" content="PRL EL PASTURAL - Destí: El Tren Groc" />
<meta property="og:description" content="Au sein du joli village de Cerdagne de Err, à 1300 mètres d&#039;altitude, au cœur du Parc naturel des Pyrénées Catalanes, El Pastural vous propose des locations de chalets en bois. Situé dans un site de richesses exceptionnelles, le Parc Résidentiel sera le lieu pour vous détendre, pratiquer des activités de pleine nature, passer la frontière ou déguster la gastronomie locale." />
<meta property="og:url" content="https://letrainjaune.fr/ca/organiser-votre-trajet/hebergements/prl-el-pastural/" />
<meta property="og:site_name" content="Destí: El Tren Groc" />
<meta property="article:modified_time" content="2026-04-28T04:45:41+00:00" />
<meta name="twitter:card" content="summary_large_image" />
<script type="application/ld+json" class="yoast-schema-graph">{"@context":"https://schema.org","@graph":[{"@type":"WebPage","@id":"https://letrainjaune.fr/ca/organiser-votre-trajet/hebergements/prl-el-pastural/","url":"https://letrainjaune.fr/ca/organiser-votre-trajet/hebergements/prl-el-pastural/","name":"PRL EL PASTURAL - Destí: El Tren Groc","isPartOf":{"@id":"https://letrainjaune.fr/ca/#website"},"datePublished":"2024-11-01T04:45:21+00:00","dateModified":"2026-04-28T04:45:41+00:00","breadcrumb":{"@id":"https://letrainjaune.fr/ca/organiser-votre-trajet/hebergements/prl-el-pastural/#breadcrumb"},"inLanguage":"ca","potentialAction":[{"@type":"ReadAction","target":["https://letrainjaune.fr/ca/organiser-votre-trajet/hebergements/prl-el-pastural/"]}]},{"@type":"BreadcrumbList","@id":"https://letrainjaune.fr/ca/organiser-votre-trajet/hebergements/prl-el-pastural/#breadcrumb","itemListElement":[{"@type":"ListItem","position":1,"name":"Benvinguda","item":"https://letrainjaune.fr/ca/"},{"@type":"ListItem","position":2,"name":"Hébergements","item":"https://letrainjaune.fr/ca/organitzeu-el-vostre-viatge/allotjament/"},{"@type":"ListItem","position":3,"name":"PRL EL PASTURAL"}]},{"@type":"WebSite","@id":"https://letrainjaune.fr/ca/#website","url":"https://letrainjaune.fr/ca/","name":"Destí: El Tren Groc","description":"Dans les Pyrénées Catalanes, découvrez ce train sur le plus haut chemin de fer d’Europe.","publisher":{"@id":"https://letrainjaune.fr/ca/#organization"},"potentialAction":[{"@type":"SearchAction","target":{"@type":"EntryPoint","urlTemplate":"https://letrainjaune.fr/ca/?s={search_term_string}"},"query-input":{"@type":"PropertyValueSpecification","valueRequired":true,"valueName":"search_term_string"}}],"inLanguage":"ca"},{"@type":"Organization","@id":"https://letrainjaune.fr/ca/#organization","name":"Destí: El Tren Groc","url":"https://letrainjaune.fr/ca/","logo":{"@type":"ImageObject","inLanguage":"ca","@id":"https://letrainjaune.fr/ca/#/schema/logo/image/","url":"https://letrainjaune.fr/wp-content/uploads/2021/04/TJ_logo-TJ-footer.svg","contentUrl":"https://letrainjaune.fr/wp-content/uploads/2021/04/TJ_logo-TJ-footer.svg","width":"1920","height":"9999","caption":"Destí: El Tren Groc"},"image":{"@id":"https://letrainjaune.fr/ca/#/schema/logo/image/"}}]}</script>
<!-- / Yoast SEO plugin. -->

PRL EL PASTURAL - Destí: El Tren Groc

Au sein du joli village de Cerdagne de Err, à 1300 mètres d'altitude, au cœur du Parc naturel des Pyrénées Catalanes, El Pastural vous propose des locations de chalets en bois. Situé dans un site de richesses exceptionnelles, le Parc Résidentiel sera le lieu pour vous détendre, pratiquer des activités de pleine nature, passer la frontière ou déguster la gastronomie locale.

Destí: El Tren Groc

Hébergements

Dans les Pyrénées Catalanes, découvrez ce train sur le plus haut chemin de fer d’Europe.
