{"id":9735,"date":"2023-06-13T16:41:22","date_gmt":"2023-06-13T14:41:22","guid":{"rendered":"https:\/\/letrainjaune.fr\/?incontournable=evol"},"modified":"2023-06-13T16:41:25","modified_gmt":"2023-06-13T14:41:25","slug":"evol","status":"publish","type":"incontournable","link":"https:\/\/letrainjaune.fr\/ca\/?incontournable=evol","title":{"rendered":"\u00c8vol"},"content":{"rendered":"\n<h4 class=\"wp-block-heading\">El poble d&#8217;\u00c8vol i les ru\u00efnes del seu castell<\/h4>\n\n<h4 class=\"wp-block-heading\"><em>(S&#8217;hi pot arribar en uns 45 minuts a peu des de l&#8217;estaci\u00f3 per rutes de senderisme o per carretera)<\/em><\/h4>\n\n<p>Poble t\u00edpic del territori de l\u2019Alt Conflent, \u00c8vol i les seves nombroses cases de pedra seca domina la vall del mateix nom. La <em>Terre d\u2019\u00c8vol, <\/em>com es deia quan es va construir el poble, forma part de la xarxa dels Pobles m\u00e9s bonics de Fran\u00e7a \u00bb.<\/p>\n<figure class=\"wp-block-image size-large\"><a href=https:\/\/letrainjaune.fr\/wp-content\/uploads\/2021\/07\/Evol\u00a9Conflent_Canigo34.jpg title=\"\u00c8vol\" rel=\"prettyPhoto\"><img src=https:\/\/letrainjaune.fr\/wp-content\/uploads\/2021\/07\/Evol\u00a9Conflent_Canigo34.jpg alt=\"\" title=\"\u00c8vol\" width=\"\" class=\"wp-image-2967\"\/><\/a><figcaption>\u00c8vol<span>&copy; CONFLENTCANIGO<\/span><\/figcaption><\/figure>\n<p>El poble va ser fundat l&#8217;any 957 pel comte de Cerdanya en una \u00e8poca en qu\u00e8 aquesta part del territori encara pertanyia als espanyols. El 1260, el rei <em>Jaume II d\u2019Arag\u00f3<\/em>anomena el seu descendent, <em>Guillem 1ER<\/em><sup><em>ER<\/em><\/sup><em> de So, <\/em>senyor d\u2019\u00c8vol. Aleshores va fer construir poc despr\u00e9s un castell feudal, prop de la nova l\u00ednia fronterera amb el regne de Fran\u00e7a, fixat al sud de les Corberes des del Tractat de Corbeil signat entre el rei de Fran\u00e7a i el rei d&#8217;Arag\u00f3 el 1258.<\/p>\n<figure class=\"wp-block-image size-large\"><a href=https:\/\/letrainjaune.fr\/wp-content\/uploads\/2021\/07\/Evol\u00a9Conflent_Canigo31.jpg title=\"Castell d\u2019\u00c8vol\" rel=\"prettyPhoto\"><img src=https:\/\/letrainjaune.fr\/wp-content\/uploads\/2021\/07\/Evol\u00a9Conflent_Canigo31.jpg alt=\"\" title=\"Castell d\u2019\u00c8vol\" width=\"\" class=\"wp-image-2962\"\/><\/a><figcaption>Castell d\u2019\u00c8vol<span>&copy; CONFLENTCANIGO<\/span><\/figcaption><\/figure>\n<p>Constru\u00eft sobre un contrafort del mass\u00eds del Coronat, el <strong>castell d&#8217;\u00c8vol  <\/strong>origin\u00e0riament es pretenia tallar l&#8217;arribada dels francesos pel Coll dels Ports. Una guarnici\u00f3 d&#8217;uns quinze homes vivia aleshores entre aquestes quatre torres, en aquests temps inestables.<\/p>\n\n<p>L&#8217;any 1812 el castell fou venut com a propietat nacional. No obstant aix\u00f2, seguir\u00e0 sent propietat privada fins l&#8217;any 1990, quan ser\u00e0 comprat pel municipi d&#8217;Oleta i \u00c8vol.<\/p>\n\n<p>Despr\u00e9s d&#8217;haver estat abandonat durant segles, el Castell d&#8217;\u00c8vol est\u00e0 en proc\u00e9s de restauraci\u00f3 i pot oferir un pretext per a una bonica passejada per l&#8217;entorn excepcional de l\u2019Alt Conflent.<\/p>\n<figure class=\"wp-block-image size-large\"><a href=https:\/\/letrainjaune.fr\/wp-content\/uploads\/2021\/07\/Evol\u00a9Conflent_Canigo36.jpg title=\"Cases t\u00edpiques d'\u00c8vol\" rel=\"prettyPhoto\"><img src=https:\/\/letrainjaune.fr\/wp-content\/uploads\/2021\/07\/Evol\u00a9Conflent_Canigo36.jpg alt=\"\" title=\"Cases t\u00edpiques d&#8217;\u00c8vol\" width=\"\" class=\"wp-image-2971\"\/><\/a><figcaption>Cases t\u00edpiques d&#8217;\u00c8vol<span>&copy; CONFLENTCANIGO<\/span><\/figcaption><\/figure>\n<figure class=\"wp-block-pullquote\"><blockquote><p>+33 4 68 97 09 72<\/p><cite><em>Contact ajuntament d&#8217;Oleta i \u00c8vol<\/em><\/cite><\/blockquote><\/figure>","protected":false},"featured_media":2326,"menu_order":0,"template":"","class_list":["post-9735","incontournable","type-incontournable","status-publish","has-post-thumbnail","hentry"],"acf":[],"yoast_head":"<!-- This site is optimized with the Yoast SEO plugin v25.4 - https:\/\/yoast.com\/wordpress\/plugins\/seo\/ -->\n<title>\u00c8vol - Dest\u00ed: El Tren Groc<\/title>\n<meta name=\"robots\" content=\"index, follow, max-snippet:-1, max-image-preview:large, max-video-preview:-1\" \/>\n<link rel=\"canonical\" href=\"https:\/\/letrainjaune.fr\/ca\/?incontournable=evol\" \/>\n<meta property=\"og:locale\" content=\"ca_ES\" \/>\n<meta property=\"og:type\" content=\"article\" \/>\n<meta property=\"og:title\" content=\"\u00c8vol - Dest\u00ed: El Tren Groc\" \/>\n<meta property=\"og:description\" content=\"El poble d&#8217;\u00c8vol i les ru\u00efnes del seu castell (S&#8217;hi pot arribar en uns 45 minuts a peu des de l&#8217;estaci\u00f3 per rutes de senderisme o per carretera) Poble t\u00edpic del territori de l\u2019Alt Conflent, \u00c8vol i les seves nombroses cases de pedra seca domina la vall del mateix nom. La Terre d\u2019\u00c8vol, com es [&hellip;]\" \/>\n<meta property=\"og:url\" content=\"https:\/\/letrainjaune.fr\/ca\/?incontournable=evol\" \/>\n<meta property=\"og:site_name\" content=\"Dest\u00ed: El Tren Groc\" \/>\n<meta property=\"article:modified_time\" content=\"2023-06-13T14:41:25+00:00\" \/>\n<meta property=\"og:image\" content=\"https:\/\/letrainjaune.fr\/wp-content\/uploads\/2021\/07\/OUV_Evol\u00a9Conflent_Canigo35-768x504.jpg\" \/>\n\t<meta property=\"og:image:width\" content=\"768\" \/>\n\t<meta property=\"og:image:height\" content=\"504\" \/>\n\t<meta property=\"og:image:type\" content=\"image\/jpeg\" \/>\n<meta name=\"twitter:card\" content=\"summary_large_image\" \/>\n<meta name=\"twitter:label1\" content=\"Temps estimat de lectura\" \/>\n\t<meta name=\"twitter:data1\" content=\"1 minut\" \/>\n<script type=\"application\/ld+json\" class=\"yoast-schema-graph\">{\"@context\":\"https:\/\/schema.org\",\"@graph\":[{\"@type\":\"WebPage\",\"@id\":\"https:\/\/letrainjaune.fr\/ca\/?incontournable=evol\",\"url\":\"https:\/\/letrainjaune.fr\/ca\/?incontournable=evol\",\"name\":\"\u00c8vol - Dest\u00ed: El Tren Groc\",\"isPartOf\":{\"@id\":\"https:\/\/letrainjaune.fr\/ca\/#website\"},\"primaryImageOfPage\":{\"@id\":\"https:\/\/letrainjaune.fr\/ca\/?incontournable=evol#primaryimage\"},\"image\":{\"@id\":\"https:\/\/letrainjaune.fr\/ca\/?incontournable=evol#primaryimage\"},\"thumbnailUrl\":\"https:\/\/letrainjaune.fr\/wp-content\/uploads\/2021\/07\/OUV_Evol\u00a9Conflent_Canigo35.jpg\",\"datePublished\":\"2023-06-13T14:41:22+00:00\",\"dateModified\":\"2023-06-13T14:41:25+00:00\",\"breadcrumb\":{\"@id\":\"https:\/\/letrainjaune.fr\/ca\/?incontournable=evol#breadcrumb\"},\"inLanguage\":\"ca\",\"potentialAction\":[{\"@type\":\"ReadAction\",\"target\":[\"https:\/\/letrainjaune.fr\/ca\/?incontournable=evol\"]}]},{\"@type\":\"ImageObject\",\"inLanguage\":\"ca\",\"@id\":\"https:\/\/letrainjaune.fr\/ca\/?incontournable=evol#primaryimage\",\"url\":\"https:\/\/letrainjaune.fr\/wp-content\/uploads\/2021\/07\/OUV_Evol\u00a9Conflent_Canigo35.jpg\",\"contentUrl\":\"https:\/\/letrainjaune.fr\/wp-content\/uploads\/2021\/07\/OUV_Evol\u00a9Conflent_Canigo35.jpg\",\"width\":2500,\"height\":1641},{\"@type\":\"BreadcrumbList\",\"@id\":\"https:\/\/letrainjaune.fr\/ca\/?incontournable=evol#breadcrumb\",\"itemListElement\":[{\"@type\":\"ListItem\",\"position\":1,\"name\":\"Benvinguda\",\"item\":\"https:\/\/letrainjaune.fr\/ca\/\"},{\"@type\":\"ListItem\",\"position\":2,\"name\":\"\u00c8vol\"}]},{\"@type\":\"WebSite\",\"@id\":\"https:\/\/letrainjaune.fr\/ca\/#website\",\"url\":\"https:\/\/letrainjaune.fr\/ca\/\",\"name\":\"Dest\u00ed: El Tren Groc\",\"description\":\"Dans les Pyr\u00e9n\u00e9es Catalanes, d\u00e9couvrez ce train sur le plus haut chemin de fer d\u2019Europe.\",\"publisher\":{\"@id\":\"https:\/\/letrainjaune.fr\/ca\/#organization\"},\"potentialAction\":[{\"@type\":\"SearchAction\",\"target\":{\"@type\":\"EntryPoint\",\"urlTemplate\":\"https:\/\/letrainjaune.fr\/ca\/?s={search_term_string}\"},\"query-input\":{\"@type\":\"PropertyValueSpecification\",\"valueRequired\":true,\"valueName\":\"search_term_string\"}}],\"inLanguage\":\"ca\"},{\"@type\":\"Organization\",\"@id\":\"https:\/\/letrainjaune.fr\/ca\/#organization\",\"name\":\"Dest\u00ed: El Tren Groc\",\"url\":\"https:\/\/letrainjaune.fr\/ca\/\",\"logo\":{\"@type\":\"ImageObject\",\"inLanguage\":\"ca\",\"@id\":\"https:\/\/letrainjaune.fr\/ca\/#\/schema\/logo\/image\/\",\"url\":\"https:\/\/letrainjaune.fr\/wp-content\/uploads\/2021\/04\/TJ_logo-TJ-footer.svg\",\"contentUrl\":\"https:\/\/letrainjaune.fr\/wp-content\/uploads\/2021\/04\/TJ_logo-TJ-footer.svg\",\"width\":\"1920\",\"height\":\"9999\",\"caption\":\"Dest\u00ed: El Tren Groc\"},\"image\":{\"@id\":\"https:\/\/letrainjaune.fr\/ca\/#\/schema\/logo\/image\/\"}}]}<\/script>\n<!-- \/ Yoast SEO plugin. -->","yoast_head_json":{"title":"\u00c8vol - Dest\u00ed: El Tren Groc","robots":{"index":"index","follow":"follow","max-snippet":"max-snippet:-1","max-image-preview":"max-image-preview:large","max-video-preview":"max-video-preview:-1"},"canonical":"https:\/\/letrainjaune.fr\/ca\/?incontournable=evol","og_locale":"ca_ES","og_type":"article","og_title":"\u00c8vol - Dest\u00ed: El Tren Groc","og_description":"El poble d&#8217;\u00c8vol i les ru\u00efnes del seu castell (S&#8217;hi pot arribar en uns 45 minuts a peu des de l&#8217;estaci\u00f3 per rutes de senderisme o per carretera) Poble t\u00edpic del territori de l\u2019Alt Conflent, \u00c8vol i les seves nombroses cases de pedra seca domina la vall del mateix nom. La Terre d\u2019\u00c8vol, com es [&hellip;]","og_url":"https:\/\/letrainjaune.fr\/ca\/?incontournable=evol","og_site_name":"Dest\u00ed: El Tren Groc","article_modified_time":"2023-06-13T14:41:25+00:00","og_image":[{"width":768,"height":504,"url":"https:\/\/letrainjaune.fr\/wp-content\/uploads\/2021\/07\/OUV_Evol\u00a9Conflent_Canigo35-768x504.jpg","type":"image\/jpeg"}],"twitter_card":"summary_large_image","twitter_misc":{"Temps estimat de lectura":"1 minut"},"schema":{"@context":"https:\/\/schema.org","@graph":[{"@type":"WebPage","@id":"https:\/\/letrainjaune.fr\/ca\/?incontournable=evol","url":"https:\/\/letrainjaune.fr\/ca\/?incontournable=evol","name":"\u00c8vol - Dest\u00ed: El Tren Groc","isPartOf":{"@id":"https:\/\/letrainjaune.fr\/ca\/#website"},"primaryImageOfPage":{"@id":"https:\/\/letrainjaune.fr\/ca\/?incontournable=evol#primaryimage"},"image":{"@id":"https:\/\/letrainjaune.fr\/ca\/?incontournable=evol#primaryimage"},"thumbnailUrl":"https:\/\/letrainjaune.fr\/wp-content\/uploads\/2021\/07\/OUV_Evol\u00a9Conflent_Canigo35.jpg","datePublished":"2023-06-13T14:41:22+00:00","dateModified":"2023-06-13T14:41:25+00:00","breadcrumb":{"@id":"https:\/\/letrainjaune.fr\/ca\/?incontournable=evol#breadcrumb"},"inLanguage":"ca","potentialAction":[{"@type":"ReadAction","target":["https:\/\/letrainjaune.fr\/ca\/?incontournable=evol"]}]},{"@type":"ImageObject","inLanguage":"ca","@id":"https:\/\/letrainjaune.fr\/ca\/?incontournable=evol#primaryimage","url":"https:\/\/letrainjaune.fr\/wp-content\/uploads\/2021\/07\/OUV_Evol\u00a9Conflent_Canigo35.jpg","contentUrl":"https:\/\/letrainjaune.fr\/wp-content\/uploads\/2021\/07\/OUV_Evol\u00a9Conflent_Canigo35.jpg","width":2500,"height":1641},{"@type":"BreadcrumbList","@id":"https:\/\/letrainjaune.fr\/ca\/?incontournable=evol#breadcrumb","itemListElement":[{"@type":"ListItem","position":1,"name":"Benvinguda","item":"https:\/\/letrainjaune.fr\/ca\/"},{"@type":"ListItem","position":2,"name":"\u00c8vol"}]},{"@type":"WebSite","@id":"https:\/\/letrainjaune.fr\/ca\/#website","url":"https:\/\/letrainjaune.fr\/ca\/","name":"Dest\u00ed: El Tren Groc","description":"Dans les Pyr\u00e9n\u00e9es Catalanes, d\u00e9couvrez ce train sur le plus haut chemin de fer d\u2019Europe.","publisher":{"@id":"https:\/\/letrainjaune.fr\/ca\/#organization"},"potentialAction":[{"@type":"SearchAction","target":{"@type":"EntryPoint","urlTemplate":"https:\/\/letrainjaune.fr\/ca\/?s={search_term_string}"},"query-input":{"@type":"PropertyValueSpecification","valueRequired":true,"valueName":"search_term_string"}}],"inLanguage":"ca"},{"@type":"Organization","@id":"https:\/\/letrainjaune.fr\/ca\/#organization","name":"Dest\u00ed: El Tren Groc","url":"https:\/\/letrainjaune.fr\/ca\/","logo":{"@type":"ImageObject","inLanguage":"ca","@id":"https:\/\/letrainjaune.fr\/ca\/#\/schema\/logo\/image\/","url":"https:\/\/letrainjaune.fr\/wp-content\/uploads\/2021\/04\/TJ_logo-TJ-footer.svg","contentUrl":"https:\/\/letrainjaune.fr\/wp-content\/uploads\/2021\/04\/TJ_logo-TJ-footer.svg","width":"1920","height":"9999","caption":"Dest\u00ed: El Tren Groc"},"image":{"@id":"https:\/\/letrainjaune.fr\/ca\/#\/schema\/logo\/image\/"}}]}},"_links":{"self":[{"href":"https:\/\/letrainjaune.fr\/ca\/wp-json\/wp\/v2\/incontournable\/9735","targetHints":{"allow":["GET"]}}],"collection":[{"href":"https:\/\/letrainjaune.fr\/ca\/wp-json\/wp\/v2\/incontournable"}],"about":[{"href":"https:\/\/letrainjaune.fr\/ca\/wp-json\/wp\/v2\/types\/incontournable"}],"version-history":[{"count":1,"href":"https:\/\/letrainjaune.fr\/ca\/wp-json\/wp\/v2\/incontournable\/9735\/revisions"}],"predecessor-version":[{"id":9736,"href":"https:\/\/letrainjaune.fr\/ca\/wp-json\/wp\/v2\/incontournable\/9735\/revisions\/9736"}],"wp:featuredmedia":[{"embeddable":true,"href":"https:\/\/letrainjaune.fr\/ca\/wp-json\/wp\/v2\/media\/2326"}],"wp:attachment":[{"href":"https:\/\/letrainjaune.fr\/ca\/wp-json\/wp\/v2\/media?parent=9735"}],"curies":[{"name":"wp","href":"https:\/\/api.w.org\/{rel}","templated":true}]}}

Èvol

<h4 class="wp-block-heading">El poble d&#8217;Èvol i les ruïnes del seu castell</h4>

<h4 class="wp-block-heading"><em>(S&#8217;hi pot arribar en uns 45 minuts a peu des de l&#8217;estació per rutes de senderisme o per carretera)</em></h4>

<p>Poble típic del territori de l’Alt Conflent, Èvol i les seves nombroses cases de pedra seca domina la vall del mateix nom. La <em>Terre d’Èvol, </em>com es deia quan es va construir el poble, forma part de la xarxa dels Pobles més bonics de França ».</p>
<figure class="wp-block-image size-large"><a href=https://letrainjaune.fr/wp-content/uploads/2021/07/Evol©Conflent_Canigo34.jpg title="Èvol" rel="prettyPhoto"><img src=https://letrainjaune.fr/wp-content/uploads/2021/07/Evol©Conflent_Canigo34.jpg alt="" title="Èvol" width="" class="wp-image-2967"/></a><figcaption>Èvol<span>&copy; CONFLENTCANIGO</span></figcaption></figure>
<p>El poble va ser fundat l&#8217;any 957 pel comte de Cerdanya en una època en què aquesta part del territori encara pertanyia als espanyols. El 1260, el rei <em>Jaume II d’Aragó</em>anomena el seu descendent, <em>Guillem 1ER</em><sup><em>ER</em></sup><em> de So, </em>senyor d’Èvol. Aleshores va fer construir poc després un castell feudal, prop de la nova línia fronterera amb el regne de França, fixat al sud de les Corberes des del Tractat de Corbeil signat entre el rei de França i el rei d&#8217;Aragó el 1258.</p>
<figure class="wp-block-image size-large"><a href=https://letrainjaune.fr/wp-content/uploads/2021/07/Evol©Conflent_Canigo31.jpg title="Castell d’Èvol" rel="prettyPhoto"><img src=https://letrainjaune.fr/wp-content/uploads/2021/07/Evol©Conflent_Canigo31.jpg alt="" title="Castell d’Èvol" width="" class="wp-image-2962"/></a><figcaption>Castell d’Èvol<span>&copy; CONFLENTCANIGO</span></figcaption></figure>
<p>Construït sobre un contrafort del massís del Coronat, el <strong>castell d&#8217;Èvol  </strong>originàriament es pretenia tallar l&#8217;arribada dels francesos pel Coll dels Ports. Una guarnició d&#8217;uns quinze homes vivia aleshores entre aquestes quatre torres, en aquests temps inestables.</p>

<p>L&#8217;any 1812 el castell fou venut com a propietat nacional. No obstant això, seguirà sent propietat privada fins l&#8217;any 1990, quan serà comprat pel municipi d&#8217;Oleta i Èvol.</p>

<p>Després d&#8217;haver estat abandonat durant segles, el Castell d&#8217;Èvol està en procés de restauració i pot oferir un pretext per a una bonica passejada per l&#8217;entorn excepcional de l’Alt Conflent.</p>
<figure class="wp-block-image size-large"><a href=https://letrainjaune.fr/wp-content/uploads/2021/07/Evol©Conflent_Canigo36.jpg title="Cases típiques d'Èvol" rel="prettyPhoto"><img src=https://letrainjaune.fr/wp-content/uploads/2021/07/Evol©Conflent_Canigo36.jpg alt="" title="Cases típiques d&#8217;Èvol" width="" class="wp-image-2971"/></a><figcaption>Cases típiques d&#8217;Èvol<span>&copy; CONFLENTCANIGO</span></figcaption></figure>
<figure class="wp-block-pullquote"><blockquote><p>+33 4 68 97 09 72</p><cite><em>Contact ajuntament d&#8217;Oleta i Èvol</em></cite></blockquote></figure>

<!-- This site is optimized with the Yoast SEO plugin v25.4 - https://yoast.com/wordpress/plugins/seo/ -->
<title>Èvol - Destí: El Tren Groc</title>
<meta name="robots" content="index, follow, max-snippet:-1, max-image-preview:large, max-video-preview:-1" />
<link rel="canonical" href="https://letrainjaune.fr/ca/?incontournable=evol" />
<meta property="og:locale" content="ca_ES" />
<meta property="og:type" content="article" />
<meta property="og:title" content="Èvol - Destí: El Tren Groc" />
<meta property="og:description" content="El poble d&#8217;Èvol i les ruïnes del seu castell (S&#8217;hi pot arribar en uns 45 minuts a peu des de l&#8217;estació per rutes de senderisme o per carretera) Poble típic del territori de l’Alt Conflent, Èvol i les seves nombroses cases de pedra seca domina la vall del mateix nom. La Terre d’Èvol, com es [&hellip;]" />
<meta property="og:url" content="https://letrainjaune.fr/ca/?incontournable=evol" />
<meta property="og:site_name" content="Destí: El Tren Groc" />
<meta property="article:modified_time" content="2023-06-13T14:41:25+00:00" />
<meta property="og:image" content="https://letrainjaune.fr/wp-content/uploads/2021/07/OUV_Evol©Conflent_Canigo35-768x504.jpg" />
	<meta property="og:image:width" content="768" />
	<meta property="og:image:height" content="504" />
	<meta property="og:image:type" content="image/jpeg" />
<meta name="twitter:card" content="summary_large_image" />
<meta name="twitter:label1" content="Temps estimat de lectura" />
	<meta name="twitter:data1" content="1 minut" />
<script type="application/ld+json" class="yoast-schema-graph">{"@context":"https://schema.org","@graph":[{"@type":"WebPage","@id":"https://letrainjaune.fr/ca/?incontournable=evol","url":"https://letrainjaune.fr/ca/?incontournable=evol","name":"Èvol - Destí: El Tren Groc","isPartOf":{"@id":"https://letrainjaune.fr/ca/#website"},"primaryImageOfPage":{"@id":"https://letrainjaune.fr/ca/?incontournable=evol#primaryimage"},"image":{"@id":"https://letrainjaune.fr/ca/?incontournable=evol#primaryimage"},"thumbnailUrl":"https://letrainjaune.fr/wp-content/uploads/2021/07/OUV_Evol©Conflent_Canigo35.jpg","datePublished":"2023-06-13T14:41:22+00:00","dateModified":"2023-06-13T14:41:25+00:00","breadcrumb":{"@id":"https://letrainjaune.fr/ca/?incontournable=evol#breadcrumb"},"inLanguage":"ca","potentialAction":[{"@type":"ReadAction","target":["https://letrainjaune.fr/ca/?incontournable=evol"]}]},{"@type":"ImageObject","inLanguage":"ca","@id":"https://letrainjaune.fr/ca/?incontournable=evol#primaryimage","url":"https://letrainjaune.fr/wp-content/uploads/2021/07/OUV_Evol©Conflent_Canigo35.jpg","contentUrl":"https://letrainjaune.fr/wp-content/uploads/2021/07/OUV_Evol©Conflent_Canigo35.jpg","width":2500,"height":1641},{"@type":"BreadcrumbList","@id":"https://letrainjaune.fr/ca/?incontournable=evol#breadcrumb","itemListElement":[{"@type":"ListItem","position":1,"name":"Benvinguda","item":"https://letrainjaune.fr/ca/"},{"@type":"ListItem","position":2,"name":"Èvol"}]},{"@type":"WebSite","@id":"https://letrainjaune.fr/ca/#website","url":"https://letrainjaune.fr/ca/","name":"Destí: El Tren Groc","description":"Dans les Pyrénées Catalanes, découvrez ce train sur le plus haut chemin de fer d’Europe.","publisher":{"@id":"https://letrainjaune.fr/ca/#organization"},"potentialAction":[{"@type":"SearchAction","target":{"@type":"EntryPoint","urlTemplate":"https://letrainjaune.fr/ca/?s={search_term_string}"},"query-input":{"@type":"PropertyValueSpecification","valueRequired":true,"valueName":"search_term_string"}}],"inLanguage":"ca"},{"@type":"Organization","@id":"https://letrainjaune.fr/ca/#organization","name":"Destí: El Tren Groc","url":"https://letrainjaune.fr/ca/","logo":{"@type":"ImageObject","inLanguage":"ca","@id":"https://letrainjaune.fr/ca/#/schema/logo/image/","url":"https://letrainjaune.fr/wp-content/uploads/2021/04/TJ_logo-TJ-footer.svg","contentUrl":"https://letrainjaune.fr/wp-content/uploads/2021/04/TJ_logo-TJ-footer.svg","width":"1920","height":"9999","caption":"Destí: El Tren Groc"},"image":{"@id":"https://letrainjaune.fr/ca/#/schema/logo/image/"}}]}</script>
<!-- / Yoast SEO plugin. -->

Èvol - Destí: El Tren Groc

El poble d&#8217;Èvol i les ruïnes del seu castell (S&#8217;hi pot arribar en uns 45 minuts a peu des de l&#8217;estació per rutes de senderisme o per carretera) Poble típic del territori de l’Alt Conflent, Èvol i les seves nombroses cases de pedra seca domina la vall del mateix nom. La Terre d’Èvol, com es [&hellip;]

Destí: El Tren Groc

Dans les Pyrénées Catalanes, découvrez ce train sur le plus haut chemin de fer d’Europe.
