{"id":9741,"date":"2023-06-13T17:28:01","date_gmt":"2023-06-13T15:28:01","guid":{"rendered":"https:\/\/letrainjaune.fr\/?incontournable=forns-solars-montlluis-i-odello"},"modified":"2023-06-13T17:28:05","modified_gmt":"2023-06-13T15:28:05","slug":"forns-solars-montlluis-i-odello","status":"publish","type":"incontournable","link":"https:\/\/letrainjaune.fr\/ca\/?incontournable=forns-solars-montlluis-i-odello","title":{"rendered":"Forns solars Montllu\u00eds i Odell\u00f3"},"content":{"rendered":"\n<h4 class=\"wp-block-heading\">Reflexos de l&#8217;entorn excepcional de la Cerdanya i s\u00edmbols mundials de la recerca de l&#8217;energia solar a Fran\u00e7a. <\/h4>\n\n<p>El 1946, el qu\u00edmic franc\u00e8s<em>F\u00e9lix Trombe <\/em>trob\u00e0 la manera d&#8217;arribar r\u00e0pidament a altes temperatures, mitjan\u00e7ant l&#8217;\u00fas de la llum solar en un ambient molt pur. A causa de les condicions de sol excepcionals,<strong> el primer forn solar del m\u00f3n es construir\u00e0 a Montllu\u00eds l&#8217;any 1949<\/strong>per concretar el treball sobre l&#8217;energia solar i provar les diverses possibilitats. <\/p>\n\n<p>Aquest proc\u00e9s totalment innovador consisteix en un enorme mirall parab\u00f2lic que concentra els raigs solars en un sol punt, la qual cosa permet obtenir en aquest punt la temperatura de 3000\u00b0C, mai aconseguida durant un per\u00edode tan llarg i de manera gratu\u00efta !<\/p>\n\n<p>Actualment, el forn de Montllu\u00eds encara es fa servir per a la investigaci\u00f3 cient\u00edfica i per a la producci\u00f3 industrial i artesanal.<\/p>\n\n<p>L&#8217;any 1968 es va encarregar el Gran Forn Solar d&#8217;Odell\u00f3 despr\u00e9s de vuit anys de treball. Amb una pot\u00e8ncia d&#8217;1 megavat, \u00e9s un dels dos forns solars m\u00e9s grans del m\u00f3n. Amb 50 metres d&#8217;al\u00e7ada i amb ni m\u00e9s ni menys que 63 miralls plans anomenats heli\u00f2stats que actuen concentrant els raigs, deu la seva fama als estudis que s&#8217;hi fan sobre els fen\u00f2mens de les altes temperatures i el comportament dels materials sotmesos a condicions extremes.<\/p>\n\n<p>Igual que el forn solar de Montllu\u00eds, la ubicaci\u00f3 del forn Odell\u00f3 a 1500m d&#8217;altitud va ser escollida per les excepcionals condicions clim\u00e0tiques de la Cerdanya: insolaci\u00f3, aire pur generat per l&#8217;altitud&#8230;<\/p>\n\n<p>Avui, aquesta eina cient\u00edfica, que permet obtenir temperatures superiors als 3500\u00b0C en pocs segons gr\u00e0cies a l&#8217;energia lliure i no contaminant, est\u00e0 operada pel CNRS.<\/p>\n<figure class=\"wp-block-image size-large\"><a href=https:\/\/letrainjaune.fr\/wp-content\/uploads\/2022\/05\/2022-01-26-10.38.39-scaled.jpg title=\"Forns solars de Odell\u00f3\" rel=\"prettyPhoto\"><img src=https:\/\/letrainjaune.fr\/wp-content\/uploads\/2022\/05\/2022-01-26-10.38.39-1920x2560.jpg alt=\"\" title=\"Forns solars de Odell\u00f3\" width=\"\" class=\"wp-image-7673\"\/><\/a><figcaption>Forns solars de Odell\u00f3<span>&copy; Mairie de Font-Romeu<\/span><\/figcaption><\/figure>\n<figure class=\"wp-block-pullquote\"><blockquote><p>+33 4 68 30 77 86<\/p><cite>contact Forns solars de Odell\u00f3<br\/><a href=\"http:\/\/www.foursolaire-fontromeu.fr\/\">www.foursolaire-fontromeu.fr<\/a><\/cite><\/blockquote><\/figure>\n<div style=\"height:30px\" aria-hidden=\"true\" class=\"wp-block-spacer\"><\/div>\n","protected":false},"featured_media":6638,"menu_order":0,"template":"","class_list":["post-9741","incontournable","type-incontournable","status-publish","has-post-thumbnail","hentry"],"acf":[],"yoast_head":"<!-- This site is optimized with the Yoast SEO plugin v25.4 - https:\/\/yoast.com\/wordpress\/plugins\/seo\/ -->\n<title>Forns solars Montllu\u00eds i Odell\u00f3 - Dest\u00ed: El Tren Groc<\/title>\n<meta name=\"robots\" content=\"index, follow, max-snippet:-1, max-image-preview:large, max-video-preview:-1\" \/>\n<link rel=\"canonical\" href=\"https:\/\/letrainjaune.fr\/ca\/?incontournable=forns-solars-montlluis-i-odello\" \/>\n<meta property=\"og:locale\" content=\"ca_ES\" \/>\n<meta property=\"og:type\" content=\"article\" \/>\n<meta property=\"og:title\" content=\"Forns solars Montllu\u00eds i Odell\u00f3 - Dest\u00ed: El Tren Groc\" \/>\n<meta property=\"og:description\" content=\"Reflexos de l&#8217;entorn excepcional de la Cerdanya i s\u00edmbols mundials de la recerca de l&#8217;energia solar a Fran\u00e7a. El 1946, el qu\u00edmic franc\u00e8sF\u00e9lix Trombe trob\u00e0 la manera d&#8217;arribar r\u00e0pidament a altes temperatures, mitjan\u00e7ant l&#8217;\u00fas de la llum solar en un ambient molt pur. A causa de les condicions de sol excepcionals, el primer forn solar [&hellip;]\" \/>\n<meta property=\"og:url\" content=\"https:\/\/letrainjaune.fr\/ca\/?incontournable=forns-solars-montlluis-i-odello\" \/>\n<meta property=\"og:site_name\" content=\"Dest\u00ed: El Tren Groc\" \/>\n<meta property=\"article:modified_time\" content=\"2023-06-13T15:28:05+00:00\" \/>\n<meta property=\"og:image\" content=\"https:\/\/letrainjaune.fr\/wp-content\/uploads\/2021\/07\/four-solaire.jpg\" \/>\n\t<meta property=\"og:image:width\" content=\"1400\" \/>\n\t<meta property=\"og:image:height\" content=\"1080\" \/>\n\t<meta property=\"og:image:type\" content=\"image\/jpeg\" \/>\n<meta name=\"twitter:card\" content=\"summary_large_image\" \/>\n<meta name=\"twitter:label1\" content=\"Temps estimat de lectura\" \/>\n\t<meta name=\"twitter:data1\" content=\"2 minuts\" \/>\n<script type=\"application\/ld+json\" class=\"yoast-schema-graph\">{\"@context\":\"https:\/\/schema.org\",\"@graph\":[{\"@type\":\"WebPage\",\"@id\":\"https:\/\/letrainjaune.fr\/ca\/?incontournable=forns-solars-montlluis-i-odello\",\"url\":\"https:\/\/letrainjaune.fr\/ca\/?incontournable=forns-solars-montlluis-i-odello\",\"name\":\"Forns solars Montllu\u00eds i Odell\u00f3 - Dest\u00ed: El Tren Groc\",\"isPartOf\":{\"@id\":\"https:\/\/letrainjaune.fr\/ca\/#website\"},\"primaryImageOfPage\":{\"@id\":\"https:\/\/letrainjaune.fr\/ca\/?incontournable=forns-solars-montlluis-i-odello#primaryimage\"},\"image\":{\"@id\":\"https:\/\/letrainjaune.fr\/ca\/?incontournable=forns-solars-montlluis-i-odello#primaryimage\"},\"thumbnailUrl\":\"https:\/\/letrainjaune.fr\/wp-content\/uploads\/2021\/07\/four-solaire.jpg\",\"datePublished\":\"2023-06-13T15:28:01+00:00\",\"dateModified\":\"2023-06-13T15:28:05+00:00\",\"breadcrumb\":{\"@id\":\"https:\/\/letrainjaune.fr\/ca\/?incontournable=forns-solars-montlluis-i-odello#breadcrumb\"},\"inLanguage\":\"ca\",\"potentialAction\":[{\"@type\":\"ReadAction\",\"target\":[\"https:\/\/letrainjaune.fr\/ca\/?incontournable=forns-solars-montlluis-i-odello\"]}]},{\"@type\":\"ImageObject\",\"inLanguage\":\"ca\",\"@id\":\"https:\/\/letrainjaune.fr\/ca\/?incontournable=forns-solars-montlluis-i-odello#primaryimage\",\"url\":\"https:\/\/letrainjaune.fr\/wp-content\/uploads\/2021\/07\/four-solaire.jpg\",\"contentUrl\":\"https:\/\/letrainjaune.fr\/wp-content\/uploads\/2021\/07\/four-solaire.jpg\",\"width\":1400,\"height\":1080,\"caption\":\"El forn solar d\u2019Odell\u00f3\"},{\"@type\":\"BreadcrumbList\",\"@id\":\"https:\/\/letrainjaune.fr\/ca\/?incontournable=forns-solars-montlluis-i-odello#breadcrumb\",\"itemListElement\":[{\"@type\":\"ListItem\",\"position\":1,\"name\":\"Benvinguda\",\"item\":\"https:\/\/letrainjaune.fr\/ca\/\"},{\"@type\":\"ListItem\",\"position\":2,\"name\":\"Forns solars Montllu\u00eds i Odell\u00f3\"}]},{\"@type\":\"WebSite\",\"@id\":\"https:\/\/letrainjaune.fr\/ca\/#website\",\"url\":\"https:\/\/letrainjaune.fr\/ca\/\",\"name\":\"Dest\u00ed: El Tren Groc\",\"description\":\"Dans les Pyr\u00e9n\u00e9es Catalanes, d\u00e9couvrez ce train sur le plus haut chemin de fer d\u2019Europe.\",\"publisher\":{\"@id\":\"https:\/\/letrainjaune.fr\/ca\/#organization\"},\"potentialAction\":[{\"@type\":\"SearchAction\",\"target\":{\"@type\":\"EntryPoint\",\"urlTemplate\":\"https:\/\/letrainjaune.fr\/ca\/?s={search_term_string}\"},\"query-input\":{\"@type\":\"PropertyValueSpecification\",\"valueRequired\":true,\"valueName\":\"search_term_string\"}}],\"inLanguage\":\"ca\"},{\"@type\":\"Organization\",\"@id\":\"https:\/\/letrainjaune.fr\/ca\/#organization\",\"name\":\"Dest\u00ed: El Tren Groc\",\"url\":\"https:\/\/letrainjaune.fr\/ca\/\",\"logo\":{\"@type\":\"ImageObject\",\"inLanguage\":\"ca\",\"@id\":\"https:\/\/letrainjaune.fr\/ca\/#\/schema\/logo\/image\/\",\"url\":\"https:\/\/letrainjaune.fr\/wp-content\/uploads\/2021\/04\/TJ_logo-TJ-footer.svg\",\"contentUrl\":\"https:\/\/letrainjaune.fr\/wp-content\/uploads\/2021\/04\/TJ_logo-TJ-footer.svg\",\"width\":\"1920\",\"height\":\"9999\",\"caption\":\"Dest\u00ed: El Tren Groc\"},\"image\":{\"@id\":\"https:\/\/letrainjaune.fr\/ca\/#\/schema\/logo\/image\/\"}}]}<\/script>\n<!-- \/ Yoast SEO plugin. -->","yoast_head_json":{"title":"Forns solars Montllu\u00eds i Odell\u00f3 - Dest\u00ed: El Tren Groc","robots":{"index":"index","follow":"follow","max-snippet":"max-snippet:-1","max-image-preview":"max-image-preview:large","max-video-preview":"max-video-preview:-1"},"canonical":"https:\/\/letrainjaune.fr\/ca\/?incontournable=forns-solars-montlluis-i-odello","og_locale":"ca_ES","og_type":"article","og_title":"Forns solars Montllu\u00eds i Odell\u00f3 - Dest\u00ed: El Tren Groc","og_description":"Reflexos de l&#8217;entorn excepcional de la Cerdanya i s\u00edmbols mundials de la recerca de l&#8217;energia solar a Fran\u00e7a. El 1946, el qu\u00edmic franc\u00e8sF\u00e9lix Trombe trob\u00e0 la manera d&#8217;arribar r\u00e0pidament a altes temperatures, mitjan\u00e7ant l&#8217;\u00fas de la llum solar en un ambient molt pur. A causa de les condicions de sol excepcionals, el primer forn solar [&hellip;]","og_url":"https:\/\/letrainjaune.fr\/ca\/?incontournable=forns-solars-montlluis-i-odello","og_site_name":"Dest\u00ed: El Tren Groc","article_modified_time":"2023-06-13T15:28:05+00:00","og_image":[{"width":1400,"height":1080,"url":"https:\/\/letrainjaune.fr\/wp-content\/uploads\/2021\/07\/four-solaire.jpg","type":"image\/jpeg"}],"twitter_card":"summary_large_image","twitter_misc":{"Temps estimat de lectura":"2 minuts"},"schema":{"@context":"https:\/\/schema.org","@graph":[{"@type":"WebPage","@id":"https:\/\/letrainjaune.fr\/ca\/?incontournable=forns-solars-montlluis-i-odello","url":"https:\/\/letrainjaune.fr\/ca\/?incontournable=forns-solars-montlluis-i-odello","name":"Forns solars Montllu\u00eds i Odell\u00f3 - Dest\u00ed: El Tren Groc","isPartOf":{"@id":"https:\/\/letrainjaune.fr\/ca\/#website"},"primaryImageOfPage":{"@id":"https:\/\/letrainjaune.fr\/ca\/?incontournable=forns-solars-montlluis-i-odello#primaryimage"},"image":{"@id":"https:\/\/letrainjaune.fr\/ca\/?incontournable=forns-solars-montlluis-i-odello#primaryimage"},"thumbnailUrl":"https:\/\/letrainjaune.fr\/wp-content\/uploads\/2021\/07\/four-solaire.jpg","datePublished":"2023-06-13T15:28:01+00:00","dateModified":"2023-06-13T15:28:05+00:00","breadcrumb":{"@id":"https:\/\/letrainjaune.fr\/ca\/?incontournable=forns-solars-montlluis-i-odello#breadcrumb"},"inLanguage":"ca","potentialAction":[{"@type":"ReadAction","target":["https:\/\/letrainjaune.fr\/ca\/?incontournable=forns-solars-montlluis-i-odello"]}]},{"@type":"ImageObject","inLanguage":"ca","@id":"https:\/\/letrainjaune.fr\/ca\/?incontournable=forns-solars-montlluis-i-odello#primaryimage","url":"https:\/\/letrainjaune.fr\/wp-content\/uploads\/2021\/07\/four-solaire.jpg","contentUrl":"https:\/\/letrainjaune.fr\/wp-content\/uploads\/2021\/07\/four-solaire.jpg","width":1400,"height":1080,"caption":"El forn solar d\u2019Odell\u00f3"},{"@type":"BreadcrumbList","@id":"https:\/\/letrainjaune.fr\/ca\/?incontournable=forns-solars-montlluis-i-odello#breadcrumb","itemListElement":[{"@type":"ListItem","position":1,"name":"Benvinguda","item":"https:\/\/letrainjaune.fr\/ca\/"},{"@type":"ListItem","position":2,"name":"Forns solars Montllu\u00eds i Odell\u00f3"}]},{"@type":"WebSite","@id":"https:\/\/letrainjaune.fr\/ca\/#website","url":"https:\/\/letrainjaune.fr\/ca\/","name":"Dest\u00ed: El Tren Groc","description":"Dans les Pyr\u00e9n\u00e9es Catalanes, d\u00e9couvrez ce train sur le plus haut chemin de fer d\u2019Europe.","publisher":{"@id":"https:\/\/letrainjaune.fr\/ca\/#organization"},"potentialAction":[{"@type":"SearchAction","target":{"@type":"EntryPoint","urlTemplate":"https:\/\/letrainjaune.fr\/ca\/?s={search_term_string}"},"query-input":{"@type":"PropertyValueSpecification","valueRequired":true,"valueName":"search_term_string"}}],"inLanguage":"ca"},{"@type":"Organization","@id":"https:\/\/letrainjaune.fr\/ca\/#organization","name":"Dest\u00ed: El Tren Groc","url":"https:\/\/letrainjaune.fr\/ca\/","logo":{"@type":"ImageObject","inLanguage":"ca","@id":"https:\/\/letrainjaune.fr\/ca\/#\/schema\/logo\/image\/","url":"https:\/\/letrainjaune.fr\/wp-content\/uploads\/2021\/04\/TJ_logo-TJ-footer.svg","contentUrl":"https:\/\/letrainjaune.fr\/wp-content\/uploads\/2021\/04\/TJ_logo-TJ-footer.svg","width":"1920","height":"9999","caption":"Dest\u00ed: El Tren Groc"},"image":{"@id":"https:\/\/letrainjaune.fr\/ca\/#\/schema\/logo\/image\/"}}]}},"_links":{"self":[{"href":"https:\/\/letrainjaune.fr\/ca\/wp-json\/wp\/v2\/incontournable\/9741","targetHints":{"allow":["GET"]}}],"collection":[{"href":"https:\/\/letrainjaune.fr\/ca\/wp-json\/wp\/v2\/incontournable"}],"about":[{"href":"https:\/\/letrainjaune.fr\/ca\/wp-json\/wp\/v2\/types\/incontournable"}],"version-history":[{"count":1,"href":"https:\/\/letrainjaune.fr\/ca\/wp-json\/wp\/v2\/incontournable\/9741\/revisions"}],"predecessor-version":[{"id":9742,"href":"https:\/\/letrainjaune.fr\/ca\/wp-json\/wp\/v2\/incontournable\/9741\/revisions\/9742"}],"wp:featuredmedia":[{"embeddable":true,"href":"https:\/\/letrainjaune.fr\/ca\/wp-json\/wp\/v2\/media\/6638"}],"wp:attachment":[{"href":"https:\/\/letrainjaune.fr\/ca\/wp-json\/wp\/v2\/media?parent=9741"}],"curies":[{"name":"wp","href":"https:\/\/api.w.org\/{rel}","templated":true}]}}

Forns solars Montlluís i Odelló

<h4 class="wp-block-heading">Reflexos de l&#8217;entorn excepcional de la Cerdanya i símbols mundials de la recerca de l&#8217;energia solar a França. </h4>

<p>El 1946, el químic francès<em>Félix Trombe </em>trobà la manera d&#8217;arribar ràpidament a altes temperatures, mitjançant l&#8217;ús de la llum solar en un ambient molt pur. A causa de les condicions de sol excepcionals,<strong> el primer forn solar del món es construirà a Montlluís l&#8217;any 1949</strong>per concretar el treball sobre l&#8217;energia solar i provar les diverses possibilitats. </p>

<p>Aquest procés totalment innovador consisteix en un enorme mirall parabòlic que concentra els raigs solars en un sol punt, la qual cosa permet obtenir en aquest punt la temperatura de 3000°C, mai aconseguida durant un període tan llarg i de manera gratuïta !</p>

<p>Actualment, el forn de Montlluís encara es fa servir per a la investigació científica i per a la producció industrial i artesanal.</p>

<p>L&#8217;any 1968 es va encarregar el Gran Forn Solar d&#8217;Odelló després de vuit anys de treball. Amb una potència d&#8217;1 megavat, és un dels dos forns solars més grans del món. Amb 50 metres d&#8217;alçada i amb ni més ni menys que 63 miralls plans anomenats heliòstats que actuen concentrant els raigs, deu la seva fama als estudis que s&#8217;hi fan sobre els fenòmens de les altes temperatures i el comportament dels materials sotmesos a condicions extremes.</p>

<p>Igual que el forn solar de Montlluís, la ubicació del forn Odelló a 1500m d&#8217;altitud va ser escollida per les excepcionals condicions climàtiques de la Cerdanya: insolació, aire pur generat per l&#8217;altitud&#8230;</p>

<p>Avui, aquesta eina científica, que permet obtenir temperatures superiors als 3500°C en pocs segons gràcies a l&#8217;energia lliure i no contaminant, està operada pel CNRS.</p>
<figure class="wp-block-image size-large"><a href=https://letrainjaune.fr/wp-content/uploads/2022/05/2022-01-26-10.38.39-scaled.jpg title="Forns solars de Odelló" rel="prettyPhoto"><img src=https://letrainjaune.fr/wp-content/uploads/2022/05/2022-01-26-10.38.39-1920x2560.jpg alt="" title="Forns solars de Odelló" width="" class="wp-image-7673"/></a><figcaption>Forns solars de Odelló<span>&copy; Mairie de Font-Romeu</span></figcaption></figure>
<figure class="wp-block-pullquote"><blockquote><p>+33 4 68 30 77 86</p><cite>contact Forns solars de Odelló<br/><a href="http://www.foursolaire-fontromeu.fr/">www.foursolaire-fontromeu.fr</a></cite></blockquote></figure>
<div style="height:30px" aria-hidden="true" class="wp-block-spacer"></div>

<!-- This site is optimized with the Yoast SEO plugin v25.4 - https://yoast.com/wordpress/plugins/seo/ -->
<title>Forns solars Montlluís i Odelló - Destí: El Tren Groc</title>
<meta name="robots" content="index, follow, max-snippet:-1, max-image-preview:large, max-video-preview:-1" />
<link rel="canonical" href="https://letrainjaune.fr/ca/?incontournable=forns-solars-montlluis-i-odello" />
<meta property="og:locale" content="ca_ES" />
<meta property="og:type" content="article" />
<meta property="og:title" content="Forns solars Montlluís i Odelló - Destí: El Tren Groc" />
<meta property="og:description" content="Reflexos de l&#8217;entorn excepcional de la Cerdanya i símbols mundials de la recerca de l&#8217;energia solar a França. El 1946, el químic francèsFélix Trombe trobà la manera d&#8217;arribar ràpidament a altes temperatures, mitjançant l&#8217;ús de la llum solar en un ambient molt pur. A causa de les condicions de sol excepcionals, el primer forn solar [&hellip;]" />
<meta property="og:url" content="https://letrainjaune.fr/ca/?incontournable=forns-solars-montlluis-i-odello" />
<meta property="og:site_name" content="Destí: El Tren Groc" />
<meta property="article:modified_time" content="2023-06-13T15:28:05+00:00" />
<meta property="og:image" content="https://letrainjaune.fr/wp-content/uploads/2021/07/four-solaire.jpg" />
	<meta property="og:image:width" content="1400" />
	<meta property="og:image:height" content="1080" />
	<meta property="og:image:type" content="image/jpeg" />
<meta name="twitter:card" content="summary_large_image" />
<meta name="twitter:label1" content="Temps estimat de lectura" />
	<meta name="twitter:data1" content="2 minuts" />
<script type="application/ld+json" class="yoast-schema-graph">{"@context":"https://schema.org","@graph":[{"@type":"WebPage","@id":"https://letrainjaune.fr/ca/?incontournable=forns-solars-montlluis-i-odello","url":"https://letrainjaune.fr/ca/?incontournable=forns-solars-montlluis-i-odello","name":"Forns solars Montlluís i Odelló - Destí: El Tren Groc","isPartOf":{"@id":"https://letrainjaune.fr/ca/#website"},"primaryImageOfPage":{"@id":"https://letrainjaune.fr/ca/?incontournable=forns-solars-montlluis-i-odello#primaryimage"},"image":{"@id":"https://letrainjaune.fr/ca/?incontournable=forns-solars-montlluis-i-odello#primaryimage"},"thumbnailUrl":"https://letrainjaune.fr/wp-content/uploads/2021/07/four-solaire.jpg","datePublished":"2023-06-13T15:28:01+00:00","dateModified":"2023-06-13T15:28:05+00:00","breadcrumb":{"@id":"https://letrainjaune.fr/ca/?incontournable=forns-solars-montlluis-i-odello#breadcrumb"},"inLanguage":"ca","potentialAction":[{"@type":"ReadAction","target":["https://letrainjaune.fr/ca/?incontournable=forns-solars-montlluis-i-odello"]}]},{"@type":"ImageObject","inLanguage":"ca","@id":"https://letrainjaune.fr/ca/?incontournable=forns-solars-montlluis-i-odello#primaryimage","url":"https://letrainjaune.fr/wp-content/uploads/2021/07/four-solaire.jpg","contentUrl":"https://letrainjaune.fr/wp-content/uploads/2021/07/four-solaire.jpg","width":1400,"height":1080,"caption":"El forn solar d’Odelló"},{"@type":"BreadcrumbList","@id":"https://letrainjaune.fr/ca/?incontournable=forns-solars-montlluis-i-odello#breadcrumb","itemListElement":[{"@type":"ListItem","position":1,"name":"Benvinguda","item":"https://letrainjaune.fr/ca/"},{"@type":"ListItem","position":2,"name":"Forns solars Montlluís i Odelló"}]},{"@type":"WebSite","@id":"https://letrainjaune.fr/ca/#website","url":"https://letrainjaune.fr/ca/","name":"Destí: El Tren Groc","description":"Dans les Pyrénées Catalanes, découvrez ce train sur le plus haut chemin de fer d’Europe.","publisher":{"@id":"https://letrainjaune.fr/ca/#organization"},"potentialAction":[{"@type":"SearchAction","target":{"@type":"EntryPoint","urlTemplate":"https://letrainjaune.fr/ca/?s={search_term_string}"},"query-input":{"@type":"PropertyValueSpecification","valueRequired":true,"valueName":"search_term_string"}}],"inLanguage":"ca"},{"@type":"Organization","@id":"https://letrainjaune.fr/ca/#organization","name":"Destí: El Tren Groc","url":"https://letrainjaune.fr/ca/","logo":{"@type":"ImageObject","inLanguage":"ca","@id":"https://letrainjaune.fr/ca/#/schema/logo/image/","url":"https://letrainjaune.fr/wp-content/uploads/2021/04/TJ_logo-TJ-footer.svg","contentUrl":"https://letrainjaune.fr/wp-content/uploads/2021/04/TJ_logo-TJ-footer.svg","width":"1920","height":"9999","caption":"Destí: El Tren Groc"},"image":{"@id":"https://letrainjaune.fr/ca/#/schema/logo/image/"}}]}</script>
<!-- / Yoast SEO plugin. -->

Forns solars Montlluís i Odelló - Destí: El Tren Groc

Reflexos de l&#8217;entorn excepcional de la Cerdanya i símbols mundials de la recerca de l&#8217;energia solar a França. El 1946, el químic francèsFélix Trombe trobà la manera d&#8217;arribar ràpidament a altes temperatures, mitjançant l&#8217;ús de la llum solar en un ambient molt pur. A causa de les condicions de sol excepcionals, el primer forn solar [&hellip;]

Destí: El Tren Groc

El forn solar d’Odelló

Dans les Pyrénées Catalanes, découvrez ce train sur le plus haut chemin de fer d’Europe.
