{"id":9847,"date":"2023-06-20T14:46:33","date_gmt":"2023-06-20T12:46:33","guid":{"rendered":"https:\/\/letrainjaune.fr\/?temps_fort=festa-de-rotja"},"modified":"2023-06-20T14:46:38","modified_gmt":"2023-06-20T12:46:38","slug":"festa-de-rotja","status":"publish","type":"temps_fort","link":"https:\/\/letrainjaune.fr\/ca\/?temps_fort=festa-de-rotja","title":{"rendered":"Festa de Rotj\u00e0"},"content":{"rendered":"\n<h2 class=\"wp-block-heading\">Festival de la Poma de la Vall de Rotj\u00e0 <\/h2>\n\n<h3 class=\"wp-block-heading\">Cada darrer diumenge d&#8217;octubre t\u00e9 lloc la Festa de Rotj\u00e0, alternativament a Fuilla i Sahorre <\/h3>\n<figure class=\"wp-block-image size-large\"><a href=https:\/\/letrainjaune.fr\/wp-content\/uploads\/2021\/08\/Fete-de-la-Pomme-\u00a9S.jpg title=\"Festival de la Poma\" rel=\"prettyPhoto\"><img src=https:\/\/letrainjaune.fr\/wp-content\/uploads\/2021\/08\/Fete-de-la-Pomme-\u00a9S.jpg alt=\"\" title=\"Festival de la Poma\" width=\"\" class=\"wp-image-3903\"\/><\/a><figcaption>Festival de la Poma<span>&copy; OTCONFLENTCANIGO <\/span><\/figcaption><\/figure>\n<p>Celebra la fi de la verema i reuneix tots els productors, artesans i comerciants de la Vall de Rotj\u00e0 al voltant d&#8217;un mercat amable i una jornada festiva <\/p>\n\n<figure class=\"wp-block-pullquote\"><blockquote><p>Veniu a mossegar la poma de la Vall de Rotj\u00e0!<\/p><\/blockquote><\/figure>\n<p>Cada any, els productors de pomes s\u00f3n presents, aix\u00ed com els productors d&#8217;espirulina, safr\u00e0, mel, hibisc, xarcuteria, mel, formatges i altres productes procedents al\u00a0<strong>100% de la vall de Rotja<\/strong>.\u00a0Diverses activitats puntuen aquesta bonica jornada que anuncia la tardor i el canvi al temps hivernal&#8230;<\/p>\n\n<p>Aquesta festa pret\u00e9n promocionar les produccions de la Vall de Rotj\u00e0, principalment la poma, per\u00f2 tamb\u00e9 qualsevol producci\u00f3 agr\u00edcola o artesanal produ\u00efda a la vall.<\/p>\n\n<p>\u00c9s la comissi\u00f3 de festes que, juntament amb l&#8217;ajuntament, s&#8217;encarrega de l&#8217;organitzaci\u00f3 d&#8217;aquesta jornada. Es mobilitzen voluntaris per garantir la circulaci\u00f3 i la regulaci\u00f3 de l&#8217;aparcament als aparcaments rurals propers.<\/p>\n<figure class=\"wp-block-image size-large\"><a href=https:\/\/letrainjaune.fr\/wp-content\/uploads\/2021\/08\/Fete-de-la-pomme-\u00a9Ot-Conflent-Canigo-1.jpg title=\"Estand de productors locals\" rel=\"prettyPhoto\"><img src=https:\/\/letrainjaune.fr\/wp-content\/uploads\/2021\/08\/Fete-de-la-pomme-\u00a9Ot-Conflent-Canigo-1.jpg alt=\"\" title=\"Estand de productors locals\" width=\"\" class=\"wp-image-3911\"\/><\/a><figcaption>Estand de productors locals<span>&copy; OTCONFLENTCANIGO <\/span><\/figcaption><\/figure>\n<p>S&#8217;ofereixen moltes activitats als visitants i es reparteixen molts premis. Reserveu la data i veniu a participar, trieu les vostres varietats preferides i gaudiu de la festa!<\/p>\n\n<p><strong>I no oblideu la dita: \u201cuna poma al mat\u00ed allunya el metge\u201d!  <\/strong><\/p>\n","protected":false},"featured_media":3907,"menu_order":0,"template":"","class_list":["post-9847","temps_fort","type-temps_fort","status-publish","has-post-thumbnail","hentry"],"acf":[],"yoast_head":"<!-- This site is optimized with the Yoast SEO plugin v25.4 - https:\/\/yoast.com\/wordpress\/plugins\/seo\/ -->\n<title>Festa de Rotj\u00e0 - Dest\u00ed: El Tren Groc<\/title>\n<meta name=\"robots\" content=\"index, follow, max-snippet:-1, max-image-preview:large, max-video-preview:-1\" \/>\n<link rel=\"canonical\" href=\"https:\/\/letrainjaune.fr\/ca\/?temps_fort=festa-de-rotja\" \/>\n<meta property=\"og:locale\" content=\"ca_ES\" \/>\n<meta property=\"og:type\" content=\"article\" \/>\n<meta property=\"og:title\" content=\"Festa de Rotj\u00e0 - Dest\u00ed: El Tren Groc\" \/>\n<meta property=\"og:description\" content=\"Festival de la Poma de la Vall de Rotj\u00e0 Cada darrer diumenge d&#8217;octubre t\u00e9 lloc la Festa de Rotj\u00e0, alternativament a Fuilla i Sahorre Celebra la fi de la verema i reuneix tots els productors, artesans i comerciants de la Vall de Rotj\u00e0 al voltant d&#8217;un mercat amable i una jornada festiva Veniu a mossegar [&hellip;]\" \/>\n<meta property=\"og:url\" content=\"https:\/\/letrainjaune.fr\/ca\/?temps_fort=festa-de-rotja\" \/>\n<meta property=\"og:site_name\" content=\"Dest\u00ed: El Tren Groc\" \/>\n<meta property=\"article:modified_time\" content=\"2023-06-20T12:46:38+00:00\" \/>\n<meta property=\"og:image\" content=\"https:\/\/letrainjaune.fr\/wp-content\/uploads\/2021\/08\/OUV_Fete-de-la-Pomme-\u00a9-Mitchinson.jpg\" \/>\n\t<meta property=\"og:image:width\" content=\"2500\" \/>\n\t<meta property=\"og:image:height\" content=\"1667\" \/>\n\t<meta property=\"og:image:type\" content=\"image\/jpeg\" \/>\n<meta name=\"twitter:card\" content=\"summary_large_image\" \/>\n<meta name=\"twitter:label1\" content=\"Temps estimat de lectura\" \/>\n\t<meta name=\"twitter:data1\" content=\"1 minut\" \/>\n<script type=\"application\/ld+json\" class=\"yoast-schema-graph\">{\"@context\":\"https:\/\/schema.org\",\"@graph\":[{\"@type\":\"WebPage\",\"@id\":\"https:\/\/letrainjaune.fr\/ca\/?temps_fort=festa-de-rotja\",\"url\":\"https:\/\/letrainjaune.fr\/ca\/?temps_fort=festa-de-rotja\",\"name\":\"Festa de Rotj\u00e0 - Dest\u00ed: El Tren Groc\",\"isPartOf\":{\"@id\":\"https:\/\/letrainjaune.fr\/ca\/#website\"},\"primaryImageOfPage\":{\"@id\":\"https:\/\/letrainjaune.fr\/ca\/?temps_fort=festa-de-rotja#primaryimage\"},\"image\":{\"@id\":\"https:\/\/letrainjaune.fr\/ca\/?temps_fort=festa-de-rotja#primaryimage\"},\"thumbnailUrl\":\"https:\/\/letrainjaune.fr\/wp-content\/uploads\/2021\/08\/OUV_Fete-de-la-Pomme-\u00a9-Mitchinson.jpg\",\"datePublished\":\"2023-06-20T12:46:33+00:00\",\"dateModified\":\"2023-06-20T12:46:38+00:00\",\"breadcrumb\":{\"@id\":\"https:\/\/letrainjaune.fr\/ca\/?temps_fort=festa-de-rotja#breadcrumb\"},\"inLanguage\":\"ca\",\"potentialAction\":[{\"@type\":\"ReadAction\",\"target\":[\"https:\/\/letrainjaune.fr\/ca\/?temps_fort=festa-de-rotja\"]}]},{\"@type\":\"ImageObject\",\"inLanguage\":\"ca\",\"@id\":\"https:\/\/letrainjaune.fr\/ca\/?temps_fort=festa-de-rotja#primaryimage\",\"url\":\"https:\/\/letrainjaune.fr\/wp-content\/uploads\/2021\/08\/OUV_Fete-de-la-Pomme-\u00a9-Mitchinson.jpg\",\"contentUrl\":\"https:\/\/letrainjaune.fr\/wp-content\/uploads\/2021\/08\/OUV_Fete-de-la-Pomme-\u00a9-Mitchinson.jpg\",\"width\":2500,\"height\":1667,\"caption\":\"Festival de la Poma\"},{\"@type\":\"BreadcrumbList\",\"@id\":\"https:\/\/letrainjaune.fr\/ca\/?temps_fort=festa-de-rotja#breadcrumb\",\"itemListElement\":[{\"@type\":\"ListItem\",\"position\":1,\"name\":\"Benvinguda\",\"item\":\"https:\/\/letrainjaune.fr\/ca\/\"},{\"@type\":\"ListItem\",\"position\":2,\"name\":\"Festa de Rotj\u00e0\"}]},{\"@type\":\"WebSite\",\"@id\":\"https:\/\/letrainjaune.fr\/ca\/#website\",\"url\":\"https:\/\/letrainjaune.fr\/ca\/\",\"name\":\"Dest\u00ed: El Tren Groc\",\"description\":\"Dans les Pyr\u00e9n\u00e9es Catalanes, d\u00e9couvrez ce train sur le plus haut chemin de fer d\u2019Europe.\",\"publisher\":{\"@id\":\"https:\/\/letrainjaune.fr\/ca\/#organization\"},\"potentialAction\":[{\"@type\":\"SearchAction\",\"target\":{\"@type\":\"EntryPoint\",\"urlTemplate\":\"https:\/\/letrainjaune.fr\/ca\/?s={search_term_string}\"},\"query-input\":{\"@type\":\"PropertyValueSpecification\",\"valueRequired\":true,\"valueName\":\"search_term_string\"}}],\"inLanguage\":\"ca\"},{\"@type\":\"Organization\",\"@id\":\"https:\/\/letrainjaune.fr\/ca\/#organization\",\"name\":\"Dest\u00ed: El Tren Groc\",\"url\":\"https:\/\/letrainjaune.fr\/ca\/\",\"logo\":{\"@type\":\"ImageObject\",\"inLanguage\":\"ca\",\"@id\":\"https:\/\/letrainjaune.fr\/ca\/#\/schema\/logo\/image\/\",\"url\":\"https:\/\/letrainjaune.fr\/wp-content\/uploads\/2021\/04\/TJ_logo-TJ-footer.svg\",\"contentUrl\":\"https:\/\/letrainjaune.fr\/wp-content\/uploads\/2021\/04\/TJ_logo-TJ-footer.svg\",\"width\":\"1920\",\"height\":\"9999\",\"caption\":\"Dest\u00ed: El Tren Groc\"},\"image\":{\"@id\":\"https:\/\/letrainjaune.fr\/ca\/#\/schema\/logo\/image\/\"}}]}<\/script>\n<!-- \/ Yoast SEO plugin. -->","yoast_head_json":{"title":"Festa de Rotj\u00e0 - Dest\u00ed: El Tren Groc","robots":{"index":"index","follow":"follow","max-snippet":"max-snippet:-1","max-image-preview":"max-image-preview:large","max-video-preview":"max-video-preview:-1"},"canonical":"https:\/\/letrainjaune.fr\/ca\/?temps_fort=festa-de-rotja","og_locale":"ca_ES","og_type":"article","og_title":"Festa de Rotj\u00e0 - Dest\u00ed: El Tren Groc","og_description":"Festival de la Poma de la Vall de Rotj\u00e0 Cada darrer diumenge d&#8217;octubre t\u00e9 lloc la Festa de Rotj\u00e0, alternativament a Fuilla i Sahorre Celebra la fi de la verema i reuneix tots els productors, artesans i comerciants de la Vall de Rotj\u00e0 al voltant d&#8217;un mercat amable i una jornada festiva Veniu a mossegar [&hellip;]","og_url":"https:\/\/letrainjaune.fr\/ca\/?temps_fort=festa-de-rotja","og_site_name":"Dest\u00ed: El Tren Groc","article_modified_time":"2023-06-20T12:46:38+00:00","og_image":[{"width":2500,"height":1667,"url":"https:\/\/letrainjaune.fr\/wp-content\/uploads\/2021\/08\/OUV_Fete-de-la-Pomme-\u00a9-Mitchinson.jpg","type":"image\/jpeg"}],"twitter_card":"summary_large_image","twitter_misc":{"Temps estimat de lectura":"1 minut"},"schema":{"@context":"https:\/\/schema.org","@graph":[{"@type":"WebPage","@id":"https:\/\/letrainjaune.fr\/ca\/?temps_fort=festa-de-rotja","url":"https:\/\/letrainjaune.fr\/ca\/?temps_fort=festa-de-rotja","name":"Festa de Rotj\u00e0 - Dest\u00ed: El Tren Groc","isPartOf":{"@id":"https:\/\/letrainjaune.fr\/ca\/#website"},"primaryImageOfPage":{"@id":"https:\/\/letrainjaune.fr\/ca\/?temps_fort=festa-de-rotja#primaryimage"},"image":{"@id":"https:\/\/letrainjaune.fr\/ca\/?temps_fort=festa-de-rotja#primaryimage"},"thumbnailUrl":"https:\/\/letrainjaune.fr\/wp-content\/uploads\/2021\/08\/OUV_Fete-de-la-Pomme-\u00a9-Mitchinson.jpg","datePublished":"2023-06-20T12:46:33+00:00","dateModified":"2023-06-20T12:46:38+00:00","breadcrumb":{"@id":"https:\/\/letrainjaune.fr\/ca\/?temps_fort=festa-de-rotja#breadcrumb"},"inLanguage":"ca","potentialAction":[{"@type":"ReadAction","target":["https:\/\/letrainjaune.fr\/ca\/?temps_fort=festa-de-rotja"]}]},{"@type":"ImageObject","inLanguage":"ca","@id":"https:\/\/letrainjaune.fr\/ca\/?temps_fort=festa-de-rotja#primaryimage","url":"https:\/\/letrainjaune.fr\/wp-content\/uploads\/2021\/08\/OUV_Fete-de-la-Pomme-\u00a9-Mitchinson.jpg","contentUrl":"https:\/\/letrainjaune.fr\/wp-content\/uploads\/2021\/08\/OUV_Fete-de-la-Pomme-\u00a9-Mitchinson.jpg","width":2500,"height":1667,"caption":"Festival de la Poma"},{"@type":"BreadcrumbList","@id":"https:\/\/letrainjaune.fr\/ca\/?temps_fort=festa-de-rotja#breadcrumb","itemListElement":[{"@type":"ListItem","position":1,"name":"Benvinguda","item":"https:\/\/letrainjaune.fr\/ca\/"},{"@type":"ListItem","position":2,"name":"Festa de Rotj\u00e0"}]},{"@type":"WebSite","@id":"https:\/\/letrainjaune.fr\/ca\/#website","url":"https:\/\/letrainjaune.fr\/ca\/","name":"Dest\u00ed: El Tren Groc","description":"Dans les Pyr\u00e9n\u00e9es Catalanes, d\u00e9couvrez ce train sur le plus haut chemin de fer d\u2019Europe.","publisher":{"@id":"https:\/\/letrainjaune.fr\/ca\/#organization"},"potentialAction":[{"@type":"SearchAction","target":{"@type":"EntryPoint","urlTemplate":"https:\/\/letrainjaune.fr\/ca\/?s={search_term_string}"},"query-input":{"@type":"PropertyValueSpecification","valueRequired":true,"valueName":"search_term_string"}}],"inLanguage":"ca"},{"@type":"Organization","@id":"https:\/\/letrainjaune.fr\/ca\/#organization","name":"Dest\u00ed: El Tren Groc","url":"https:\/\/letrainjaune.fr\/ca\/","logo":{"@type":"ImageObject","inLanguage":"ca","@id":"https:\/\/letrainjaune.fr\/ca\/#\/schema\/logo\/image\/","url":"https:\/\/letrainjaune.fr\/wp-content\/uploads\/2021\/04\/TJ_logo-TJ-footer.svg","contentUrl":"https:\/\/letrainjaune.fr\/wp-content\/uploads\/2021\/04\/TJ_logo-TJ-footer.svg","width":"1920","height":"9999","caption":"Dest\u00ed: El Tren Groc"},"image":{"@id":"https:\/\/letrainjaune.fr\/ca\/#\/schema\/logo\/image\/"}}]}},"_links":{"self":[{"href":"https:\/\/letrainjaune.fr\/ca\/wp-json\/wp\/v2\/temps_fort\/9847","targetHints":{"allow":["GET"]}}],"collection":[{"href":"https:\/\/letrainjaune.fr\/ca\/wp-json\/wp\/v2\/temps_fort"}],"about":[{"href":"https:\/\/letrainjaune.fr\/ca\/wp-json\/wp\/v2\/types\/temps_fort"}],"version-history":[{"count":1,"href":"https:\/\/letrainjaune.fr\/ca\/wp-json\/wp\/v2\/temps_fort\/9847\/revisions"}],"predecessor-version":[{"id":9848,"href":"https:\/\/letrainjaune.fr\/ca\/wp-json\/wp\/v2\/temps_fort\/9847\/revisions\/9848"}],"wp:featuredmedia":[{"embeddable":true,"href":"https:\/\/letrainjaune.fr\/ca\/wp-json\/wp\/v2\/media\/3907"}],"wp:attachment":[{"href":"https:\/\/letrainjaune.fr\/ca\/wp-json\/wp\/v2\/media?parent=9847"}],"curies":[{"name":"wp","href":"https:\/\/api.w.org\/{rel}","templated":true}]}}

Festa de Rotjà

<h2 class="wp-block-heading">Festival de la Poma de la Vall de Rotjà </h2>

<h3 class="wp-block-heading">Cada darrer diumenge d&#8217;octubre té lloc la Festa de Rotjà, alternativament a Fuilla i Sahorre </h3>
<figure class="wp-block-image size-large"><a href=https://letrainjaune.fr/wp-content/uploads/2021/08/Fete-de-la-Pomme-©S.jpg title="Festival de la Poma" rel="prettyPhoto"><img src=https://letrainjaune.fr/wp-content/uploads/2021/08/Fete-de-la-Pomme-©S.jpg alt="" title="Festival de la Poma" width="" class="wp-image-3903"/></a><figcaption>Festival de la Poma<span>&copy; OTCONFLENTCANIGO </span></figcaption></figure>
<p>Celebra la fi de la verema i reuneix tots els productors, artesans i comerciants de la Vall de Rotjà al voltant d&#8217;un mercat amable i una jornada festiva </p>

<figure class="wp-block-pullquote"><blockquote><p>Veniu a mossegar la poma de la Vall de Rotjà!</p></blockquote></figure>
<p>Cada any, els productors de pomes són presents, així com els productors d&#8217;espirulina, safrà, mel, hibisc, xarcuteria, mel, formatges i altres productes procedents al <strong>100% de la vall de Rotja</strong>. Diverses activitats puntuen aquesta bonica jornada que anuncia la tardor i el canvi al temps hivernal&#8230;</p>

<p>Aquesta festa pretén promocionar les produccions de la Vall de Rotjà, principalment la poma, però també qualsevol producció agrícola o artesanal produïda a la vall.</p>

<p>És la comissió de festes que, juntament amb l&#8217;ajuntament, s&#8217;encarrega de l&#8217;organització d&#8217;aquesta jornada. Es mobilitzen voluntaris per garantir la circulació i la regulació de l&#8217;aparcament als aparcaments rurals propers.</p>
<figure class="wp-block-image size-large"><a href=https://letrainjaune.fr/wp-content/uploads/2021/08/Fete-de-la-pomme-©Ot-Conflent-Canigo-1.jpg title="Estand de productors locals" rel="prettyPhoto"><img src=https://letrainjaune.fr/wp-content/uploads/2021/08/Fete-de-la-pomme-©Ot-Conflent-Canigo-1.jpg alt="" title="Estand de productors locals" width="" class="wp-image-3911"/></a><figcaption>Estand de productors locals<span>&copy; OTCONFLENTCANIGO </span></figcaption></figure>
<p>S&#8217;ofereixen moltes activitats als visitants i es reparteixen molts premis. Reserveu la data i veniu a participar, trieu les vostres varietats preferides i gaudiu de la festa!</p>

<p><strong>I no oblideu la dita: “una poma al matí allunya el metge”!  </strong></p>

<!-- This site is optimized with the Yoast SEO plugin v25.4 - https://yoast.com/wordpress/plugins/seo/ -->
<title>Festa de Rotjà - Destí: El Tren Groc</title>
<meta name="robots" content="index, follow, max-snippet:-1, max-image-preview:large, max-video-preview:-1" />
<link rel="canonical" href="https://letrainjaune.fr/ca/?temps_fort=festa-de-rotja" />
<meta property="og:locale" content="ca_ES" />
<meta property="og:type" content="article" />
<meta property="og:title" content="Festa de Rotjà - Destí: El Tren Groc" />
<meta property="og:description" content="Festival de la Poma de la Vall de Rotjà Cada darrer diumenge d&#8217;octubre té lloc la Festa de Rotjà, alternativament a Fuilla i Sahorre Celebra la fi de la verema i reuneix tots els productors, artesans i comerciants de la Vall de Rotjà al voltant d&#8217;un mercat amable i una jornada festiva Veniu a mossegar [&hellip;]" />
<meta property="og:url" content="https://letrainjaune.fr/ca/?temps_fort=festa-de-rotja" />
<meta property="og:site_name" content="Destí: El Tren Groc" />
<meta property="article:modified_time" content="2023-06-20T12:46:38+00:00" />
<meta property="og:image" content="https://letrainjaune.fr/wp-content/uploads/2021/08/OUV_Fete-de-la-Pomme-©-Mitchinson.jpg" />
	<meta property="og:image:width" content="2500" />
	<meta property="og:image:height" content="1667" />
	<meta property="og:image:type" content="image/jpeg" />
<meta name="twitter:card" content="summary_large_image" />
<meta name="twitter:label1" content="Temps estimat de lectura" />
	<meta name="twitter:data1" content="1 minut" />
<script type="application/ld+json" class="yoast-schema-graph">{"@context":"https://schema.org","@graph":[{"@type":"WebPage","@id":"https://letrainjaune.fr/ca/?temps_fort=festa-de-rotja","url":"https://letrainjaune.fr/ca/?temps_fort=festa-de-rotja","name":"Festa de Rotjà - Destí: El Tren Groc","isPartOf":{"@id":"https://letrainjaune.fr/ca/#website"},"primaryImageOfPage":{"@id":"https://letrainjaune.fr/ca/?temps_fort=festa-de-rotja#primaryimage"},"image":{"@id":"https://letrainjaune.fr/ca/?temps_fort=festa-de-rotja#primaryimage"},"thumbnailUrl":"https://letrainjaune.fr/wp-content/uploads/2021/08/OUV_Fete-de-la-Pomme-©-Mitchinson.jpg","datePublished":"2023-06-20T12:46:33+00:00","dateModified":"2023-06-20T12:46:38+00:00","breadcrumb":{"@id":"https://letrainjaune.fr/ca/?temps_fort=festa-de-rotja#breadcrumb"},"inLanguage":"ca","potentialAction":[{"@type":"ReadAction","target":["https://letrainjaune.fr/ca/?temps_fort=festa-de-rotja"]}]},{"@type":"ImageObject","inLanguage":"ca","@id":"https://letrainjaune.fr/ca/?temps_fort=festa-de-rotja#primaryimage","url":"https://letrainjaune.fr/wp-content/uploads/2021/08/OUV_Fete-de-la-Pomme-©-Mitchinson.jpg","contentUrl":"https://letrainjaune.fr/wp-content/uploads/2021/08/OUV_Fete-de-la-Pomme-©-Mitchinson.jpg","width":2500,"height":1667,"caption":"Festival de la Poma"},{"@type":"BreadcrumbList","@id":"https://letrainjaune.fr/ca/?temps_fort=festa-de-rotja#breadcrumb","itemListElement":[{"@type":"ListItem","position":1,"name":"Benvinguda","item":"https://letrainjaune.fr/ca/"},{"@type":"ListItem","position":2,"name":"Festa de Rotjà"}]},{"@type":"WebSite","@id":"https://letrainjaune.fr/ca/#website","url":"https://letrainjaune.fr/ca/","name":"Destí: El Tren Groc","description":"Dans les Pyrénées Catalanes, découvrez ce train sur le plus haut chemin de fer d’Europe.","publisher":{"@id":"https://letrainjaune.fr/ca/#organization"},"potentialAction":[{"@type":"SearchAction","target":{"@type":"EntryPoint","urlTemplate":"https://letrainjaune.fr/ca/?s={search_term_string}"},"query-input":{"@type":"PropertyValueSpecification","valueRequired":true,"valueName":"search_term_string"}}],"inLanguage":"ca"},{"@type":"Organization","@id":"https://letrainjaune.fr/ca/#organization","name":"Destí: El Tren Groc","url":"https://letrainjaune.fr/ca/","logo":{"@type":"ImageObject","inLanguage":"ca","@id":"https://letrainjaune.fr/ca/#/schema/logo/image/","url":"https://letrainjaune.fr/wp-content/uploads/2021/04/TJ_logo-TJ-footer.svg","contentUrl":"https://letrainjaune.fr/wp-content/uploads/2021/04/TJ_logo-TJ-footer.svg","width":"1920","height":"9999","caption":"Destí: El Tren Groc"},"image":{"@id":"https://letrainjaune.fr/ca/#/schema/logo/image/"}}]}</script>
<!-- / Yoast SEO plugin. -->

Festa de Rotjà - Destí: El Tren Groc

Festival de la Poma de la Vall de Rotjà Cada darrer diumenge d&#8217;octubre té lloc la Festa de Rotjà, alternativament a Fuilla i Sahorre Celebra la fi de la verema i reuneix tots els productors, artesans i comerciants de la Vall de Rotjà al voltant d&#8217;un mercat amable i una jornada festiva Veniu a mossegar [&hellip;]

Destí: El Tren Groc

Dans les Pyrénées Catalanes, découvrez ce train sur le plus haut chemin de fer d’Europe.
