{"id":9880,"date":"2023-06-22T10:58:08","date_gmt":"2023-06-22T08:58:08","guid":{"rendered":"https:\/\/letrainjaune.fr\/?temps_fort=festa-del-pa"},"modified":"2023-06-22T10:58:10","modified_gmt":"2023-06-22T08:58:10","slug":"festa-del-pa","status":"publish","type":"temps_fort","link":"https:\/\/letrainjaune.fr\/ca\/?temps_fort=festa-del-pa","title":{"rendered":"Festa del pa"},"content":{"rendered":"\n<h2 class=\"wp-block-heading\">Elaboraci\u00f3 de pa, una tradici\u00f3 artesanal a Palau-de-Cerdanya <\/h2>\n\n<p>Amb motiu de la festa del pa, el poble ofereix a cada fam\u00edlia de Palauenque un pa cuit a l&#8217;antiga fleca del poble, la fleca ARIS. <\/p>\n\n<p>La fleca va cessar la seva activitat l&#8217;any 1956 i l&#8217;any 1998 el municipi va decidir tornar-la a comprar per poder-la explotar un cop l&#8217;any. El 13 d&#8217;agost de 1999 va tenir lloc la primera festa del pa, que continua cada any el 13 d&#8217;agost. Des de l&#8217;any 1999, aquest esdeveniment ha estat un \u00e8xit que no ha vacil\u00b7lat, esdevenint una cita obligada en ple estiu cerdan\u00e8s.<\/p>\n<figure class=\"wp-block-image size-large\"><a href=https:\/\/letrainjaune.fr\/wp-content\/uploads\/2021\/08\/Traditions-fetes-Fete-du-pain-Palau-de-Cerdagne\u00a9-Fred-BERLIC-scaled.jpg title=\"Festa del pa de Palau-de-Cerdanya\" rel=\"prettyPhoto\"><img src=https:\/\/letrainjaune.fr\/wp-content\/uploads\/2021\/08\/Traditions-fetes-Fete-du-pain-Palau-de-Cerdagne\u00a9-Fred-BERLIC-1920x2548.jpg alt=\"\" title=\"Festa del pa de Palau-de-Cerdanya\" width=\"\" class=\"wp-image-4019\"\/><\/a><figcaption>Festa del pa de Palau-de-Cerdanya<span>&copy; Frederique Berlic<\/span><\/figcaption><\/figure>\n<p>La Comunitat de Comars de Cerdanya dels Pirineus va participar en la rehabilitaci\u00f3 de l&#8217;antiga fleca. La pastadora \u201cC\u00f2rsega\u201d i les eines s\u00f3n originals. El forn de 6 m\u00b2 pot agafar 30 pans rodons de 2 quilos per lot. El seu escalfament es fa amb 3 setmanes d&#8217;antelaci\u00f3 perqu\u00e8 la massa de ma\u00f3 i terra assoleixi una temperatura uniforme tant per al terrat com per al terra. Un cop consumida, s&#8217;evacuen les brases de l&#8217;interior del forn i es neteja el terra.<\/p>\n","protected":false},"featured_media":4014,"menu_order":0,"template":"","class_list":["post-9880","temps_fort","type-temps_fort","status-publish","has-post-thumbnail","hentry"],"acf":[],"yoast_head":"<!-- This site is optimized with the Yoast SEO plugin v25.4 - https:\/\/yoast.com\/wordpress\/plugins\/seo\/ -->\n<title>Festa del pa - Dest\u00ed: El Tren Groc<\/title>\n<meta name=\"robots\" content=\"index, follow, max-snippet:-1, max-image-preview:large, max-video-preview:-1\" \/>\n<link rel=\"canonical\" href=\"https:\/\/letrainjaune.fr\/ca\/?temps_fort=festa-del-pa\" \/>\n<meta property=\"og:locale\" content=\"ca_ES\" \/>\n<meta property=\"og:type\" content=\"article\" \/>\n<meta property=\"og:title\" content=\"Festa del pa - Dest\u00ed: El Tren Groc\" \/>\n<meta property=\"og:description\" content=\"Elaboraci\u00f3 de pa, una tradici\u00f3 artesanal a Palau-de-Cerdanya Amb motiu de la festa del pa, el poble ofereix a cada fam\u00edlia de Palauenque un pa cuit a l&#8217;antiga fleca del poble, la fleca ARIS. La fleca va cessar la seva activitat l&#8217;any 1956 i l&#8217;any 1998 el municipi va decidir tornar-la a comprar per poder-la [&hellip;]\" \/>\n<meta property=\"og:url\" content=\"https:\/\/letrainjaune.fr\/ca\/?temps_fort=festa-del-pa\" \/>\n<meta property=\"og:site_name\" content=\"Dest\u00ed: El Tren Groc\" \/>\n<meta property=\"article:modified_time\" content=\"2023-06-22T08:58:10+00:00\" \/>\n<meta property=\"og:image\" content=\"https:\/\/letrainjaune.fr\/wp-content\/uploads\/2021\/08\/Traditions-fetes-Fete-du-Pain-Palau-de-Cerdagne-\u00a9Frederique-BERLIC-scaled.jpg\" \/>\n\t<meta property=\"og:image:width\" content=\"1275\" \/>\n\t<meta property=\"og:image:height\" content=\"1920\" \/>\n\t<meta property=\"og:image:type\" content=\"image\/jpeg\" \/>\n<meta name=\"twitter:card\" content=\"summary_large_image\" \/>\n<meta name=\"twitter:label1\" content=\"Temps estimat de lectura\" \/>\n\t<meta name=\"twitter:data1\" content=\"1 minut\" \/>\n<script type=\"application\/ld+json\" class=\"yoast-schema-graph\">{\"@context\":\"https:\/\/schema.org\",\"@graph\":[{\"@type\":\"WebPage\",\"@id\":\"https:\/\/letrainjaune.fr\/ca\/?temps_fort=festa-del-pa\",\"url\":\"https:\/\/letrainjaune.fr\/ca\/?temps_fort=festa-del-pa\",\"name\":\"Festa del pa - Dest\u00ed: El Tren Groc\",\"isPartOf\":{\"@id\":\"https:\/\/letrainjaune.fr\/ca\/#website\"},\"primaryImageOfPage\":{\"@id\":\"https:\/\/letrainjaune.fr\/ca\/?temps_fort=festa-del-pa#primaryimage\"},\"image\":{\"@id\":\"https:\/\/letrainjaune.fr\/ca\/?temps_fort=festa-del-pa#primaryimage\"},\"thumbnailUrl\":\"https:\/\/letrainjaune.fr\/wp-content\/uploads\/2021\/08\/Traditions-fetes-Fete-du-Pain-Palau-de-Cerdagne-\u00a9Frederique-BERLIC-scaled.jpg\",\"datePublished\":\"2023-06-22T08:58:08+00:00\",\"dateModified\":\"2023-06-22T08:58:10+00:00\",\"breadcrumb\":{\"@id\":\"https:\/\/letrainjaune.fr\/ca\/?temps_fort=festa-del-pa#breadcrumb\"},\"inLanguage\":\"ca\",\"potentialAction\":[{\"@type\":\"ReadAction\",\"target\":[\"https:\/\/letrainjaune.fr\/ca\/?temps_fort=festa-del-pa\"]}]},{\"@type\":\"ImageObject\",\"inLanguage\":\"ca\",\"@id\":\"https:\/\/letrainjaune.fr\/ca\/?temps_fort=festa-del-pa#primaryimage\",\"url\":\"https:\/\/letrainjaune.fr\/wp-content\/uploads\/2021\/08\/Traditions-fetes-Fete-du-Pain-Palau-de-Cerdagne-\u00a9Frederique-BERLIC-scaled.jpg\",\"contentUrl\":\"https:\/\/letrainjaune.fr\/wp-content\/uploads\/2021\/08\/Traditions-fetes-Fete-du-Pain-Palau-de-Cerdagne-\u00a9Frederique-BERLIC-scaled.jpg\",\"width\":1275,\"height\":1920,\"caption\":\"Festa del pa de Palau-de-Cerdanya\"},{\"@type\":\"BreadcrumbList\",\"@id\":\"https:\/\/letrainjaune.fr\/ca\/?temps_fort=festa-del-pa#breadcrumb\",\"itemListElement\":[{\"@type\":\"ListItem\",\"position\":1,\"name\":\"Benvinguda\",\"item\":\"https:\/\/letrainjaune.fr\/ca\/\"},{\"@type\":\"ListItem\",\"position\":2,\"name\":\"Festa del pa\"}]},{\"@type\":\"WebSite\",\"@id\":\"https:\/\/letrainjaune.fr\/ca\/#website\",\"url\":\"https:\/\/letrainjaune.fr\/ca\/\",\"name\":\"Dest\u00ed: El Tren Groc\",\"description\":\"Dans les Pyr\u00e9n\u00e9es Catalanes, d\u00e9couvrez ce train sur le plus haut chemin de fer d\u2019Europe.\",\"publisher\":{\"@id\":\"https:\/\/letrainjaune.fr\/ca\/#organization\"},\"potentialAction\":[{\"@type\":\"SearchAction\",\"target\":{\"@type\":\"EntryPoint\",\"urlTemplate\":\"https:\/\/letrainjaune.fr\/ca\/?s={search_term_string}\"},\"query-input\":{\"@type\":\"PropertyValueSpecification\",\"valueRequired\":true,\"valueName\":\"search_term_string\"}}],\"inLanguage\":\"ca\"},{\"@type\":\"Organization\",\"@id\":\"https:\/\/letrainjaune.fr\/ca\/#organization\",\"name\":\"Dest\u00ed: El Tren Groc\",\"url\":\"https:\/\/letrainjaune.fr\/ca\/\",\"logo\":{\"@type\":\"ImageObject\",\"inLanguage\":\"ca\",\"@id\":\"https:\/\/letrainjaune.fr\/ca\/#\/schema\/logo\/image\/\",\"url\":\"https:\/\/letrainjaune.fr\/wp-content\/uploads\/2021\/04\/TJ_logo-TJ-footer.svg\",\"contentUrl\":\"https:\/\/letrainjaune.fr\/wp-content\/uploads\/2021\/04\/TJ_logo-TJ-footer.svg\",\"width\":\"1920\",\"height\":\"9999\",\"caption\":\"Dest\u00ed: El Tren Groc\"},\"image\":{\"@id\":\"https:\/\/letrainjaune.fr\/ca\/#\/schema\/logo\/image\/\"}}]}<\/script>\n<!-- \/ Yoast SEO plugin. -->","yoast_head_json":{"title":"Festa del pa - Dest\u00ed: El Tren Groc","robots":{"index":"index","follow":"follow","max-snippet":"max-snippet:-1","max-image-preview":"max-image-preview:large","max-video-preview":"max-video-preview:-1"},"canonical":"https:\/\/letrainjaune.fr\/ca\/?temps_fort=festa-del-pa","og_locale":"ca_ES","og_type":"article","og_title":"Festa del pa - Dest\u00ed: El Tren Groc","og_description":"Elaboraci\u00f3 de pa, una tradici\u00f3 artesanal a Palau-de-Cerdanya Amb motiu de la festa del pa, el poble ofereix a cada fam\u00edlia de Palauenque un pa cuit a l&#8217;antiga fleca del poble, la fleca ARIS. La fleca va cessar la seva activitat l&#8217;any 1956 i l&#8217;any 1998 el municipi va decidir tornar-la a comprar per poder-la [&hellip;]","og_url":"https:\/\/letrainjaune.fr\/ca\/?temps_fort=festa-del-pa","og_site_name":"Dest\u00ed: El Tren Groc","article_modified_time":"2023-06-22T08:58:10+00:00","og_image":[{"width":1275,"height":1920,"url":"https:\/\/letrainjaune.fr\/wp-content\/uploads\/2021\/08\/Traditions-fetes-Fete-du-Pain-Palau-de-Cerdagne-\u00a9Frederique-BERLIC-scaled.jpg","type":"image\/jpeg"}],"twitter_card":"summary_large_image","twitter_misc":{"Temps estimat de lectura":"1 minut"},"schema":{"@context":"https:\/\/schema.org","@graph":[{"@type":"WebPage","@id":"https:\/\/letrainjaune.fr\/ca\/?temps_fort=festa-del-pa","url":"https:\/\/letrainjaune.fr\/ca\/?temps_fort=festa-del-pa","name":"Festa del pa - Dest\u00ed: El Tren Groc","isPartOf":{"@id":"https:\/\/letrainjaune.fr\/ca\/#website"},"primaryImageOfPage":{"@id":"https:\/\/letrainjaune.fr\/ca\/?temps_fort=festa-del-pa#primaryimage"},"image":{"@id":"https:\/\/letrainjaune.fr\/ca\/?temps_fort=festa-del-pa#primaryimage"},"thumbnailUrl":"https:\/\/letrainjaune.fr\/wp-content\/uploads\/2021\/08\/Traditions-fetes-Fete-du-Pain-Palau-de-Cerdagne-\u00a9Frederique-BERLIC-scaled.jpg","datePublished":"2023-06-22T08:58:08+00:00","dateModified":"2023-06-22T08:58:10+00:00","breadcrumb":{"@id":"https:\/\/letrainjaune.fr\/ca\/?temps_fort=festa-del-pa#breadcrumb"},"inLanguage":"ca","potentialAction":[{"@type":"ReadAction","target":["https:\/\/letrainjaune.fr\/ca\/?temps_fort=festa-del-pa"]}]},{"@type":"ImageObject","inLanguage":"ca","@id":"https:\/\/letrainjaune.fr\/ca\/?temps_fort=festa-del-pa#primaryimage","url":"https:\/\/letrainjaune.fr\/wp-content\/uploads\/2021\/08\/Traditions-fetes-Fete-du-Pain-Palau-de-Cerdagne-\u00a9Frederique-BERLIC-scaled.jpg","contentUrl":"https:\/\/letrainjaune.fr\/wp-content\/uploads\/2021\/08\/Traditions-fetes-Fete-du-Pain-Palau-de-Cerdagne-\u00a9Frederique-BERLIC-scaled.jpg","width":1275,"height":1920,"caption":"Festa del pa de Palau-de-Cerdanya"},{"@type":"BreadcrumbList","@id":"https:\/\/letrainjaune.fr\/ca\/?temps_fort=festa-del-pa#breadcrumb","itemListElement":[{"@type":"ListItem","position":1,"name":"Benvinguda","item":"https:\/\/letrainjaune.fr\/ca\/"},{"@type":"ListItem","position":2,"name":"Festa del pa"}]},{"@type":"WebSite","@id":"https:\/\/letrainjaune.fr\/ca\/#website","url":"https:\/\/letrainjaune.fr\/ca\/","name":"Dest\u00ed: El Tren Groc","description":"Dans les Pyr\u00e9n\u00e9es Catalanes, d\u00e9couvrez ce train sur le plus haut chemin de fer d\u2019Europe.","publisher":{"@id":"https:\/\/letrainjaune.fr\/ca\/#organization"},"potentialAction":[{"@type":"SearchAction","target":{"@type":"EntryPoint","urlTemplate":"https:\/\/letrainjaune.fr\/ca\/?s={search_term_string}"},"query-input":{"@type":"PropertyValueSpecification","valueRequired":true,"valueName":"search_term_string"}}],"inLanguage":"ca"},{"@type":"Organization","@id":"https:\/\/letrainjaune.fr\/ca\/#organization","name":"Dest\u00ed: El Tren Groc","url":"https:\/\/letrainjaune.fr\/ca\/","logo":{"@type":"ImageObject","inLanguage":"ca","@id":"https:\/\/letrainjaune.fr\/ca\/#\/schema\/logo\/image\/","url":"https:\/\/letrainjaune.fr\/wp-content\/uploads\/2021\/04\/TJ_logo-TJ-footer.svg","contentUrl":"https:\/\/letrainjaune.fr\/wp-content\/uploads\/2021\/04\/TJ_logo-TJ-footer.svg","width":"1920","height":"9999","caption":"Dest\u00ed: El Tren Groc"},"image":{"@id":"https:\/\/letrainjaune.fr\/ca\/#\/schema\/logo\/image\/"}}]}},"_links":{"self":[{"href":"https:\/\/letrainjaune.fr\/ca\/wp-json\/wp\/v2\/temps_fort\/9880","targetHints":{"allow":["GET"]}}],"collection":[{"href":"https:\/\/letrainjaune.fr\/ca\/wp-json\/wp\/v2\/temps_fort"}],"about":[{"href":"https:\/\/letrainjaune.fr\/ca\/wp-json\/wp\/v2\/types\/temps_fort"}],"version-history":[{"count":1,"href":"https:\/\/letrainjaune.fr\/ca\/wp-json\/wp\/v2\/temps_fort\/9880\/revisions"}],"predecessor-version":[{"id":9881,"href":"https:\/\/letrainjaune.fr\/ca\/wp-json\/wp\/v2\/temps_fort\/9880\/revisions\/9881"}],"wp:featuredmedia":[{"embeddable":true,"href":"https:\/\/letrainjaune.fr\/ca\/wp-json\/wp\/v2\/media\/4014"}],"wp:attachment":[{"href":"https:\/\/letrainjaune.fr\/ca\/wp-json\/wp\/v2\/media?parent=9880"}],"curies":[{"name":"wp","href":"https:\/\/api.w.org\/{rel}","templated":true}]}}

<h2 class="wp-block-heading">Elaboració de pa, una tradició artesanal a Palau-de-Cerdanya </h2>

<p>Amb motiu de la festa del pa, el poble ofereix a cada família de Palauenque un pa cuit a l&#8217;antiga fleca del poble, la fleca ARIS. </p>

<p>La fleca va cessar la seva activitat l&#8217;any 1956 i l&#8217;any 1998 el municipi va decidir tornar-la a comprar per poder-la explotar un cop l&#8217;any. El 13 d&#8217;agost de 1999 va tenir lloc la primera festa del pa, que continua cada any el 13 d&#8217;agost. Des de l&#8217;any 1999, aquest esdeveniment ha estat un èxit que no ha vacil·lat, esdevenint una cita obligada en ple estiu cerdanès.</p>
<figure class="wp-block-image size-large"><a href=https://letrainjaune.fr/wp-content/uploads/2021/08/Traditions-fetes-Fete-du-pain-Palau-de-Cerdagne©-Fred-BERLIC-scaled.jpg title="Festa del pa de Palau-de-Cerdanya" rel="prettyPhoto"><img src=https://letrainjaune.fr/wp-content/uploads/2021/08/Traditions-fetes-Fete-du-pain-Palau-de-Cerdagne©-Fred-BERLIC-1920x2548.jpg alt="" title="Festa del pa de Palau-de-Cerdanya" width="" class="wp-image-4019"/></a><figcaption>Festa del pa de Palau-de-Cerdanya<span>&copy; Frederique Berlic</span></figcaption></figure>
<p>La Comunitat de Comars de Cerdanya dels Pirineus va participar en la rehabilitació de l&#8217;antiga fleca. La pastadora “Còrsega” i les eines són originals. El forn de 6 m² pot agafar 30 pans rodons de 2 quilos per lot. El seu escalfament es fa amb 3 setmanes d&#8217;antelació perquè la massa de maó i terra assoleixi una temperatura uniforme tant per al terrat com per al terra. Un cop consumida, s&#8217;evacuen les brases de l&#8217;interior del forn i es neteja el terra.</p>

<!-- This site is optimized with the Yoast SEO plugin v25.4 - https://yoast.com/wordpress/plugins/seo/ -->
<title>Festa del pa - Destí: El Tren Groc</title>
<meta name="robots" content="index, follow, max-snippet:-1, max-image-preview:large, max-video-preview:-1" />
<link rel="canonical" href="https://letrainjaune.fr/ca/?temps_fort=festa-del-pa" />
<meta property="og:locale" content="ca_ES" />
<meta property="og:type" content="article" />
<meta property="og:title" content="Festa del pa - Destí: El Tren Groc" />
<meta property="og:description" content="Elaboració de pa, una tradició artesanal a Palau-de-Cerdanya Amb motiu de la festa del pa, el poble ofereix a cada família de Palauenque un pa cuit a l&#8217;antiga fleca del poble, la fleca ARIS. La fleca va cessar la seva activitat l&#8217;any 1956 i l&#8217;any 1998 el municipi va decidir tornar-la a comprar per poder-la [&hellip;]" />
<meta property="og:url" content="https://letrainjaune.fr/ca/?temps_fort=festa-del-pa" />
<meta property="og:site_name" content="Destí: El Tren Groc" />
<meta property="article:modified_time" content="2023-06-22T08:58:10+00:00" />
<meta property="og:image" content="https://letrainjaune.fr/wp-content/uploads/2021/08/Traditions-fetes-Fete-du-Pain-Palau-de-Cerdagne-©Frederique-BERLIC-scaled.jpg" />
	<meta property="og:image:width" content="1275" />
	<meta property="og:image:height" content="1920" />
	<meta property="og:image:type" content="image/jpeg" />
<meta name="twitter:card" content="summary_large_image" />
<meta name="twitter:label1" content="Temps estimat de lectura" />
	<meta name="twitter:data1" content="1 minut" />
<script type="application/ld+json" class="yoast-schema-graph">{"@context":"https://schema.org","@graph":[{"@type":"WebPage","@id":"https://letrainjaune.fr/ca/?temps_fort=festa-del-pa","url":"https://letrainjaune.fr/ca/?temps_fort=festa-del-pa","name":"Festa del pa - Destí: El Tren Groc","isPartOf":{"@id":"https://letrainjaune.fr/ca/#website"},"primaryImageOfPage":{"@id":"https://letrainjaune.fr/ca/?temps_fort=festa-del-pa#primaryimage"},"image":{"@id":"https://letrainjaune.fr/ca/?temps_fort=festa-del-pa#primaryimage"},"thumbnailUrl":"https://letrainjaune.fr/wp-content/uploads/2021/08/Traditions-fetes-Fete-du-Pain-Palau-de-Cerdagne-©Frederique-BERLIC-scaled.jpg","datePublished":"2023-06-22T08:58:08+00:00","dateModified":"2023-06-22T08:58:10+00:00","breadcrumb":{"@id":"https://letrainjaune.fr/ca/?temps_fort=festa-del-pa#breadcrumb"},"inLanguage":"ca","potentialAction":[{"@type":"ReadAction","target":["https://letrainjaune.fr/ca/?temps_fort=festa-del-pa"]}]},{"@type":"ImageObject","inLanguage":"ca","@id":"https://letrainjaune.fr/ca/?temps_fort=festa-del-pa#primaryimage","url":"https://letrainjaune.fr/wp-content/uploads/2021/08/Traditions-fetes-Fete-du-Pain-Palau-de-Cerdagne-©Frederique-BERLIC-scaled.jpg","contentUrl":"https://letrainjaune.fr/wp-content/uploads/2021/08/Traditions-fetes-Fete-du-Pain-Palau-de-Cerdagne-©Frederique-BERLIC-scaled.jpg","width":1275,"height":1920,"caption":"Festa del pa de Palau-de-Cerdanya"},{"@type":"BreadcrumbList","@id":"https://letrainjaune.fr/ca/?temps_fort=festa-del-pa#breadcrumb","itemListElement":[{"@type":"ListItem","position":1,"name":"Benvinguda","item":"https://letrainjaune.fr/ca/"},{"@type":"ListItem","position":2,"name":"Festa del pa"}]},{"@type":"WebSite","@id":"https://letrainjaune.fr/ca/#website","url":"https://letrainjaune.fr/ca/","name":"Destí: El Tren Groc","description":"Dans les Pyrénées Catalanes, découvrez ce train sur le plus haut chemin de fer d’Europe.","publisher":{"@id":"https://letrainjaune.fr/ca/#organization"},"potentialAction":[{"@type":"SearchAction","target":{"@type":"EntryPoint","urlTemplate":"https://letrainjaune.fr/ca/?s={search_term_string}"},"query-input":{"@type":"PropertyValueSpecification","valueRequired":true,"valueName":"search_term_string"}}],"inLanguage":"ca"},{"@type":"Organization","@id":"https://letrainjaune.fr/ca/#organization","name":"Destí: El Tren Groc","url":"https://letrainjaune.fr/ca/","logo":{"@type":"ImageObject","inLanguage":"ca","@id":"https://letrainjaune.fr/ca/#/schema/logo/image/","url":"https://letrainjaune.fr/wp-content/uploads/2021/04/TJ_logo-TJ-footer.svg","contentUrl":"https://letrainjaune.fr/wp-content/uploads/2021/04/TJ_logo-TJ-footer.svg","width":"1920","height":"9999","caption":"Destí: El Tren Groc"},"image":{"@id":"https://letrainjaune.fr/ca/#/schema/logo/image/"}}]}</script>
<!-- / Yoast SEO plugin. -->

Festa del pa - Destí: El Tren Groc

Elaboració de pa, una tradició artesanal a Palau-de-Cerdanya Amb motiu de la festa del pa, el poble ofereix a cada família de Palauenque un pa cuit a l&#8217;antiga fleca del poble, la fleca ARIS. La fleca va cessar la seva activitat l&#8217;any 1956 i l&#8217;any 1998 el municipi va decidir tornar-la a comprar per poder-la [&hellip;]

Destí: El Tren Groc

Dans les Pyrénées Catalanes, découvrez ce train sur le plus haut chemin de fer d’Europe.
