{"id":17500,"date":"2026-04-22T06:45:35","date_gmt":"2026-04-22T04:45:35","guid":{"rendered":"https:\/\/letrainjaune.fr\/a-voir-et-a-faire\/agenda\/festival-des-plantes-medicinales-arbres-de-montagne\/"},"modified":"2026-04-26T06:45:32","modified_gmt":"2026-04-26T04:45:32","slug":"festival-des-plantes-medicinales-arbres-de-montagne","status":"publish","type":"agenda","link":"https:\/\/letrainjaune.fr\/en\/a-voir-et-a-faire\/agenda\/festival-des-plantes-medicinales-arbres-de-montagne\/","title":{"rendered":"FESTIVAL DES PLANTES M\u00c9DICINALES &amp; ARBRES DE MONTAGNE"},"content":{"rendered":"<p>Le festival des plantes m\u00e9dicinales et des arbres de montagne, organis\u00e9 par Anne-Marie Pujol, aura lieu les 11 et 12 juillet. Entr\u00e9e gratuite, avec au programme des conf\u00e9rences, la pr\u00e9sence de producteurs locaux et des animations autour des plantes et de la nature. Tables rondes.<\/p>\n<p>Toutes les informations et le programme seront disponibles sur : jardinsetsavoirs.fr<\/p>\n<p>\ud83d\udce9 contact.festival66@gmail.com<\/p>\n<p>\ud83d\udcde 06 07 10 29 18<\/p>\n","protected":false},"excerpt":{"rendered":"<p>Le festival des plantes m\u00e9dicinales et des arbres de montagne, organis\u00e9 par Anne-Marie Pujol, aura lieu les 11 et 12 juillet. Entr\u00e9e gratuite, avec au programme des conf\u00e9rences, la pr\u00e9sence de producteurs locaux et des animations autour des plantes et de la nature. Tables rondes.<\/p>\n<p>Toutes les informations et le programme seront disponibles sur : jardinsetsavoirs.fr<\/p>\n<p>\ud83d\udce9 contact.festival66@gmail.com<\/p>\n<p>\ud83d\udcde 06 07 10 29 18<\/p>\n","protected":false},"featured_media":0,"template":"","agenda_category":[50],"class_list":["post-17500","agenda","type-agenda","status-publish","hentry","agenda_category-debats-conferences"],"acf":[],"yoast_head":"<!-- This site is optimized with the Yoast SEO plugin v25.4 - https:\/\/yoast.com\/wordpress\/plugins\/seo\/ -->\n<title>FESTIVAL DES PLANTES M\u00c9DICINALES &amp; ARBRES DE MONTAGNE - Let\u2019s Get on the Yellow Train<\/title>\n<meta name=\"robots\" content=\"index, follow, max-snippet:-1, max-image-preview:large, max-video-preview:-1\" \/>\n<link rel=\"canonical\" href=\"https:\/\/letrainjaune.fr\/en\/a-voir-et-a-faire\/agenda\/festival-des-plantes-medicinales-arbres-de-montagne\/\" \/>\n<meta property=\"og:locale\" content=\"en_US\" \/>\n<meta property=\"og:type\" content=\"article\" \/>\n<meta property=\"og:title\" content=\"FESTIVAL DES PLANTES M\u00c9DICINALES &amp; ARBRES DE MONTAGNE - Let\u2019s Get on the Yellow Train\" \/>\n<meta property=\"og:description\" content=\"Le festival des plantes m\u00e9dicinales et des arbres de montagne, organis\u00e9 par Anne-Marie Pujol, aura lieu les 11 et 12 juillet. Entr\u00e9e gratuite, avec au programme des conf\u00e9rences, la pr\u00e9sence de producteurs locaux et des animations autour des plantes et de la nature. Tables rondes. Toutes les informations et le programme seront disponibles sur : jardinsetsavoirs.fr \ud83d\udce9 contact.festival66@gmail.com \ud83d\udcde 06 07 10 29 18\" \/>\n<meta property=\"og:url\" content=\"https:\/\/letrainjaune.fr\/en\/a-voir-et-a-faire\/agenda\/festival-des-plantes-medicinales-arbres-de-montagne\/\" \/>\n<meta property=\"og:site_name\" content=\"Let\u2019s Get on the Yellow Train\" \/>\n<meta property=\"article:modified_time\" content=\"2026-04-26T04:45:32+00:00\" \/>\n<meta name=\"twitter:card\" content=\"summary_large_image\" \/>\n<script type=\"application\/ld+json\" class=\"yoast-schema-graph\">{\"@context\":\"https:\/\/schema.org\",\"@graph\":[{\"@type\":\"WebPage\",\"@id\":\"https:\/\/letrainjaune.fr\/en\/a-voir-et-a-faire\/agenda\/festival-des-plantes-medicinales-arbres-de-montagne\/\",\"url\":\"https:\/\/letrainjaune.fr\/en\/a-voir-et-a-faire\/agenda\/festival-des-plantes-medicinales-arbres-de-montagne\/\",\"name\":\"FESTIVAL DES PLANTES M\u00c9DICINALES &amp; ARBRES DE MONTAGNE - Let\u2019s Get on the Yellow Train\",\"isPartOf\":{\"@id\":\"https:\/\/letrainjaune.fr\/en\/#website\"},\"datePublished\":\"2026-04-22T04:45:35+00:00\",\"dateModified\":\"2026-04-26T04:45:32+00:00\",\"breadcrumb\":{\"@id\":\"https:\/\/letrainjaune.fr\/en\/a-voir-et-a-faire\/agenda\/festival-des-plantes-medicinales-arbres-de-montagne\/#breadcrumb\"},\"inLanguage\":\"en-US\",\"potentialAction\":[{\"@type\":\"ReadAction\",\"target\":[\"https:\/\/letrainjaune.fr\/en\/a-voir-et-a-faire\/agenda\/festival-des-plantes-medicinales-arbres-de-montagne\/\"]}]},{\"@type\":\"BreadcrumbList\",\"@id\":\"https:\/\/letrainjaune.fr\/en\/a-voir-et-a-faire\/agenda\/festival-des-plantes-medicinales-arbres-de-montagne\/#breadcrumb\",\"itemListElement\":[{\"@type\":\"ListItem\",\"position\":1,\"name\":\"Home page\",\"item\":\"https:\/\/letrainjaune.fr\/en\/\"},{\"@type\":\"ListItem\",\"position\":2,\"name\":\"Events\",\"item\":\"https:\/\/letrainjaune.fr\/en\/to-see-and-do\/agenda\/\"},{\"@type\":\"ListItem\",\"position\":3,\"name\":\"FESTIVAL DES PLANTES M\u00c9DICINALES &amp; ARBRES DE MONTAGNE\"}]},{\"@type\":\"WebSite\",\"@id\":\"https:\/\/letrainjaune.fr\/en\/#website\",\"url\":\"https:\/\/letrainjaune.fr\/en\/\",\"name\":\"Let\u2019s Get on the Yellow Train\",\"description\":\"Dans les Pyr\u00e9n\u00e9es Catalanes, d\u00e9couvrez ce train sur le plus haut chemin de fer d\u2019Europe.\",\"publisher\":{\"@id\":\"https:\/\/letrainjaune.fr\/en\/#organization\"},\"potentialAction\":[{\"@type\":\"SearchAction\",\"target\":{\"@type\":\"EntryPoint\",\"urlTemplate\":\"https:\/\/letrainjaune.fr\/en\/?s={search_term_string}\"},\"query-input\":{\"@type\":\"PropertyValueSpecification\",\"valueRequired\":true,\"valueName\":\"search_term_string\"}}],\"inLanguage\":\"en-US\"},{\"@type\":\"Organization\",\"@id\":\"https:\/\/letrainjaune.fr\/en\/#organization\",\"name\":\"Let\u2019s Get on the Yellow Train\",\"url\":\"https:\/\/letrainjaune.fr\/en\/\",\"logo\":{\"@type\":\"ImageObject\",\"inLanguage\":\"en-US\",\"@id\":\"https:\/\/letrainjaune.fr\/en\/#\/schema\/logo\/image\/\",\"url\":\"https:\/\/letrainjaune.fr\/wp-content\/uploads\/2021\/04\/TJ_logo-TJ-footer.svg\",\"contentUrl\":\"https:\/\/letrainjaune.fr\/wp-content\/uploads\/2021\/04\/TJ_logo-TJ-footer.svg\",\"width\":\"1920\",\"height\":\"9999\",\"caption\":\"Let\u2019s Get on the Yellow Train\"},\"image\":{\"@id\":\"https:\/\/letrainjaune.fr\/en\/#\/schema\/logo\/image\/\"}}]}<\/script>\n<!-- \/ Yoast SEO plugin. -->","yoast_head_json":{"title":"FESTIVAL DES PLANTES M\u00c9DICINALES &amp; ARBRES DE MONTAGNE - Let\u2019s Get on the Yellow Train","robots":{"index":"index","follow":"follow","max-snippet":"max-snippet:-1","max-image-preview":"max-image-preview:large","max-video-preview":"max-video-preview:-1"},"canonical":"https:\/\/letrainjaune.fr\/en\/a-voir-et-a-faire\/agenda\/festival-des-plantes-medicinales-arbres-de-montagne\/","og_locale":"en_US","og_type":"article","og_title":"FESTIVAL DES PLANTES M\u00c9DICINALES &amp; ARBRES DE MONTAGNE - Let\u2019s Get on the Yellow Train","og_description":"Le festival des plantes m\u00e9dicinales et des arbres de montagne, organis\u00e9 par Anne-Marie Pujol, aura lieu les 11 et 12 juillet. Entr\u00e9e gratuite, avec au programme des conf\u00e9rences, la pr\u00e9sence de producteurs locaux et des animations autour des plantes et de la nature. Tables rondes. Toutes les informations et le programme seront disponibles sur : jardinsetsavoirs.fr \ud83d\udce9 contact.festival66@gmail.com \ud83d\udcde 06 07 10 29 18","og_url":"https:\/\/letrainjaune.fr\/en\/a-voir-et-a-faire\/agenda\/festival-des-plantes-medicinales-arbres-de-montagne\/","og_site_name":"Let\u2019s Get on the Yellow Train","article_modified_time":"2026-04-26T04:45:32+00:00","twitter_card":"summary_large_image","schema":{"@context":"https:\/\/schema.org","@graph":[{"@type":"WebPage","@id":"https:\/\/letrainjaune.fr\/en\/a-voir-et-a-faire\/agenda\/festival-des-plantes-medicinales-arbres-de-montagne\/","url":"https:\/\/letrainjaune.fr\/en\/a-voir-et-a-faire\/agenda\/festival-des-plantes-medicinales-arbres-de-montagne\/","name":"FESTIVAL DES PLANTES M\u00c9DICINALES &amp; ARBRES DE MONTAGNE - Let\u2019s Get on the Yellow Train","isPartOf":{"@id":"https:\/\/letrainjaune.fr\/en\/#website"},"datePublished":"2026-04-22T04:45:35+00:00","dateModified":"2026-04-26T04:45:32+00:00","breadcrumb":{"@id":"https:\/\/letrainjaune.fr\/en\/a-voir-et-a-faire\/agenda\/festival-des-plantes-medicinales-arbres-de-montagne\/#breadcrumb"},"inLanguage":"en-US","potentialAction":[{"@type":"ReadAction","target":["https:\/\/letrainjaune.fr\/en\/a-voir-et-a-faire\/agenda\/festival-des-plantes-medicinales-arbres-de-montagne\/"]}]},{"@type":"BreadcrumbList","@id":"https:\/\/letrainjaune.fr\/en\/a-voir-et-a-faire\/agenda\/festival-des-plantes-medicinales-arbres-de-montagne\/#breadcrumb","itemListElement":[{"@type":"ListItem","position":1,"name":"Home page","item":"https:\/\/letrainjaune.fr\/en\/"},{"@type":"ListItem","position":2,"name":"Events","item":"https:\/\/letrainjaune.fr\/en\/to-see-and-do\/agenda\/"},{"@type":"ListItem","position":3,"name":"FESTIVAL DES PLANTES M\u00c9DICINALES &amp; ARBRES DE MONTAGNE"}]},{"@type":"WebSite","@id":"https:\/\/letrainjaune.fr\/en\/#website","url":"https:\/\/letrainjaune.fr\/en\/","name":"Let\u2019s Get on the Yellow Train","description":"Dans les Pyr\u00e9n\u00e9es Catalanes, d\u00e9couvrez ce train sur le plus haut chemin de fer d\u2019Europe.","publisher":{"@id":"https:\/\/letrainjaune.fr\/en\/#organization"},"potentialAction":[{"@type":"SearchAction","target":{"@type":"EntryPoint","urlTemplate":"https:\/\/letrainjaune.fr\/en\/?s={search_term_string}"},"query-input":{"@type":"PropertyValueSpecification","valueRequired":true,"valueName":"search_term_string"}}],"inLanguage":"en-US"},{"@type":"Organization","@id":"https:\/\/letrainjaune.fr\/en\/#organization","name":"Let\u2019s Get on the Yellow Train","url":"https:\/\/letrainjaune.fr\/en\/","logo":{"@type":"ImageObject","inLanguage":"en-US","@id":"https:\/\/letrainjaune.fr\/en\/#\/schema\/logo\/image\/","url":"https:\/\/letrainjaune.fr\/wp-content\/uploads\/2021\/04\/TJ_logo-TJ-footer.svg","contentUrl":"https:\/\/letrainjaune.fr\/wp-content\/uploads\/2021\/04\/TJ_logo-TJ-footer.svg","width":"1920","height":"9999","caption":"Let\u2019s Get on the Yellow Train"},"image":{"@id":"https:\/\/letrainjaune.fr\/en\/#\/schema\/logo\/image\/"}}]}},"_links":{"self":[{"href":"https:\/\/letrainjaune.fr\/en\/wp-json\/wp\/v2\/agenda\/17500","targetHints":{"allow":["GET"]}}],"collection":[{"href":"https:\/\/letrainjaune.fr\/en\/wp-json\/wp\/v2\/agenda"}],"about":[{"href":"https:\/\/letrainjaune.fr\/en\/wp-json\/wp\/v2\/types\/agenda"}],"wp:attachment":[{"href":"https:\/\/letrainjaune.fr\/en\/wp-json\/wp\/v2\/media?parent=17500"}],"wp:term":[{"taxonomy":"agenda_category","embeddable":true,"href":"https:\/\/letrainjaune.fr\/en\/wp-json\/wp\/v2\/agenda_category?post=17500"}],"curies":[{"name":"wp","href":"https:\/\/api.w.org\/{rel}","templated":true}]}}

FESTIVAL DES PLANTES MÉDICINALES &amp; ARBRES DE MONTAGNE

<p>Le festival des plantes médicinales et des arbres de montagne, organisé par Anne-Marie Pujol, aura lieu les 11 et 12 juillet. Entrée gratuite, avec au programme des conférences, la présence de producteurs locaux et des animations autour des plantes et de la nature. Tables rondes.</p>
<p>Toutes les informations et le programme seront disponibles sur : jardinsetsavoirs.fr</p>
<p>📩 contact.festival66@gmail.com</p>
<p>📞 06 07 10 29 18</p>

<!-- This site is optimized with the Yoast SEO plugin v25.4 - https://yoast.com/wordpress/plugins/seo/ -->
<title>FESTIVAL DES PLANTES MÉDICINALES &amp; ARBRES DE MONTAGNE - Let’s Get on the Yellow Train</title>
<meta name="robots" content="index, follow, max-snippet:-1, max-image-preview:large, max-video-preview:-1" />
<link rel="canonical" href="https://letrainjaune.fr/en/a-voir-et-a-faire/agenda/festival-des-plantes-medicinales-arbres-de-montagne/" />
<meta property="og:locale" content="en_US" />
<meta property="og:type" content="article" />
<meta property="og:title" content="FESTIVAL DES PLANTES MÉDICINALES &amp; ARBRES DE MONTAGNE - Let’s Get on the Yellow Train" />
<meta property="og:description" content="Le festival des plantes médicinales et des arbres de montagne, organisé par Anne-Marie Pujol, aura lieu les 11 et 12 juillet. Entrée gratuite, avec au programme des conférences, la présence de producteurs locaux et des animations autour des plantes et de la nature. Tables rondes. Toutes les informations et le programme seront disponibles sur : jardinsetsavoirs.fr 📩 contact.festival66@gmail.com 📞 06 07 10 29 18" />
<meta property="og:url" content="https://letrainjaune.fr/en/a-voir-et-a-faire/agenda/festival-des-plantes-medicinales-arbres-de-montagne/" />
<meta property="og:site_name" content="Let’s Get on the Yellow Train" />
<meta property="article:modified_time" content="2026-04-26T04:45:32+00:00" />
<meta name="twitter:card" content="summary_large_image" />
<script type="application/ld+json" class="yoast-schema-graph">{"@context":"https://schema.org","@graph":[{"@type":"WebPage","@id":"https://letrainjaune.fr/en/a-voir-et-a-faire/agenda/festival-des-plantes-medicinales-arbres-de-montagne/","url":"https://letrainjaune.fr/en/a-voir-et-a-faire/agenda/festival-des-plantes-medicinales-arbres-de-montagne/","name":"FESTIVAL DES PLANTES MÉDICINALES &amp; ARBRES DE MONTAGNE - Let’s Get on the Yellow Train","isPartOf":{"@id":"https://letrainjaune.fr/en/#website"},"datePublished":"2026-04-22T04:45:35+00:00","dateModified":"2026-04-26T04:45:32+00:00","breadcrumb":{"@id":"https://letrainjaune.fr/en/a-voir-et-a-faire/agenda/festival-des-plantes-medicinales-arbres-de-montagne/#breadcrumb"},"inLanguage":"en-US","potentialAction":[{"@type":"ReadAction","target":["https://letrainjaune.fr/en/a-voir-et-a-faire/agenda/festival-des-plantes-medicinales-arbres-de-montagne/"]}]},{"@type":"BreadcrumbList","@id":"https://letrainjaune.fr/en/a-voir-et-a-faire/agenda/festival-des-plantes-medicinales-arbres-de-montagne/#breadcrumb","itemListElement":[{"@type":"ListItem","position":1,"name":"Home page","item":"https://letrainjaune.fr/en/"},{"@type":"ListItem","position":2,"name":"Events","item":"https://letrainjaune.fr/en/to-see-and-do/agenda/"},{"@type":"ListItem","position":3,"name":"FESTIVAL DES PLANTES MÉDICINALES &amp; ARBRES DE MONTAGNE"}]},{"@type":"WebSite","@id":"https://letrainjaune.fr/en/#website","url":"https://letrainjaune.fr/en/","name":"Let’s Get on the Yellow Train","description":"Dans les Pyrénées Catalanes, découvrez ce train sur le plus haut chemin de fer d’Europe.","publisher":{"@id":"https://letrainjaune.fr/en/#organization"},"potentialAction":[{"@type":"SearchAction","target":{"@type":"EntryPoint","urlTemplate":"https://letrainjaune.fr/en/?s={search_term_string}"},"query-input":{"@type":"PropertyValueSpecification","valueRequired":true,"valueName":"search_term_string"}}],"inLanguage":"en-US"},{"@type":"Organization","@id":"https://letrainjaune.fr/en/#organization","name":"Let’s Get on the Yellow Train","url":"https://letrainjaune.fr/en/","logo":{"@type":"ImageObject","inLanguage":"en-US","@id":"https://letrainjaune.fr/en/#/schema/logo/image/","url":"https://letrainjaune.fr/wp-content/uploads/2021/04/TJ_logo-TJ-footer.svg","contentUrl":"https://letrainjaune.fr/wp-content/uploads/2021/04/TJ_logo-TJ-footer.svg","width":"1920","height":"9999","caption":"Let’s Get on the Yellow Train"},"image":{"@id":"https://letrainjaune.fr/en/#/schema/logo/image/"}}]}</script>
<!-- / Yoast SEO plugin. -->

FESTIVAL DES PLANTES MÉDICINALES &amp; ARBRES DE MONTAGNE - Let’s Get on the Yellow Train

Le festival des plantes médicinales et des arbres de montagne, organisé par Anne-Marie Pujol, aura lieu les 11 et 12 juillet. Entrée gratuite, avec au programme des conférences, la présence de producteurs locaux et des animations autour des plantes et de la nature. Tables rondes. Toutes les informations et le programme seront disponibles sur : jardinsetsavoirs.fr 📩 contact.festival66@gmail.com 📞 06 07 10 29 18

Dans les Pyrénées Catalanes, découvrez ce train sur le plus haut chemin de fer d’Europe.
