{"id":18450,"date":"2026-09-01T06:45:11","date_gmt":"2026-09-01T04:45:11","guid":{"rendered":"https:\/\/letrainjaune.fr\/a-voir-et-a-faire\/agenda\/mission-potager-exposition\/"},"modified":"2026-09-02T06:45:34","modified_gmt":"2026-09-02T04:45:34","slug":"mission-potager-exposition","status":"publish","type":"agenda","link":"https:\/\/letrainjaune.fr\/en\/to-see-and-do\/agenda\/mission-potager-exposition\/","title":{"rendered":"MISSION POTAGER EXPOSITION"},"content":{"rendered":"<p>Mission Potager : une exposition ludique et gourmande pour petits et grands ! \ud83c\udf4e\ud83e\udd55\ud83c\udf31<\/p>\n<p>Partez \u00e0 la d\u00e9couverte des fruits et l\u00e9gumes, de leur saisonnalit\u00e9, de leur culture et de leurs nombreux bienfaits \u00e0 travers une exposition interactive et amusante.<\/p>\n<p>Petits et grands pourront apprendre tout en s\u2019amusant gr\u00e2ce \u00e0 un jeu de quilles g\u00e9ant et diff\u00e9rents d\u00e9fis ludiques. Une fa\u00e7on originale et conviviale de mieux conna\u00eetre ce qui pousse dans nos jardins et de sensibiliser toute la famille \u00e0 une alimentation vari\u00e9e et de saison.<\/p>\n<p>\ud83d\udccd Site de Font-Romeu<br \/>\n\ud83d\udcc5 Du 29 septembre au 14 octobre<\/p>\n<p>Une exposition propos\u00e9e par le R\u00e9seau des M\u00e9diath\u00e8ques Pyr\u00e9n\u00e9es Catalanes.<\/p>\n","protected":false},"excerpt":{"rendered":"<p>Mission Potager : une exposition ludique et gourmande pour petits et grands ! \ud83c\udf4e\ud83e\udd55\ud83c\udf31<\/p>\n<p>Partez \u00e0 la d\u00e9couverte des fruits et l\u00e9gumes, de leur saisonnalit\u00e9, de leur culture et de leurs nombreux bienfaits \u00e0 travers une exposition interactive et amusante.<\/p>\n<p>Petits et grands pourront apprendre tout en s\u2019amusant gr\u00e2ce \u00e0 un jeu de quilles g\u00e9ant et diff\u00e9rents d\u00e9fis ludiques. Une fa\u00e7on originale et conviviale de mieux conna\u00eetre ce qui pousse dans nos jardins et de sensibiliser toute la famille \u00e0 une alimentation vari\u00e9e et de saison.<\/p>\n<p>\ud83d\udccd Site de Font-Romeu<br \/>\n\ud83d\udcc5 Du 29 septembre au 14 octobre<\/p>\n<p>Une exposition propos\u00e9e par le R\u00e9seau des M\u00e9diath\u00e8ques Pyr\u00e9n\u00e9es Catalanes.<\/p>\n","protected":false},"featured_media":0,"template":"","agenda_category":[78],"class_list":["post-18450","agenda","type-agenda","status-publish","hentry","agenda_category-expositions-visites"],"acf":[],"yoast_head":"<!-- This site is optimized with the Yoast SEO plugin v27.8 - https:\/\/yoast.com\/product\/yoast-seo-wordpress\/ -->\n<title>MISSION POTAGER EXPOSITION - Let\u2019s Get on the Yellow Train<\/title>\n<meta name=\"robots\" content=\"index, follow, max-snippet:-1, max-image-preview:large, max-video-preview:-1\" \/>\n<link rel=\"canonical\" href=\"https:\/\/letrainjaune.fr\/en\/to-see-and-do\/agenda\/mission-potager-exposition\/\" \/>\n<meta property=\"og:locale\" content=\"en_US\" \/>\n<meta property=\"og:type\" content=\"article\" \/>\n<meta property=\"og:title\" content=\"MISSION POTAGER EXPOSITION - Let\u2019s Get on the Yellow Train\" \/>\n<meta property=\"og:description\" content=\"Mission Potager : une exposition ludique et gourmande pour petits et grands ! \ud83c\udf4e\ud83e\udd55\ud83c\udf31 Partez \u00e0 la d\u00e9couverte des fruits et l\u00e9gumes, de leur saisonnalit\u00e9, de leur culture et de leurs nombreux bienfaits \u00e0 travers une exposition interactive et amusante. Petits et grands pourront apprendre tout en s\u2019amusant gr\u00e2ce \u00e0 un jeu de quilles g\u00e9ant et diff\u00e9rents d\u00e9fis ludiques. Une fa\u00e7on originale et conviviale de mieux conna\u00eetre ce qui pousse dans nos jardins et de sensibiliser toute la famille \u00e0 une alimentation vari\u00e9e et de saison. \ud83d\udccd Site de Font-Romeu \ud83d\udcc5 Du 29 septembre au 14 octobre Une exposition propos\u00e9e par le R\u00e9seau des M\u00e9diath\u00e8ques Pyr\u00e9n\u00e9es Catalanes.\" \/>\n<meta property=\"og:url\" content=\"https:\/\/letrainjaune.fr\/en\/to-see-and-do\/agenda\/mission-potager-exposition\/\" \/>\n<meta property=\"og:site_name\" content=\"Let\u2019s Get on the Yellow Train\" \/>\n<meta property=\"article:modified_time\" content=\"2026-09-02T04:45:34+00:00\" \/>\n<meta name=\"twitter:card\" content=\"summary_large_image\" \/>\n<meta name=\"twitter:label1\" content=\"Est. reading time\" \/>\n\t<meta name=\"twitter:data1\" content=\"1 minute\" \/>\n<script type=\"application\/ld+json\" class=\"yoast-schema-graph\">{\"@context\":\"https:\\\/\\\/schema.org\",\"@graph\":[{\"@type\":\"WebPage\",\"@id\":\"https:\\\/\\\/letrainjaune.fr\\\/en\\\/to-see-and-do\\\/agenda\\\/mission-potager-exposition\\\/\",\"url\":\"https:\\\/\\\/letrainjaune.fr\\\/en\\\/to-see-and-do\\\/agenda\\\/mission-potager-exposition\\\/\",\"name\":\"MISSION POTAGER EXPOSITION - Let\u2019s Get on the Yellow Train\",\"isPartOf\":{\"@id\":\"https:\\\/\\\/letrainjaune.fr\\\/en\\\/#website\"},\"datePublished\":\"2026-09-01T04:45:11+00:00\",\"dateModified\":\"2026-09-02T04:45:34+00:00\",\"breadcrumb\":{\"@id\":\"https:\\\/\\\/letrainjaune.fr\\\/en\\\/to-see-and-do\\\/agenda\\\/mission-potager-exposition\\\/#breadcrumb\"},\"inLanguage\":\"en-US\",\"potentialAction\":[{\"@type\":\"ReadAction\",\"target\":[\"https:\\\/\\\/letrainjaune.fr\\\/en\\\/to-see-and-do\\\/agenda\\\/mission-potager-exposition\\\/\"]}]},{\"@type\":\"BreadcrumbList\",\"@id\":\"https:\\\/\\\/letrainjaune.fr\\\/en\\\/to-see-and-do\\\/agenda\\\/mission-potager-exposition\\\/#breadcrumb\",\"itemListElement\":[{\"@type\":\"ListItem\",\"position\":1,\"name\":\"Home page\",\"item\":\"https:\\\/\\\/letrainjaune.fr\\\/en\\\/\"},{\"@type\":\"ListItem\",\"position\":2,\"name\":\"Events\",\"item\":\"https:\\\/\\\/letrainjaune.fr\\\/en\\\/to-see-and-do\\\/agenda\\\/\"},{\"@type\":\"ListItem\",\"position\":3,\"name\":\"MISSION POTAGER EXPOSITION\"}]},{\"@type\":\"WebSite\",\"@id\":\"https:\\\/\\\/letrainjaune.fr\\\/en\\\/#website\",\"url\":\"https:\\\/\\\/letrainjaune.fr\\\/en\\\/\",\"name\":\"Let\u2019s Get on the Yellow Train\",\"description\":\"Dans les Pyr\u00e9n\u00e9es Catalanes, d\u00e9couvrez ce train sur le plus haut chemin de fer d\u2019Europe.\",\"publisher\":{\"@id\":\"https:\\\/\\\/letrainjaune.fr\\\/en\\\/#organization\"},\"potentialAction\":[{\"@type\":\"SearchAction\",\"target\":{\"@type\":\"EntryPoint\",\"urlTemplate\":\"https:\\\/\\\/letrainjaune.fr\\\/en\\\/?s={search_term_string}\"},\"query-input\":{\"@type\":\"PropertyValueSpecification\",\"valueRequired\":true,\"valueName\":\"search_term_string\"}}],\"inLanguage\":\"en-US\"},{\"@type\":\"Organization\",\"@id\":\"https:\\\/\\\/letrainjaune.fr\\\/en\\\/#organization\",\"name\":\"Let\u2019s Get on the Yellow Train\",\"url\":\"https:\\\/\\\/letrainjaune.fr\\\/en\\\/\",\"logo\":{\"@type\":\"ImageObject\",\"inLanguage\":\"en-US\",\"@id\":\"https:\\\/\\\/letrainjaune.fr\\\/en\\\/#\\\/schema\\\/logo\\\/image\\\/\",\"url\":\"https:\\\/\\\/letrainjaune.fr\\\/wp-content\\\/uploads\\\/2021\\\/04\\\/TJ_logo-TJ-footer.svg\",\"contentUrl\":\"https:\\\/\\\/letrainjaune.fr\\\/wp-content\\\/uploads\\\/2021\\\/04\\\/TJ_logo-TJ-footer.svg\",\"width\":\"1920\",\"height\":\"9999\",\"caption\":\"Let\u2019s Get on the Yellow Train\"},\"image\":{\"@id\":\"https:\\\/\\\/letrainjaune.fr\\\/en\\\/#\\\/schema\\\/logo\\\/image\\\/\"}}]}<\/script>\n<!-- \/ Yoast SEO plugin. -->","yoast_head_json":{"title":"MISSION POTAGER EXPOSITION - Let\u2019s Get on the Yellow Train","robots":{"index":"index","follow":"follow","max-snippet":"max-snippet:-1","max-image-preview":"max-image-preview:large","max-video-preview":"max-video-preview:-1"},"canonical":"https:\/\/letrainjaune.fr\/en\/to-see-and-do\/agenda\/mission-potager-exposition\/","og_locale":"en_US","og_type":"article","og_title":"MISSION POTAGER EXPOSITION - Let\u2019s Get on the Yellow Train","og_description":"Mission Potager : une exposition ludique et gourmande pour petits et grands ! \ud83c\udf4e\ud83e\udd55\ud83c\udf31 Partez \u00e0 la d\u00e9couverte des fruits et l\u00e9gumes, de leur saisonnalit\u00e9, de leur culture et de leurs nombreux bienfaits \u00e0 travers une exposition interactive et amusante. Petits et grands pourront apprendre tout en s\u2019amusant gr\u00e2ce \u00e0 un jeu de quilles g\u00e9ant et diff\u00e9rents d\u00e9fis ludiques. Une fa\u00e7on originale et conviviale de mieux conna\u00eetre ce qui pousse dans nos jardins et de sensibiliser toute la famille \u00e0 une alimentation vari\u00e9e et de saison. \ud83d\udccd Site de Font-Romeu \ud83d\udcc5 Du 29 septembre au 14 octobre Une exposition propos\u00e9e par le R\u00e9seau des M\u00e9diath\u00e8ques Pyr\u00e9n\u00e9es Catalanes.","og_url":"https:\/\/letrainjaune.fr\/en\/to-see-and-do\/agenda\/mission-potager-exposition\/","og_site_name":"Let\u2019s Get on the Yellow Train","article_modified_time":"2026-09-02T04:45:34+00:00","twitter_card":"summary_large_image","twitter_misc":{"Est. reading time":"1 minute"},"schema":{"@context":"https:\/\/schema.org","@graph":[{"@type":"WebPage","@id":"https:\/\/letrainjaune.fr\/en\/to-see-and-do\/agenda\/mission-potager-exposition\/","url":"https:\/\/letrainjaune.fr\/en\/to-see-and-do\/agenda\/mission-potager-exposition\/","name":"MISSION POTAGER EXPOSITION - Let\u2019s Get on the Yellow Train","isPartOf":{"@id":"https:\/\/letrainjaune.fr\/en\/#website"},"datePublished":"2026-09-01T04:45:11+00:00","dateModified":"2026-09-02T04:45:34+00:00","breadcrumb":{"@id":"https:\/\/letrainjaune.fr\/en\/to-see-and-do\/agenda\/mission-potager-exposition\/#breadcrumb"},"inLanguage":"en-US","potentialAction":[{"@type":"ReadAction","target":["https:\/\/letrainjaune.fr\/en\/to-see-and-do\/agenda\/mission-potager-exposition\/"]}]},{"@type":"BreadcrumbList","@id":"https:\/\/letrainjaune.fr\/en\/to-see-and-do\/agenda\/mission-potager-exposition\/#breadcrumb","itemListElement":[{"@type":"ListItem","position":1,"name":"Home page","item":"https:\/\/letrainjaune.fr\/en\/"},{"@type":"ListItem","position":2,"name":"Events","item":"https:\/\/letrainjaune.fr\/en\/to-see-and-do\/agenda\/"},{"@type":"ListItem","position":3,"name":"MISSION POTAGER EXPOSITION"}]},{"@type":"WebSite","@id":"https:\/\/letrainjaune.fr\/en\/#website","url":"https:\/\/letrainjaune.fr\/en\/","name":"Let\u2019s Get on the Yellow Train","description":"Dans les Pyr\u00e9n\u00e9es Catalanes, d\u00e9couvrez ce train sur le plus haut chemin de fer d\u2019Europe.","publisher":{"@id":"https:\/\/letrainjaune.fr\/en\/#organization"},"potentialAction":[{"@type":"SearchAction","target":{"@type":"EntryPoint","urlTemplate":"https:\/\/letrainjaune.fr\/en\/?s={search_term_string}"},"query-input":{"@type":"PropertyValueSpecification","valueRequired":true,"valueName":"search_term_string"}}],"inLanguage":"en-US"},{"@type":"Organization","@id":"https:\/\/letrainjaune.fr\/en\/#organization","name":"Let\u2019s Get on the Yellow Train","url":"https:\/\/letrainjaune.fr\/en\/","logo":{"@type":"ImageObject","inLanguage":"en-US","@id":"https:\/\/letrainjaune.fr\/en\/#\/schema\/logo\/image\/","url":"https:\/\/letrainjaune.fr\/wp-content\/uploads\/2021\/04\/TJ_logo-TJ-footer.svg","contentUrl":"https:\/\/letrainjaune.fr\/wp-content\/uploads\/2021\/04\/TJ_logo-TJ-footer.svg","width":"1920","height":"9999","caption":"Let\u2019s Get on the Yellow Train"},"image":{"@id":"https:\/\/letrainjaune.fr\/en\/#\/schema\/logo\/image\/"}}]}},"_links":{"self":[{"href":"https:\/\/letrainjaune.fr\/en\/wp-json\/wp\/v2\/agenda\/18450","targetHints":{"allow":["GET"]}}],"collection":[{"href":"https:\/\/letrainjaune.fr\/en\/wp-json\/wp\/v2\/agenda"}],"about":[{"href":"https:\/\/letrainjaune.fr\/en\/wp-json\/wp\/v2\/types\/agenda"}],"wp:attachment":[{"href":"https:\/\/letrainjaune.fr\/en\/wp-json\/wp\/v2\/media?parent=18450"}],"wp:term":[{"taxonomy":"agenda_category","embeddable":true,"href":"https:\/\/letrainjaune.fr\/en\/wp-json\/wp\/v2\/agenda_category?post=18450"}],"curies":[{"name":"wp","href":"https:\/\/api.w.org\/{rel}","templated":true}]}}

<p>Mission Potager : une exposition ludique et gourmande pour petits et grands ! 🍎🥕🌱</p>
<p>Partez à la découverte des fruits et légumes, de leur saisonnalité, de leur culture et de leurs nombreux bienfaits à travers une exposition interactive et amusante.</p>
<p>Petits et grands pourront apprendre tout en s’amusant grâce à un jeu de quilles géant et différents défis ludiques. Une façon originale et conviviale de mieux connaître ce qui pousse dans nos jardins et de sensibiliser toute la famille à une alimentation variée et de saison.</p>
<p>📍 Site de Font-Romeu<br />
📅 Du 29 septembre au 14 octobre</p>
<p>Une exposition proposée par le Réseau des Médiathèques Pyrénées Catalanes.</p>

<!-- This site is optimized with the Yoast SEO plugin v27.8 - https://yoast.com/product/yoast-seo-wordpress/ -->
<title>MISSION POTAGER EXPOSITION - Let’s Get on the Yellow Train</title>
<meta name="robots" content="index, follow, max-snippet:-1, max-image-preview:large, max-video-preview:-1" />
<link rel="canonical" href="https://letrainjaune.fr/en/to-see-and-do/agenda/mission-potager-exposition/" />
<meta property="og:locale" content="en_US" />
<meta property="og:type" content="article" />
<meta property="og:title" content="MISSION POTAGER EXPOSITION - Let’s Get on the Yellow Train" />
<meta property="og:description" content="Mission Potager : une exposition ludique et gourmande pour petits et grands ! 🍎🥕🌱 Partez à la découverte des fruits et légumes, de leur saisonnalité, de leur culture et de leurs nombreux bienfaits à travers une exposition interactive et amusante. Petits et grands pourront apprendre tout en s’amusant grâce à un jeu de quilles géant et différents défis ludiques. Une façon originale et conviviale de mieux connaître ce qui pousse dans nos jardins et de sensibiliser toute la famille à une alimentation variée et de saison. 📍 Site de Font-Romeu 📅 Du 29 septembre au 14 octobre Une exposition proposée par le Réseau des Médiathèques Pyrénées Catalanes." />
<meta property="og:url" content="https://letrainjaune.fr/en/to-see-and-do/agenda/mission-potager-exposition/" />
<meta property="og:site_name" content="Let’s Get on the Yellow Train" />
<meta property="article:modified_time" content="2026-09-02T04:45:34+00:00" />
<meta name="twitter:card" content="summary_large_image" />
<meta name="twitter:label1" content="Est. reading time" />
	<meta name="twitter:data1" content="1 minute" />
<script type="application/ld+json" class="yoast-schema-graph">{"@context":"https:\/\/schema.org","@graph":[{"@type":"WebPage","@id":"https:\/\/letrainjaune.fr\/en\/to-see-and-do\/agenda\/mission-potager-exposition\/","url":"https:\/\/letrainjaune.fr\/en\/to-see-and-do\/agenda\/mission-potager-exposition\/","name":"MISSION POTAGER EXPOSITION - Let’s Get on the Yellow Train","isPartOf":{"@id":"https:\/\/letrainjaune.fr\/en\/#website"},"datePublished":"2026-09-01T04:45:11+00:00","dateModified":"2026-09-02T04:45:34+00:00","breadcrumb":{"@id":"https:\/\/letrainjaune.fr\/en\/to-see-and-do\/agenda\/mission-potager-exposition\/#breadcrumb"},"inLanguage":"en-US","potentialAction":[{"@type":"ReadAction","target":["https:\/\/letrainjaune.fr\/en\/to-see-and-do\/agenda\/mission-potager-exposition\/"]}]},{"@type":"BreadcrumbList","@id":"https:\/\/letrainjaune.fr\/en\/to-see-and-do\/agenda\/mission-potager-exposition\/#breadcrumb","itemListElement":[{"@type":"ListItem","position":1,"name":"Home page","item":"https:\/\/letrainjaune.fr\/en\/"},{"@type":"ListItem","position":2,"name":"Events","item":"https:\/\/letrainjaune.fr\/en\/to-see-and-do\/agenda\/"},{"@type":"ListItem","position":3,"name":"MISSION POTAGER EXPOSITION"}]},{"@type":"WebSite","@id":"https:\/\/letrainjaune.fr\/en\/#website","url":"https:\/\/letrainjaune.fr\/en\/","name":"Let’s Get on the Yellow Train","description":"Dans les Pyrénées Catalanes, découvrez ce train sur le plus haut chemin de fer d’Europe.","publisher":{"@id":"https:\/\/letrainjaune.fr\/en\/#organization"},"potentialAction":[{"@type":"SearchAction","target":{"@type":"EntryPoint","urlTemplate":"https:\/\/letrainjaune.fr\/en\/?s={search_term_string}"},"query-input":{"@type":"PropertyValueSpecification","valueRequired":true,"valueName":"search_term_string"}}],"inLanguage":"en-US"},{"@type":"Organization","@id":"https:\/\/letrainjaune.fr\/en\/#organization","name":"Let’s Get on the Yellow Train","url":"https:\/\/letrainjaune.fr\/en\/","logo":{"@type":"ImageObject","inLanguage":"en-US","@id":"https:\/\/letrainjaune.fr\/en\/#\/schema\/logo\/image\/","url":"https:\/\/letrainjaune.fr\/wp-content\/uploads\/2021\/04\/TJ_logo-TJ-footer.svg","contentUrl":"https:\/\/letrainjaune.fr\/wp-content\/uploads\/2021\/04\/TJ_logo-TJ-footer.svg","width":"1920","height":"9999","caption":"Let’s Get on the Yellow Train"},"image":{"@id":"https:\/\/letrainjaune.fr\/en\/#\/schema\/logo\/image\/"}}]}</script>
<!-- / Yoast SEO plugin. -->

Mission Potager : une exposition ludique et gourmande pour petits et grands ! 🍎🥕🌱 Partez à la découverte des fruits et légumes, de leur saisonnalité, de leur culture et de leurs nombreux bienfaits à travers une exposition interactive et amusante. Petits et grands pourront apprendre tout en s’amusant grâce à un jeu de quilles géant et différents défis ludiques. Une façon originale et conviviale de mieux connaître ce qui pousse dans nos jardins et de sensibiliser toute la famille à une alimentation variée et de saison. 📍 Site de Font-Romeu 📅 Du 29 septembre au 14 octobre Une exposition proposée par le Réseau des Médiathèques Pyrénées Catalanes.

Dans les Pyrénées Catalanes, découvrez ce train sur le plus haut chemin de fer d’Europe.
