{"id":10320,"date":"2023-06-26T15:10:32","date_gmt":"2023-06-26T13:10:32","guid":{"rendered":"https:\/\/letrainjaune.fr\/ligne-et-gares\/osseja\/"},"modified":"2023-07-28T14:58:57","modified_gmt":"2023-07-28T12:58:57","slug":"osseja","status":"publish","type":"gare","link":"https:\/\/letrainjaune.fr\/en\/line-and-stations\/osseja\/","title":{"rendered":"Oss\u00e9ja"},"content":{"rendered":"\n<p>This typical mountain village enjoys an ideal geographical location and an exceptional climate. At an altitude of 1,240 metres, the village overlooks the Vanera Valley and is sheltered from the wind thanks to the Poujals hill. It is a place to relax and enjoy many activities both in winter and summer.<\/p>\n\n\n\n<p>From the village, the forest road will give you access to the hamlet of Valceboll\u00e8re, and beyond, to the legendary &#8220;terminal 505&#8221; which marks the border with Spain. You will also enjoy magnificent views over southern Catalonia. <\/p>\n","protected":false},"excerpt":{"rendered":"<p>This typical mountain village enjoys an ideal geographical location and an exceptional climate. At an altitude of 1,240 metres, the village overlooks the Vanera Valley and is sheltered from the wind thanks to the Poujals hill. It is a place to relax and enjoy many activities both in winter and summer. From the village, the [&hellip;]<\/p>\n","protected":false},"featured_media":4037,"menu_order":18,"template":"","class_list":["post-10320","gare","type-gare","status-publish","has-post-thumbnail","hentry"],"acf":[],"yoast_head":"<!-- This site is optimized with the Yoast SEO plugin v25.4 - https:\/\/yoast.com\/wordpress\/plugins\/seo\/ -->\n<title>Oss\u00e9ja - Let\u2019s Get on the Yellow Train<\/title>\n<meta name=\"robots\" content=\"index, follow, max-snippet:-1, max-image-preview:large, max-video-preview:-1\" \/>\n<link rel=\"canonical\" href=\"https:\/\/letrainjaune.fr\/en\/line-and-stations\/osseja\/\" \/>\n<meta property=\"og:locale\" content=\"en_US\" \/>\n<meta property=\"og:type\" content=\"article\" \/>\n<meta property=\"og:title\" content=\"Oss\u00e9ja - Let\u2019s Get on the Yellow Train\" \/>\n<meta property=\"og:description\" content=\"This typical mountain village enjoys an ideal geographical location and an exceptional climate. At an altitude of 1,240 metres, the village overlooks the Vanera Valley and is sheltered from the wind thanks to the Poujals hill. It is a place to relax and enjoy many activities both in winter and summer. From the village, the [&hellip;]\" \/>\n<meta property=\"og:url\" content=\"https:\/\/letrainjaune.fr\/en\/line-and-stations\/osseja\/\" \/>\n<meta property=\"og:site_name\" content=\"Let\u2019s Get on the Yellow Train\" \/>\n<meta property=\"article:modified_time\" content=\"2023-07-28T12:58:57+00:00\" \/>\n<meta property=\"og:image\" content=\"https:\/\/letrainjaune.fr\/wp-content\/uploads\/2021\/04\/Techniciens_De_Gares_Sur_Le_Quai\u00a9Coll._J-D._Kehr.jpg\" \/>\n\t<meta property=\"og:image:width\" content=\"1956\" \/>\n\t<meta property=\"og:image:height\" content=\"1253\" \/>\n\t<meta property=\"og:image:type\" content=\"image\/jpeg\" \/>\n<meta name=\"twitter:card\" content=\"summary_large_image\" \/>\n<meta name=\"twitter:label1\" content=\"Est. reading time\" \/>\n\t<meta name=\"twitter:data1\" content=\"1 minute\" \/>\n<script type=\"application\/ld+json\" class=\"yoast-schema-graph\">{\"@context\":\"https:\/\/schema.org\",\"@graph\":[{\"@type\":\"WebPage\",\"@id\":\"https:\/\/letrainjaune.fr\/en\/line-and-stations\/osseja\/\",\"url\":\"https:\/\/letrainjaune.fr\/en\/line-and-stations\/osseja\/\",\"name\":\"Oss\u00e9ja - Let\u2019s Get on the Yellow Train\",\"isPartOf\":{\"@id\":\"https:\/\/letrainjaune.fr\/en\/#website\"},\"primaryImageOfPage\":{\"@id\":\"https:\/\/letrainjaune.fr\/en\/line-and-stations\/osseja\/#primaryimage\"},\"image\":{\"@id\":\"https:\/\/letrainjaune.fr\/en\/line-and-stations\/osseja\/#primaryimage\"},\"thumbnailUrl\":\"https:\/\/letrainjaune.fr\/wp-content\/uploads\/2021\/04\/Techniciens_De_Gares_Sur_Le_Quai\u00a9Coll._J-D._Kehr.jpg\",\"datePublished\":\"2023-06-26T13:10:32+00:00\",\"dateModified\":\"2023-07-28T12:58:57+00:00\",\"breadcrumb\":{\"@id\":\"https:\/\/letrainjaune.fr\/en\/line-and-stations\/osseja\/#breadcrumb\"},\"inLanguage\":\"en-US\",\"potentialAction\":[{\"@type\":\"ReadAction\",\"target\":[\"https:\/\/letrainjaune.fr\/en\/line-and-stations\/osseja\/\"]}]},{\"@type\":\"ImageObject\",\"inLanguage\":\"en-US\",\"@id\":\"https:\/\/letrainjaune.fr\/en\/line-and-stations\/osseja\/#primaryimage\",\"url\":\"https:\/\/letrainjaune.fr\/wp-content\/uploads\/2021\/04\/Techniciens_De_Gares_Sur_Le_Quai\u00a9Coll._J-D._Kehr.jpg\",\"contentUrl\":\"https:\/\/letrainjaune.fr\/wp-content\/uploads\/2021\/04\/Techniciens_De_Gares_Sur_Le_Quai\u00a9Coll._J-D._Kehr.jpg\",\"width\":1956,\"height\":1253,\"caption\":\"Station technicians on the platform\"},{\"@type\":\"BreadcrumbList\",\"@id\":\"https:\/\/letrainjaune.fr\/en\/line-and-stations\/osseja\/#breadcrumb\",\"itemListElement\":[{\"@type\":\"ListItem\",\"position\":1,\"name\":\"Home page\",\"item\":\"https:\/\/letrainjaune.fr\/en\/\"},{\"@type\":\"ListItem\",\"position\":2,\"name\":\"Oss\u00e9ja\"}]},{\"@type\":\"WebSite\",\"@id\":\"https:\/\/letrainjaune.fr\/en\/#website\",\"url\":\"https:\/\/letrainjaune.fr\/en\/\",\"name\":\"Let\u2019s Get on the Yellow Train\",\"description\":\"Dans les Pyr\u00e9n\u00e9es Catalanes, d\u00e9couvrez ce train sur le plus haut chemin de fer d\u2019Europe.\",\"publisher\":{\"@id\":\"https:\/\/letrainjaune.fr\/en\/#organization\"},\"potentialAction\":[{\"@type\":\"SearchAction\",\"target\":{\"@type\":\"EntryPoint\",\"urlTemplate\":\"https:\/\/letrainjaune.fr\/en\/?s={search_term_string}\"},\"query-input\":{\"@type\":\"PropertyValueSpecification\",\"valueRequired\":true,\"valueName\":\"search_term_string\"}}],\"inLanguage\":\"en-US\"},{\"@type\":\"Organization\",\"@id\":\"https:\/\/letrainjaune.fr\/en\/#organization\",\"name\":\"Let\u2019s Get on the Yellow Train\",\"url\":\"https:\/\/letrainjaune.fr\/en\/\",\"logo\":{\"@type\":\"ImageObject\",\"inLanguage\":\"en-US\",\"@id\":\"https:\/\/letrainjaune.fr\/en\/#\/schema\/logo\/image\/\",\"url\":\"https:\/\/letrainjaune.fr\/wp-content\/uploads\/2021\/04\/TJ_logo-TJ-footer.svg\",\"contentUrl\":\"https:\/\/letrainjaune.fr\/wp-content\/uploads\/2021\/04\/TJ_logo-TJ-footer.svg\",\"width\":\"1920\",\"height\":\"9999\",\"caption\":\"Let\u2019s Get on the Yellow Train\"},\"image\":{\"@id\":\"https:\/\/letrainjaune.fr\/en\/#\/schema\/logo\/image\/\"}}]}<\/script>\n<!-- \/ Yoast SEO plugin. -->","yoast_head_json":{"title":"Oss\u00e9ja - Let\u2019s Get on the Yellow Train","robots":{"index":"index","follow":"follow","max-snippet":"max-snippet:-1","max-image-preview":"max-image-preview:large","max-video-preview":"max-video-preview:-1"},"canonical":"https:\/\/letrainjaune.fr\/en\/line-and-stations\/osseja\/","og_locale":"en_US","og_type":"article","og_title":"Oss\u00e9ja - Let\u2019s Get on the Yellow Train","og_description":"This typical mountain village enjoys an ideal geographical location and an exceptional climate. At an altitude of 1,240 metres, the village overlooks the Vanera Valley and is sheltered from the wind thanks to the Poujals hill. It is a place to relax and enjoy many activities both in winter and summer. From the village, the [&hellip;]","og_url":"https:\/\/letrainjaune.fr\/en\/line-and-stations\/osseja\/","og_site_name":"Let\u2019s Get on the Yellow Train","article_modified_time":"2023-07-28T12:58:57+00:00","og_image":[{"width":1956,"height":1253,"url":"https:\/\/letrainjaune.fr\/wp-content\/uploads\/2021\/04\/Techniciens_De_Gares_Sur_Le_Quai\u00a9Coll._J-D._Kehr.jpg","type":"image\/jpeg"}],"twitter_card":"summary_large_image","twitter_misc":{"Est. reading time":"1 minute"},"schema":{"@context":"https:\/\/schema.org","@graph":[{"@type":"WebPage","@id":"https:\/\/letrainjaune.fr\/en\/line-and-stations\/osseja\/","url":"https:\/\/letrainjaune.fr\/en\/line-and-stations\/osseja\/","name":"Oss\u00e9ja - Let\u2019s Get on the Yellow Train","isPartOf":{"@id":"https:\/\/letrainjaune.fr\/en\/#website"},"primaryImageOfPage":{"@id":"https:\/\/letrainjaune.fr\/en\/line-and-stations\/osseja\/#primaryimage"},"image":{"@id":"https:\/\/letrainjaune.fr\/en\/line-and-stations\/osseja\/#primaryimage"},"thumbnailUrl":"https:\/\/letrainjaune.fr\/wp-content\/uploads\/2021\/04\/Techniciens_De_Gares_Sur_Le_Quai\u00a9Coll._J-D._Kehr.jpg","datePublished":"2023-06-26T13:10:32+00:00","dateModified":"2023-07-28T12:58:57+00:00","breadcrumb":{"@id":"https:\/\/letrainjaune.fr\/en\/line-and-stations\/osseja\/#breadcrumb"},"inLanguage":"en-US","potentialAction":[{"@type":"ReadAction","target":["https:\/\/letrainjaune.fr\/en\/line-and-stations\/osseja\/"]}]},{"@type":"ImageObject","inLanguage":"en-US","@id":"https:\/\/letrainjaune.fr\/en\/line-and-stations\/osseja\/#primaryimage","url":"https:\/\/letrainjaune.fr\/wp-content\/uploads\/2021\/04\/Techniciens_De_Gares_Sur_Le_Quai\u00a9Coll._J-D._Kehr.jpg","contentUrl":"https:\/\/letrainjaune.fr\/wp-content\/uploads\/2021\/04\/Techniciens_De_Gares_Sur_Le_Quai\u00a9Coll._J-D._Kehr.jpg","width":1956,"height":1253,"caption":"Station technicians on the platform"},{"@type":"BreadcrumbList","@id":"https:\/\/letrainjaune.fr\/en\/line-and-stations\/osseja\/#breadcrumb","itemListElement":[{"@type":"ListItem","position":1,"name":"Home page","item":"https:\/\/letrainjaune.fr\/en\/"},{"@type":"ListItem","position":2,"name":"Oss\u00e9ja"}]},{"@type":"WebSite","@id":"https:\/\/letrainjaune.fr\/en\/#website","url":"https:\/\/letrainjaune.fr\/en\/","name":"Let\u2019s Get on the Yellow Train","description":"Dans les Pyr\u00e9n\u00e9es Catalanes, d\u00e9couvrez ce train sur le plus haut chemin de fer d\u2019Europe.","publisher":{"@id":"https:\/\/letrainjaune.fr\/en\/#organization"},"potentialAction":[{"@type":"SearchAction","target":{"@type":"EntryPoint","urlTemplate":"https:\/\/letrainjaune.fr\/en\/?s={search_term_string}"},"query-input":{"@type":"PropertyValueSpecification","valueRequired":true,"valueName":"search_term_string"}}],"inLanguage":"en-US"},{"@type":"Organization","@id":"https:\/\/letrainjaune.fr\/en\/#organization","name":"Let\u2019s Get on the Yellow Train","url":"https:\/\/letrainjaune.fr\/en\/","logo":{"@type":"ImageObject","inLanguage":"en-US","@id":"https:\/\/letrainjaune.fr\/en\/#\/schema\/logo\/image\/","url":"https:\/\/letrainjaune.fr\/wp-content\/uploads\/2021\/04\/TJ_logo-TJ-footer.svg","contentUrl":"https:\/\/letrainjaune.fr\/wp-content\/uploads\/2021\/04\/TJ_logo-TJ-footer.svg","width":"1920","height":"9999","caption":"Let\u2019s Get on the Yellow Train"},"image":{"@id":"https:\/\/letrainjaune.fr\/en\/#\/schema\/logo\/image\/"}}]}},"_links":{"self":[{"href":"https:\/\/letrainjaune.fr\/en\/wp-json\/wp\/v2\/gare\/10320","targetHints":{"allow":["GET"]}}],"collection":[{"href":"https:\/\/letrainjaune.fr\/en\/wp-json\/wp\/v2\/gare"}],"about":[{"href":"https:\/\/letrainjaune.fr\/en\/wp-json\/wp\/v2\/types\/gare"}],"version-history":[{"count":3,"href":"https:\/\/letrainjaune.fr\/en\/wp-json\/wp\/v2\/gare\/10320\/revisions"}],"predecessor-version":[{"id":10902,"href":"https:\/\/letrainjaune.fr\/en\/wp-json\/wp\/v2\/gare\/10320\/revisions\/10902"}],"wp:featuredmedia":[{"embeddable":true,"href":"https:\/\/letrainjaune.fr\/en\/wp-json\/wp\/v2\/media\/4037"}],"wp:attachment":[{"href":"https:\/\/letrainjaune.fr\/en\/wp-json\/wp\/v2\/media?parent=10320"}],"curies":[{"name":"wp","href":"https:\/\/api.w.org\/{rel}","templated":true}]}}

Osséja

<p>This typical mountain village enjoys an ideal geographical location and an exceptional climate. At an altitude of 1,240 metres, the village overlooks the Vanera Valley and is sheltered from the wind thanks to the Poujals hill. It is a place to relax and enjoy many activities both in winter and summer.</p>



<p>From the village, the forest road will give you access to the hamlet of Valcebollère, and beyond, to the legendary &#8220;terminal 505&#8221; which marks the border with Spain. You will also enjoy magnificent views over southern Catalonia. </p>

<!-- This site is optimized with the Yoast SEO plugin v25.4 - https://yoast.com/wordpress/plugins/seo/ -->
<title>Osséja - Let’s Get on the Yellow Train</title>
<meta name="robots" content="index, follow, max-snippet:-1, max-image-preview:large, max-video-preview:-1" />
<link rel="canonical" href="https://letrainjaune.fr/en/line-and-stations/osseja/" />
<meta property="og:locale" content="en_US" />
<meta property="og:type" content="article" />
<meta property="og:title" content="Osséja - Let’s Get on the Yellow Train" />
<meta property="og:description" content="This typical mountain village enjoys an ideal geographical location and an exceptional climate. At an altitude of 1,240 metres, the village overlooks the Vanera Valley and is sheltered from the wind thanks to the Poujals hill. It is a place to relax and enjoy many activities both in winter and summer. From the village, the [&hellip;]" />
<meta property="og:url" content="https://letrainjaune.fr/en/line-and-stations/osseja/" />
<meta property="og:site_name" content="Let’s Get on the Yellow Train" />
<meta property="article:modified_time" content="2023-07-28T12:58:57+00:00" />
<meta property="og:image" content="https://letrainjaune.fr/wp-content/uploads/2021/04/Techniciens_De_Gares_Sur_Le_Quai©Coll._J-D._Kehr.jpg" />
	<meta property="og:image:width" content="1956" />
	<meta property="og:image:height" content="1253" />
	<meta property="og:image:type" content="image/jpeg" />
<meta name="twitter:card" content="summary_large_image" />
<meta name="twitter:label1" content="Est. reading time" />
	<meta name="twitter:data1" content="1 minute" />
<script type="application/ld+json" class="yoast-schema-graph">{"@context":"https://schema.org","@graph":[{"@type":"WebPage","@id":"https://letrainjaune.fr/en/line-and-stations/osseja/","url":"https://letrainjaune.fr/en/line-and-stations/osseja/","name":"Osséja - Let’s Get on the Yellow Train","isPartOf":{"@id":"https://letrainjaune.fr/en/#website"},"primaryImageOfPage":{"@id":"https://letrainjaune.fr/en/line-and-stations/osseja/#primaryimage"},"image":{"@id":"https://letrainjaune.fr/en/line-and-stations/osseja/#primaryimage"},"thumbnailUrl":"https://letrainjaune.fr/wp-content/uploads/2021/04/Techniciens_De_Gares_Sur_Le_Quai©Coll._J-D._Kehr.jpg","datePublished":"2023-06-26T13:10:32+00:00","dateModified":"2023-07-28T12:58:57+00:00","breadcrumb":{"@id":"https://letrainjaune.fr/en/line-and-stations/osseja/#breadcrumb"},"inLanguage":"en-US","potentialAction":[{"@type":"ReadAction","target":["https://letrainjaune.fr/en/line-and-stations/osseja/"]}]},{"@type":"ImageObject","inLanguage":"en-US","@id":"https://letrainjaune.fr/en/line-and-stations/osseja/#primaryimage","url":"https://letrainjaune.fr/wp-content/uploads/2021/04/Techniciens_De_Gares_Sur_Le_Quai©Coll._J-D._Kehr.jpg","contentUrl":"https://letrainjaune.fr/wp-content/uploads/2021/04/Techniciens_De_Gares_Sur_Le_Quai©Coll._J-D._Kehr.jpg","width":1956,"height":1253,"caption":"Station technicians on the platform"},{"@type":"BreadcrumbList","@id":"https://letrainjaune.fr/en/line-and-stations/osseja/#breadcrumb","itemListElement":[{"@type":"ListItem","position":1,"name":"Home page","item":"https://letrainjaune.fr/en/"},{"@type":"ListItem","position":2,"name":"Osséja"}]},{"@type":"WebSite","@id":"https://letrainjaune.fr/en/#website","url":"https://letrainjaune.fr/en/","name":"Let’s Get on the Yellow Train","description":"Dans les Pyrénées Catalanes, découvrez ce train sur le plus haut chemin de fer d’Europe.","publisher":{"@id":"https://letrainjaune.fr/en/#organization"},"potentialAction":[{"@type":"SearchAction","target":{"@type":"EntryPoint","urlTemplate":"https://letrainjaune.fr/en/?s={search_term_string}"},"query-input":{"@type":"PropertyValueSpecification","valueRequired":true,"valueName":"search_term_string"}}],"inLanguage":"en-US"},{"@type":"Organization","@id":"https://letrainjaune.fr/en/#organization","name":"Let’s Get on the Yellow Train","url":"https://letrainjaune.fr/en/","logo":{"@type":"ImageObject","inLanguage":"en-US","@id":"https://letrainjaune.fr/en/#/schema/logo/image/","url":"https://letrainjaune.fr/wp-content/uploads/2021/04/TJ_logo-TJ-footer.svg","contentUrl":"https://letrainjaune.fr/wp-content/uploads/2021/04/TJ_logo-TJ-footer.svg","width":"1920","height":"9999","caption":"Let’s Get on the Yellow Train"},"image":{"@id":"https://letrainjaune.fr/en/#/schema/logo/image/"}}]}</script>
<!-- / Yoast SEO plugin. -->

Osséja - Let’s Get on the Yellow Train

Dans les Pyrénées Catalanes, découvrez ce train sur le plus haut chemin de fer d’Europe.
