{"id":9807,"date":"2023-06-16T12:38:53","date_gmt":"2023-06-16T10:38:53","guid":{"rendered":"https:\/\/letrainjaune.fr\/?incontournable=the-city-of-puigcerda"},"modified":"2023-06-16T12:38:57","modified_gmt":"2023-06-16T10:38:57","slug":"the-city-of-puigcerda","status":"publish","type":"incontournable","link":"https:\/\/letrainjaune.fr\/en\/?incontournable=the-city-of-puigcerda","title":{"rendered":"The City of Puigcerd\u00e0"},"content":{"rendered":"\n<h4 class=\"wp-block-heading\">The city centre of Puigcerd\u00e0 (located right next to the border with France) is accessible in 15 minutes on foot from the Bourg-Madame train station.<\/h4>\n\n<p>Capital of the Comarca of La Cerdanya, in the province of Girona.<\/p>\n<figure class=\"wp-block-image size-large\"><a href=https:\/\/letrainjaune.fr\/wp-content\/uploads\/2021\/08\/fotos-espatrrnts-@Office-de-touirsme-Puicerda.jpg title=\"The Lake of Puigcerd\u00e0\" rel=\"prettyPhoto\"><img src=https:\/\/letrainjaune.fr\/wp-content\/uploads\/2021\/08\/fotos-espatrrnts-@Office-de-touirsme-Puicerda.jpg alt=\"\" title=\"The Lake of Puigcerd\u00e0\" width=\"\" class=\"wp-image-4544\"\/><\/a><figcaption>The Lake of Puigcerd\u00e0<span>&copy; Office de tourisme de Puigcerda <\/span><\/figcaption><\/figure>\n<p>Puigcerd\u00e0 (Podium Ceretanum) was founded around 1177 by King Alfonso II of Aragon, Count of Barcelona, of the Roussillon and of Cerdanya, and became the capital of this county (before it was Ll\u00edvia).<\/p>\n\n<p>It was besieged in 1654 and taken by the French troops during the \u201cReapers&#8217; War\u201d, also known as the Catalan Revolt.<\/p>\n\n<p>In 1678, it was again besieged and taken on May 28 by the French troops during the Dutch War.<\/p>\n\n<p>Under Napoleon I, in the 1810s, it was also the administrative centre of the French department of the S\u00e8gre.<\/p>\n\n<p>Its architecture and its typical Catalan way of life, with its historical centre and pedestrian streets, will plunge you into the heart of the Spanish Cerdanya, of which this border city is the capital. You can also take a walk around the lake located close to the centre.<\/p>\n<figure class=\"wp-block-image size-large\"><a href=https:\/\/letrainjaune.fr\/wp-content\/uploads\/2021\/08\/fotos-Puigcerda-emili-@Office-de-touirsme-Puicerda.jpg title=\"Around Puigcerd\u00e0\" rel=\"prettyPhoto\"><img src=https:\/\/letrainjaune.fr\/wp-content\/uploads\/2021\/08\/fotos-Puigcerda-emili-@Office-de-touirsme-Puicerda.jpg alt=\"\" title=\"Around Puigcerd\u00e0\" width=\"\" class=\"wp-image-4552\"\/><\/a><figcaption>Around Puigcerd\u00e0<span>&copy; Office de tourisme de Puigcerda <\/span><\/figcaption><\/figure>\n<p>For more information, visit the tourist office located in the centre of Puigcerd\u00e0.<\/p>\n\n<figure class=\"wp-block-pullquote\"><blockquote><p>+34 972 88 05 42<\/p><cite><a href=\"http:\/\/www.puigcerdaturisme.cat\" target=\"_blank\" rel=\"noreferrer noopener\">tourism office puigcerd\u00e0<\/a><br\/><\/cite><\/blockquote><\/figure>","protected":false},"featured_media":4539,"menu_order":0,"template":"","class_list":["post-9807","incontournable","type-incontournable","status-publish","has-post-thumbnail","hentry"],"acf":[],"yoast_head":"<!-- This site is optimized with the Yoast SEO plugin v25.4 - https:\/\/yoast.com\/wordpress\/plugins\/seo\/ -->\n<title>The City of Puigcerd\u00e0 - Let\u2019s Get on the Yellow Train<\/title>\n<meta name=\"robots\" content=\"index, follow, max-snippet:-1, max-image-preview:large, max-video-preview:-1\" \/>\n<link rel=\"canonical\" href=\"https:\/\/letrainjaune.fr\/en\/?incontournable=the-city-of-puigcerda\" \/>\n<meta property=\"og:locale\" content=\"en_US\" \/>\n<meta property=\"og:type\" content=\"article\" \/>\n<meta property=\"og:title\" content=\"The City of Puigcerd\u00e0 - Let\u2019s Get on the Yellow Train\" \/>\n<meta property=\"og:description\" content=\"The city centre of Puigcerd\u00e0 (located right next to the border with France) is accessible in 15 minutes on foot from the Bourg-Madame train station. Capital of the Comarca of La Cerdanya, in the province of Girona. Puigcerd\u00e0 (Podium Ceretanum) was founded around 1177 by King Alfonso II of Aragon, Count of Barcelona, of the [&hellip;]\" \/>\n<meta property=\"og:url\" content=\"https:\/\/letrainjaune.fr\/en\/?incontournable=the-city-of-puigcerda\" \/>\n<meta property=\"og:site_name\" content=\"Let\u2019s Get on the Yellow Train\" \/>\n<meta property=\"article:modified_time\" content=\"2023-06-16T10:38:57+00:00\" \/>\n<meta property=\"og:image\" content=\"https:\/\/letrainjaune.fr\/wp-content\/uploads\/2021\/06\/@Office-de-touirsme-Puicerda.jpg\" \/>\n\t<meta property=\"og:image:width\" content=\"1400\" \/>\n\t<meta property=\"og:image:height\" content=\"1050\" \/>\n\t<meta property=\"og:image:type\" content=\"image\/jpeg\" \/>\n<meta name=\"twitter:card\" content=\"summary_large_image\" \/>\n<meta name=\"twitter:label1\" content=\"Est. reading time\" \/>\n\t<meta name=\"twitter:data1\" content=\"1 minute\" \/>\n<script type=\"application\/ld+json\" class=\"yoast-schema-graph\">{\"@context\":\"https:\/\/schema.org\",\"@graph\":[{\"@type\":\"WebPage\",\"@id\":\"https:\/\/letrainjaune.fr\/en\/?incontournable=the-city-of-puigcerda\",\"url\":\"https:\/\/letrainjaune.fr\/en\/?incontournable=the-city-of-puigcerda\",\"name\":\"The City of Puigcerd\u00e0 - Let\u2019s Get on the Yellow Train\",\"isPartOf\":{\"@id\":\"https:\/\/letrainjaune.fr\/en\/#website\"},\"primaryImageOfPage\":{\"@id\":\"https:\/\/letrainjaune.fr\/en\/?incontournable=the-city-of-puigcerda#primaryimage\"},\"image\":{\"@id\":\"https:\/\/letrainjaune.fr\/en\/?incontournable=the-city-of-puigcerda#primaryimage\"},\"thumbnailUrl\":\"https:\/\/letrainjaune.fr\/wp-content\/uploads\/2021\/06\/@Office-de-touirsme-Puicerda.jpg\",\"datePublished\":\"2023-06-16T10:38:53+00:00\",\"dateModified\":\"2023-06-16T10:38:57+00:00\",\"breadcrumb\":{\"@id\":\"https:\/\/letrainjaune.fr\/en\/?incontournable=the-city-of-puigcerda#breadcrumb\"},\"inLanguage\":\"en-US\",\"potentialAction\":[{\"@type\":\"ReadAction\",\"target\":[\"https:\/\/letrainjaune.fr\/en\/?incontournable=the-city-of-puigcerda\"]}]},{\"@type\":\"ImageObject\",\"inLanguage\":\"en-US\",\"@id\":\"https:\/\/letrainjaune.fr\/en\/?incontournable=the-city-of-puigcerda#primaryimage\",\"url\":\"https:\/\/letrainjaune.fr\/wp-content\/uploads\/2021\/06\/@Office-de-touirsme-Puicerda.jpg\",\"contentUrl\":\"https:\/\/letrainjaune.fr\/wp-content\/uploads\/2021\/06\/@Office-de-touirsme-Puicerda.jpg\",\"width\":1400,\"height\":1050,\"caption\":\"Puigcerd\u00e0\"},{\"@type\":\"BreadcrumbList\",\"@id\":\"https:\/\/letrainjaune.fr\/en\/?incontournable=the-city-of-puigcerda#breadcrumb\",\"itemListElement\":[{\"@type\":\"ListItem\",\"position\":1,\"name\":\"Home page\",\"item\":\"https:\/\/letrainjaune.fr\/en\/\"},{\"@type\":\"ListItem\",\"position\":2,\"name\":\"The City of Puigcerd\u00e0\"}]},{\"@type\":\"WebSite\",\"@id\":\"https:\/\/letrainjaune.fr\/en\/#website\",\"url\":\"https:\/\/letrainjaune.fr\/en\/\",\"name\":\"Let\u2019s Get on the Yellow Train\",\"description\":\"Dans les Pyr\u00e9n\u00e9es Catalanes, d\u00e9couvrez ce train sur le plus haut chemin de fer d\u2019Europe.\",\"publisher\":{\"@id\":\"https:\/\/letrainjaune.fr\/en\/#organization\"},\"potentialAction\":[{\"@type\":\"SearchAction\",\"target\":{\"@type\":\"EntryPoint\",\"urlTemplate\":\"https:\/\/letrainjaune.fr\/en\/?s={search_term_string}\"},\"query-input\":{\"@type\":\"PropertyValueSpecification\",\"valueRequired\":true,\"valueName\":\"search_term_string\"}}],\"inLanguage\":\"en-US\"},{\"@type\":\"Organization\",\"@id\":\"https:\/\/letrainjaune.fr\/en\/#organization\",\"name\":\"Let\u2019s Get on the Yellow Train\",\"url\":\"https:\/\/letrainjaune.fr\/en\/\",\"logo\":{\"@type\":\"ImageObject\",\"inLanguage\":\"en-US\",\"@id\":\"https:\/\/letrainjaune.fr\/en\/#\/schema\/logo\/image\/\",\"url\":\"https:\/\/letrainjaune.fr\/wp-content\/uploads\/2021\/04\/TJ_logo-TJ-footer.svg\",\"contentUrl\":\"https:\/\/letrainjaune.fr\/wp-content\/uploads\/2021\/04\/TJ_logo-TJ-footer.svg\",\"width\":\"1920\",\"height\":\"9999\",\"caption\":\"Let\u2019s Get on the Yellow Train\"},\"image\":{\"@id\":\"https:\/\/letrainjaune.fr\/en\/#\/schema\/logo\/image\/\"}}]}<\/script>\n<!-- \/ Yoast SEO plugin. -->","yoast_head_json":{"title":"The City of Puigcerd\u00e0 - Let\u2019s Get on the Yellow Train","robots":{"index":"index","follow":"follow","max-snippet":"max-snippet:-1","max-image-preview":"max-image-preview:large","max-video-preview":"max-video-preview:-1"},"canonical":"https:\/\/letrainjaune.fr\/en\/?incontournable=the-city-of-puigcerda","og_locale":"en_US","og_type":"article","og_title":"The City of Puigcerd\u00e0 - Let\u2019s Get on the Yellow Train","og_description":"The city centre of Puigcerd\u00e0 (located right next to the border with France) is accessible in 15 minutes on foot from the Bourg-Madame train station. Capital of the Comarca of La Cerdanya, in the province of Girona. Puigcerd\u00e0 (Podium Ceretanum) was founded around 1177 by King Alfonso II of Aragon, Count of Barcelona, of the [&hellip;]","og_url":"https:\/\/letrainjaune.fr\/en\/?incontournable=the-city-of-puigcerda","og_site_name":"Let\u2019s Get on the Yellow Train","article_modified_time":"2023-06-16T10:38:57+00:00","og_image":[{"width":1400,"height":1050,"url":"https:\/\/letrainjaune.fr\/wp-content\/uploads\/2021\/06\/@Office-de-touirsme-Puicerda.jpg","type":"image\/jpeg"}],"twitter_card":"summary_large_image","twitter_misc":{"Est. reading time":"1 minute"},"schema":{"@context":"https:\/\/schema.org","@graph":[{"@type":"WebPage","@id":"https:\/\/letrainjaune.fr\/en\/?incontournable=the-city-of-puigcerda","url":"https:\/\/letrainjaune.fr\/en\/?incontournable=the-city-of-puigcerda","name":"The City of Puigcerd\u00e0 - Let\u2019s Get on the Yellow Train","isPartOf":{"@id":"https:\/\/letrainjaune.fr\/en\/#website"},"primaryImageOfPage":{"@id":"https:\/\/letrainjaune.fr\/en\/?incontournable=the-city-of-puigcerda#primaryimage"},"image":{"@id":"https:\/\/letrainjaune.fr\/en\/?incontournable=the-city-of-puigcerda#primaryimage"},"thumbnailUrl":"https:\/\/letrainjaune.fr\/wp-content\/uploads\/2021\/06\/@Office-de-touirsme-Puicerda.jpg","datePublished":"2023-06-16T10:38:53+00:00","dateModified":"2023-06-16T10:38:57+00:00","breadcrumb":{"@id":"https:\/\/letrainjaune.fr\/en\/?incontournable=the-city-of-puigcerda#breadcrumb"},"inLanguage":"en-US","potentialAction":[{"@type":"ReadAction","target":["https:\/\/letrainjaune.fr\/en\/?incontournable=the-city-of-puigcerda"]}]},{"@type":"ImageObject","inLanguage":"en-US","@id":"https:\/\/letrainjaune.fr\/en\/?incontournable=the-city-of-puigcerda#primaryimage","url":"https:\/\/letrainjaune.fr\/wp-content\/uploads\/2021\/06\/@Office-de-touirsme-Puicerda.jpg","contentUrl":"https:\/\/letrainjaune.fr\/wp-content\/uploads\/2021\/06\/@Office-de-touirsme-Puicerda.jpg","width":1400,"height":1050,"caption":"Puigcerd\u00e0"},{"@type":"BreadcrumbList","@id":"https:\/\/letrainjaune.fr\/en\/?incontournable=the-city-of-puigcerda#breadcrumb","itemListElement":[{"@type":"ListItem","position":1,"name":"Home page","item":"https:\/\/letrainjaune.fr\/en\/"},{"@type":"ListItem","position":2,"name":"The City of Puigcerd\u00e0"}]},{"@type":"WebSite","@id":"https:\/\/letrainjaune.fr\/en\/#website","url":"https:\/\/letrainjaune.fr\/en\/","name":"Let\u2019s Get on the Yellow Train","description":"Dans les Pyr\u00e9n\u00e9es Catalanes, d\u00e9couvrez ce train sur le plus haut chemin de fer d\u2019Europe.","publisher":{"@id":"https:\/\/letrainjaune.fr\/en\/#organization"},"potentialAction":[{"@type":"SearchAction","target":{"@type":"EntryPoint","urlTemplate":"https:\/\/letrainjaune.fr\/en\/?s={search_term_string}"},"query-input":{"@type":"PropertyValueSpecification","valueRequired":true,"valueName":"search_term_string"}}],"inLanguage":"en-US"},{"@type":"Organization","@id":"https:\/\/letrainjaune.fr\/en\/#organization","name":"Let\u2019s Get on the Yellow Train","url":"https:\/\/letrainjaune.fr\/en\/","logo":{"@type":"ImageObject","inLanguage":"en-US","@id":"https:\/\/letrainjaune.fr\/en\/#\/schema\/logo\/image\/","url":"https:\/\/letrainjaune.fr\/wp-content\/uploads\/2021\/04\/TJ_logo-TJ-footer.svg","contentUrl":"https:\/\/letrainjaune.fr\/wp-content\/uploads\/2021\/04\/TJ_logo-TJ-footer.svg","width":"1920","height":"9999","caption":"Let\u2019s Get on the Yellow Train"},"image":{"@id":"https:\/\/letrainjaune.fr\/en\/#\/schema\/logo\/image\/"}}]}},"_links":{"self":[{"href":"https:\/\/letrainjaune.fr\/en\/wp-json\/wp\/v2\/incontournable\/9807","targetHints":{"allow":["GET"]}}],"collection":[{"href":"https:\/\/letrainjaune.fr\/en\/wp-json\/wp\/v2\/incontournable"}],"about":[{"href":"https:\/\/letrainjaune.fr\/en\/wp-json\/wp\/v2\/types\/incontournable"}],"version-history":[{"count":1,"href":"https:\/\/letrainjaune.fr\/en\/wp-json\/wp\/v2\/incontournable\/9807\/revisions"}],"predecessor-version":[{"id":9808,"href":"https:\/\/letrainjaune.fr\/en\/wp-json\/wp\/v2\/incontournable\/9807\/revisions\/9808"}],"wp:featuredmedia":[{"embeddable":true,"href":"https:\/\/letrainjaune.fr\/en\/wp-json\/wp\/v2\/media\/4539"}],"wp:attachment":[{"href":"https:\/\/letrainjaune.fr\/en\/wp-json\/wp\/v2\/media?parent=9807"}],"curies":[{"name":"wp","href":"https:\/\/api.w.org\/{rel}","templated":true}]}}

The City of Puigcerdà

<h4 class="wp-block-heading">The city centre of Puigcerdà (located right next to the border with France) is accessible in 15 minutes on foot from the Bourg-Madame train station.</h4>

<p>Capital of the Comarca of La Cerdanya, in the province of Girona.</p>
<figure class="wp-block-image size-large"><a href=https://letrainjaune.fr/wp-content/uploads/2021/08/fotos-espatrrnts-@Office-de-touirsme-Puicerda.jpg title="The Lake of Puigcerdà" rel="prettyPhoto"><img src=https://letrainjaune.fr/wp-content/uploads/2021/08/fotos-espatrrnts-@Office-de-touirsme-Puicerda.jpg alt="" title="The Lake of Puigcerdà" width="" class="wp-image-4544"/></a><figcaption>The Lake of Puigcerdà<span>&copy; Office de tourisme de Puigcerda </span></figcaption></figure>
<p>Puigcerdà (Podium Ceretanum) was founded around 1177 by King Alfonso II of Aragon, Count of Barcelona, of the Roussillon and of Cerdanya, and became the capital of this county (before it was Llívia).</p>

<p>It was besieged in 1654 and taken by the French troops during the “Reapers&#8217; War”, also known as the Catalan Revolt.</p>

<p>In 1678, it was again besieged and taken on May 28 by the French troops during the Dutch War.</p>

<p>Under Napoleon I, in the 1810s, it was also the administrative centre of the French department of the Sègre.</p>

<p>Its architecture and its typical Catalan way of life, with its historical centre and pedestrian streets, will plunge you into the heart of the Spanish Cerdanya, of which this border city is the capital. You can also take a walk around the lake located close to the centre.</p>
<figure class="wp-block-image size-large"><a href=https://letrainjaune.fr/wp-content/uploads/2021/08/fotos-Puigcerda-emili-@Office-de-touirsme-Puicerda.jpg title="Around Puigcerdà" rel="prettyPhoto"><img src=https://letrainjaune.fr/wp-content/uploads/2021/08/fotos-Puigcerda-emili-@Office-de-touirsme-Puicerda.jpg alt="" title="Around Puigcerdà" width="" class="wp-image-4552"/></a><figcaption>Around Puigcerdà<span>&copy; Office de tourisme de Puigcerda </span></figcaption></figure>
<p>For more information, visit the tourist office located in the centre of Puigcerdà.</p>

<figure class="wp-block-pullquote"><blockquote><p>+34 972 88 05 42</p><cite><a href="http://www.puigcerdaturisme.cat" target="_blank" rel="noreferrer noopener">tourism office puigcerdà</a><br/></cite></blockquote></figure>

<!-- This site is optimized with the Yoast SEO plugin v25.4 - https://yoast.com/wordpress/plugins/seo/ -->
<title>The City of Puigcerdà - Let’s Get on the Yellow Train</title>
<meta name="robots" content="index, follow, max-snippet:-1, max-image-preview:large, max-video-preview:-1" />
<link rel="canonical" href="https://letrainjaune.fr/en/?incontournable=the-city-of-puigcerda" />
<meta property="og:locale" content="en_US" />
<meta property="og:type" content="article" />
<meta property="og:title" content="The City of Puigcerdà - Let’s Get on the Yellow Train" />
<meta property="og:description" content="The city centre of Puigcerdà (located right next to the border with France) is accessible in 15 minutes on foot from the Bourg-Madame train station. Capital of the Comarca of La Cerdanya, in the province of Girona. Puigcerdà (Podium Ceretanum) was founded around 1177 by King Alfonso II of Aragon, Count of Barcelona, of the [&hellip;]" />
<meta property="og:url" content="https://letrainjaune.fr/en/?incontournable=the-city-of-puigcerda" />
<meta property="og:site_name" content="Let’s Get on the Yellow Train" />
<meta property="article:modified_time" content="2023-06-16T10:38:57+00:00" />
<meta property="og:image" content="https://letrainjaune.fr/wp-content/uploads/2021/06/@Office-de-touirsme-Puicerda.jpg" />
	<meta property="og:image:width" content="1400" />
	<meta property="og:image:height" content="1050" />
	<meta property="og:image:type" content="image/jpeg" />
<meta name="twitter:card" content="summary_large_image" />
<meta name="twitter:label1" content="Est. reading time" />
	<meta name="twitter:data1" content="1 minute" />
<script type="application/ld+json" class="yoast-schema-graph">{"@context":"https://schema.org","@graph":[{"@type":"WebPage","@id":"https://letrainjaune.fr/en/?incontournable=the-city-of-puigcerda","url":"https://letrainjaune.fr/en/?incontournable=the-city-of-puigcerda","name":"The City of Puigcerdà - Let’s Get on the Yellow Train","isPartOf":{"@id":"https://letrainjaune.fr/en/#website"},"primaryImageOfPage":{"@id":"https://letrainjaune.fr/en/?incontournable=the-city-of-puigcerda#primaryimage"},"image":{"@id":"https://letrainjaune.fr/en/?incontournable=the-city-of-puigcerda#primaryimage"},"thumbnailUrl":"https://letrainjaune.fr/wp-content/uploads/2021/06/@Office-de-touirsme-Puicerda.jpg","datePublished":"2023-06-16T10:38:53+00:00","dateModified":"2023-06-16T10:38:57+00:00","breadcrumb":{"@id":"https://letrainjaune.fr/en/?incontournable=the-city-of-puigcerda#breadcrumb"},"inLanguage":"en-US","potentialAction":[{"@type":"ReadAction","target":["https://letrainjaune.fr/en/?incontournable=the-city-of-puigcerda"]}]},{"@type":"ImageObject","inLanguage":"en-US","@id":"https://letrainjaune.fr/en/?incontournable=the-city-of-puigcerda#primaryimage","url":"https://letrainjaune.fr/wp-content/uploads/2021/06/@Office-de-touirsme-Puicerda.jpg","contentUrl":"https://letrainjaune.fr/wp-content/uploads/2021/06/@Office-de-touirsme-Puicerda.jpg","width":1400,"height":1050,"caption":"Puigcerdà"},{"@type":"BreadcrumbList","@id":"https://letrainjaune.fr/en/?incontournable=the-city-of-puigcerda#breadcrumb","itemListElement":[{"@type":"ListItem","position":1,"name":"Home page","item":"https://letrainjaune.fr/en/"},{"@type":"ListItem","position":2,"name":"The City of Puigcerdà"}]},{"@type":"WebSite","@id":"https://letrainjaune.fr/en/#website","url":"https://letrainjaune.fr/en/","name":"Let’s Get on the Yellow Train","description":"Dans les Pyrénées Catalanes, découvrez ce train sur le plus haut chemin de fer d’Europe.","publisher":{"@id":"https://letrainjaune.fr/en/#organization"},"potentialAction":[{"@type":"SearchAction","target":{"@type":"EntryPoint","urlTemplate":"https://letrainjaune.fr/en/?s={search_term_string}"},"query-input":{"@type":"PropertyValueSpecification","valueRequired":true,"valueName":"search_term_string"}}],"inLanguage":"en-US"},{"@type":"Organization","@id":"https://letrainjaune.fr/en/#organization","name":"Let’s Get on the Yellow Train","url":"https://letrainjaune.fr/en/","logo":{"@type":"ImageObject","inLanguage":"en-US","@id":"https://letrainjaune.fr/en/#/schema/logo/image/","url":"https://letrainjaune.fr/wp-content/uploads/2021/04/TJ_logo-TJ-footer.svg","contentUrl":"https://letrainjaune.fr/wp-content/uploads/2021/04/TJ_logo-TJ-footer.svg","width":"1920","height":"9999","caption":"Let’s Get on the Yellow Train"},"image":{"@id":"https://letrainjaune.fr/en/#/schema/logo/image/"}}]}</script>
<!-- / Yoast SEO plugin. -->

The City of Puigcerdà - Let’s Get on the Yellow Train

The city centre of Puigcerdà (located right next to the border with France) is accessible in 15 minutes on foot from the Bourg-Madame train station. Capital of the Comarca of La Cerdanya, in the province of Girona. Puigcerdà (Podium Ceretanum) was founded around 1177 by King Alfonso II of Aragon, Count of Barcelona, of the [&hellip;]

Puigcerdà

Dans les Pyrénées Catalanes, découvrez ce train sur le plus haut chemin de fer d’Europe.
