{"id":9829,"date":"2023-06-16T16:52:57","date_gmt":"2023-06-16T14:52:57","guid":{"rendered":"https:\/\/letrainjaune.fr\/?temps_fort=cross-border-film-festival"},"modified":"2023-06-16T16:52:58","modified_gmt":"2023-06-16T14:52:58","slug":"cross-border-film-festival","status":"publish","type":"temps_fort","link":"https:\/\/letrainjaune.fr\/en\/?temps_fort=cross-border-film-festival","title":{"rendered":"Cross-Border Film Festival"},"content":{"rendered":"\n<h3 class=\"wp-block-heading\">This Film Festival is now an unmissable event in Cerdanya, which showcases the two Catalan identities: French and Spanish. <\/h3>\n\n<p>This festival favours a friendly atmosphere &#8211; far from the  <em>clich\u00e9 of the Festival de Cannes<\/em><\/p>\n\n<p>With its tiny budget to organize this event, the municipality of Estavar counts on financial support from local businesses, shopkeepers and artisans, that are indeed happy to help. And the Departmental Council does promote cross-border cultural projects.<\/p>\n\n<p>This festival is also an opportunity to promote local products and know-how. What makes this festival special: screening of short films, meeting with people from the cinema world (actors, directors, producers, etc.) and promotion of local products.<\/p>\n","protected":false},"featured_media":3971,"menu_order":0,"template":"","class_list":["post-9829","temps_fort","type-temps_fort","status-publish","has-post-thumbnail","hentry"],"acf":[],"yoast_head":"<!-- This site is optimized with the Yoast SEO plugin v25.4 - https:\/\/yoast.com\/wordpress\/plugins\/seo\/ -->\n<title>Cross-Border Film Festival - Let\u2019s Get on the Yellow Train<\/title>\n<meta name=\"robots\" content=\"index, follow, max-snippet:-1, max-image-preview:large, max-video-preview:-1\" \/>\n<link rel=\"canonical\" href=\"https:\/\/letrainjaune.fr\/en\/?temps_fort=cross-border-film-festival\" \/>\n<meta property=\"og:locale\" content=\"en_US\" \/>\n<meta property=\"og:type\" content=\"article\" \/>\n<meta property=\"og:title\" content=\"Cross-Border Film Festival - Let\u2019s Get on the Yellow Train\" \/>\n<meta property=\"og:description\" content=\"This Film Festival is now an unmissable event in Cerdanya, which showcases the two Catalan identities: French and Spanish. This festival favours a friendly atmosphere &#8211; far from the clich\u00e9 of the Festival de Cannes With its tiny budget to organize this event, the municipality of Estavar counts on financial support from local businesses, shopkeepers [&hellip;]\" \/>\n<meta property=\"og:url\" content=\"https:\/\/letrainjaune.fr\/en\/?temps_fort=cross-border-film-festival\" \/>\n<meta property=\"og:site_name\" content=\"Let\u2019s Get on the Yellow Train\" \/>\n<meta property=\"article:modified_time\" content=\"2023-06-16T14:52:58+00:00\" \/>\n<meta property=\"og:image\" content=\"https:\/\/letrainjaune.fr\/wp-content\/uploads\/2021\/07\/festival-transfrontalier-\u00a9Frederique-BERLIC.jpg\" \/>\n\t<meta property=\"og:image:width\" content=\"2000\" \/>\n\t<meta property=\"og:image:height\" content=\"1559\" \/>\n\t<meta property=\"og:image:type\" content=\"image\/jpeg\" \/>\n<meta name=\"twitter:card\" content=\"summary_large_image\" \/>\n<meta name=\"twitter:label1\" content=\"Est. reading time\" \/>\n\t<meta name=\"twitter:data1\" content=\"1 minute\" \/>\n<script type=\"application\/ld+json\" class=\"yoast-schema-graph\">{\"@context\":\"https:\/\/schema.org\",\"@graph\":[{\"@type\":\"WebPage\",\"@id\":\"https:\/\/letrainjaune.fr\/en\/?temps_fort=cross-border-film-festival\",\"url\":\"https:\/\/letrainjaune.fr\/en\/?temps_fort=cross-border-film-festival\",\"name\":\"Cross-Border Film Festival - Let\u2019s Get on the Yellow Train\",\"isPartOf\":{\"@id\":\"https:\/\/letrainjaune.fr\/en\/#website\"},\"primaryImageOfPage\":{\"@id\":\"https:\/\/letrainjaune.fr\/en\/?temps_fort=cross-border-film-festival#primaryimage\"},\"image\":{\"@id\":\"https:\/\/letrainjaune.fr\/en\/?temps_fort=cross-border-film-festival#primaryimage\"},\"thumbnailUrl\":\"https:\/\/letrainjaune.fr\/wp-content\/uploads\/2021\/07\/festival-transfrontalier-\u00a9Frederique-BERLIC.jpg\",\"datePublished\":\"2023-06-16T14:52:57+00:00\",\"dateModified\":\"2023-06-16T14:52:58+00:00\",\"breadcrumb\":{\"@id\":\"https:\/\/letrainjaune.fr\/en\/?temps_fort=cross-border-film-festival#breadcrumb\"},\"inLanguage\":\"en-US\",\"potentialAction\":[{\"@type\":\"ReadAction\",\"target\":[\"https:\/\/letrainjaune.fr\/en\/?temps_fort=cross-border-film-festival\"]}]},{\"@type\":\"ImageObject\",\"inLanguage\":\"en-US\",\"@id\":\"https:\/\/letrainjaune.fr\/en\/?temps_fort=cross-border-film-festival#primaryimage\",\"url\":\"https:\/\/letrainjaune.fr\/wp-content\/uploads\/2021\/07\/festival-transfrontalier-\u00a9Frederique-BERLIC.jpg\",\"contentUrl\":\"https:\/\/letrainjaune.fr\/wp-content\/uploads\/2021\/07\/festival-transfrontalier-\u00a9Frederique-BERLIC.jpg\",\"width\":2000,\"height\":1559,\"caption\":\"Estavar cross-border film festival\"},{\"@type\":\"BreadcrumbList\",\"@id\":\"https:\/\/letrainjaune.fr\/en\/?temps_fort=cross-border-film-festival#breadcrumb\",\"itemListElement\":[{\"@type\":\"ListItem\",\"position\":1,\"name\":\"Home page\",\"item\":\"https:\/\/letrainjaune.fr\/en\/\"},{\"@type\":\"ListItem\",\"position\":2,\"name\":\"Cross-Border Film Festival\"}]},{\"@type\":\"WebSite\",\"@id\":\"https:\/\/letrainjaune.fr\/en\/#website\",\"url\":\"https:\/\/letrainjaune.fr\/en\/\",\"name\":\"Let\u2019s Get on the Yellow Train\",\"description\":\"Dans les Pyr\u00e9n\u00e9es Catalanes, d\u00e9couvrez ce train sur le plus haut chemin de fer d\u2019Europe.\",\"publisher\":{\"@id\":\"https:\/\/letrainjaune.fr\/en\/#organization\"},\"potentialAction\":[{\"@type\":\"SearchAction\",\"target\":{\"@type\":\"EntryPoint\",\"urlTemplate\":\"https:\/\/letrainjaune.fr\/en\/?s={search_term_string}\"},\"query-input\":{\"@type\":\"PropertyValueSpecification\",\"valueRequired\":true,\"valueName\":\"search_term_string\"}}],\"inLanguage\":\"en-US\"},{\"@type\":\"Organization\",\"@id\":\"https:\/\/letrainjaune.fr\/en\/#organization\",\"name\":\"Let\u2019s Get on the Yellow Train\",\"url\":\"https:\/\/letrainjaune.fr\/en\/\",\"logo\":{\"@type\":\"ImageObject\",\"inLanguage\":\"en-US\",\"@id\":\"https:\/\/letrainjaune.fr\/en\/#\/schema\/logo\/image\/\",\"url\":\"https:\/\/letrainjaune.fr\/wp-content\/uploads\/2021\/04\/TJ_logo-TJ-footer.svg\",\"contentUrl\":\"https:\/\/letrainjaune.fr\/wp-content\/uploads\/2021\/04\/TJ_logo-TJ-footer.svg\",\"width\":\"1920\",\"height\":\"9999\",\"caption\":\"Let\u2019s Get on the Yellow Train\"},\"image\":{\"@id\":\"https:\/\/letrainjaune.fr\/en\/#\/schema\/logo\/image\/\"}}]}<\/script>\n<!-- \/ Yoast SEO plugin. -->","yoast_head_json":{"title":"Cross-Border Film Festival - Let\u2019s Get on the Yellow Train","robots":{"index":"index","follow":"follow","max-snippet":"max-snippet:-1","max-image-preview":"max-image-preview:large","max-video-preview":"max-video-preview:-1"},"canonical":"https:\/\/letrainjaune.fr\/en\/?temps_fort=cross-border-film-festival","og_locale":"en_US","og_type":"article","og_title":"Cross-Border Film Festival - Let\u2019s Get on the Yellow Train","og_description":"This Film Festival is now an unmissable event in Cerdanya, which showcases the two Catalan identities: French and Spanish. This festival favours a friendly atmosphere &#8211; far from the clich\u00e9 of the Festival de Cannes With its tiny budget to organize this event, the municipality of Estavar counts on financial support from local businesses, shopkeepers [&hellip;]","og_url":"https:\/\/letrainjaune.fr\/en\/?temps_fort=cross-border-film-festival","og_site_name":"Let\u2019s Get on the Yellow Train","article_modified_time":"2023-06-16T14:52:58+00:00","og_image":[{"width":2000,"height":1559,"url":"https:\/\/letrainjaune.fr\/wp-content\/uploads\/2021\/07\/festival-transfrontalier-\u00a9Frederique-BERLIC.jpg","type":"image\/jpeg"}],"twitter_card":"summary_large_image","twitter_misc":{"Est. reading time":"1 minute"},"schema":{"@context":"https:\/\/schema.org","@graph":[{"@type":"WebPage","@id":"https:\/\/letrainjaune.fr\/en\/?temps_fort=cross-border-film-festival","url":"https:\/\/letrainjaune.fr\/en\/?temps_fort=cross-border-film-festival","name":"Cross-Border Film Festival - Let\u2019s Get on the Yellow Train","isPartOf":{"@id":"https:\/\/letrainjaune.fr\/en\/#website"},"primaryImageOfPage":{"@id":"https:\/\/letrainjaune.fr\/en\/?temps_fort=cross-border-film-festival#primaryimage"},"image":{"@id":"https:\/\/letrainjaune.fr\/en\/?temps_fort=cross-border-film-festival#primaryimage"},"thumbnailUrl":"https:\/\/letrainjaune.fr\/wp-content\/uploads\/2021\/07\/festival-transfrontalier-\u00a9Frederique-BERLIC.jpg","datePublished":"2023-06-16T14:52:57+00:00","dateModified":"2023-06-16T14:52:58+00:00","breadcrumb":{"@id":"https:\/\/letrainjaune.fr\/en\/?temps_fort=cross-border-film-festival#breadcrumb"},"inLanguage":"en-US","potentialAction":[{"@type":"ReadAction","target":["https:\/\/letrainjaune.fr\/en\/?temps_fort=cross-border-film-festival"]}]},{"@type":"ImageObject","inLanguage":"en-US","@id":"https:\/\/letrainjaune.fr\/en\/?temps_fort=cross-border-film-festival#primaryimage","url":"https:\/\/letrainjaune.fr\/wp-content\/uploads\/2021\/07\/festival-transfrontalier-\u00a9Frederique-BERLIC.jpg","contentUrl":"https:\/\/letrainjaune.fr\/wp-content\/uploads\/2021\/07\/festival-transfrontalier-\u00a9Frederique-BERLIC.jpg","width":2000,"height":1559,"caption":"Estavar cross-border film festival"},{"@type":"BreadcrumbList","@id":"https:\/\/letrainjaune.fr\/en\/?temps_fort=cross-border-film-festival#breadcrumb","itemListElement":[{"@type":"ListItem","position":1,"name":"Home page","item":"https:\/\/letrainjaune.fr\/en\/"},{"@type":"ListItem","position":2,"name":"Cross-Border Film Festival"}]},{"@type":"WebSite","@id":"https:\/\/letrainjaune.fr\/en\/#website","url":"https:\/\/letrainjaune.fr\/en\/","name":"Let\u2019s Get on the Yellow Train","description":"Dans les Pyr\u00e9n\u00e9es Catalanes, d\u00e9couvrez ce train sur le plus haut chemin de fer d\u2019Europe.","publisher":{"@id":"https:\/\/letrainjaune.fr\/en\/#organization"},"potentialAction":[{"@type":"SearchAction","target":{"@type":"EntryPoint","urlTemplate":"https:\/\/letrainjaune.fr\/en\/?s={search_term_string}"},"query-input":{"@type":"PropertyValueSpecification","valueRequired":true,"valueName":"search_term_string"}}],"inLanguage":"en-US"},{"@type":"Organization","@id":"https:\/\/letrainjaune.fr\/en\/#organization","name":"Let\u2019s Get on the Yellow Train","url":"https:\/\/letrainjaune.fr\/en\/","logo":{"@type":"ImageObject","inLanguage":"en-US","@id":"https:\/\/letrainjaune.fr\/en\/#\/schema\/logo\/image\/","url":"https:\/\/letrainjaune.fr\/wp-content\/uploads\/2021\/04\/TJ_logo-TJ-footer.svg","contentUrl":"https:\/\/letrainjaune.fr\/wp-content\/uploads\/2021\/04\/TJ_logo-TJ-footer.svg","width":"1920","height":"9999","caption":"Let\u2019s Get on the Yellow Train"},"image":{"@id":"https:\/\/letrainjaune.fr\/en\/#\/schema\/logo\/image\/"}}]}},"_links":{"self":[{"href":"https:\/\/letrainjaune.fr\/en\/wp-json\/wp\/v2\/temps_fort\/9829","targetHints":{"allow":["GET"]}}],"collection":[{"href":"https:\/\/letrainjaune.fr\/en\/wp-json\/wp\/v2\/temps_fort"}],"about":[{"href":"https:\/\/letrainjaune.fr\/en\/wp-json\/wp\/v2\/types\/temps_fort"}],"version-history":[{"count":1,"href":"https:\/\/letrainjaune.fr\/en\/wp-json\/wp\/v2\/temps_fort\/9829\/revisions"}],"predecessor-version":[{"id":9830,"href":"https:\/\/letrainjaune.fr\/en\/wp-json\/wp\/v2\/temps_fort\/9829\/revisions\/9830"}],"wp:featuredmedia":[{"embeddable":true,"href":"https:\/\/letrainjaune.fr\/en\/wp-json\/wp\/v2\/media\/3971"}],"wp:attachment":[{"href":"https:\/\/letrainjaune.fr\/en\/wp-json\/wp\/v2\/media?parent=9829"}],"curies":[{"name":"wp","href":"https:\/\/api.w.org\/{rel}","templated":true}]}}

<h3 class="wp-block-heading">This Film Festival is now an unmissable event in Cerdanya, which showcases the two Catalan identities: French and Spanish. </h3>

<p>This festival favours a friendly atmosphere &#8211; far from the  <em>cliché of the Festival de Cannes</em></p>

<p>With its tiny budget to organize this event, the municipality of Estavar counts on financial support from local businesses, shopkeepers and artisans, that are indeed happy to help. And the Departmental Council does promote cross-border cultural projects.</p>

<p>This festival is also an opportunity to promote local products and know-how. What makes this festival special: screening of short films, meeting with people from the cinema world (actors, directors, producers, etc.) and promotion of local products.</p>

<!-- This site is optimized with the Yoast SEO plugin v25.4 - https://yoast.com/wordpress/plugins/seo/ -->
<title>Cross-Border Film Festival - Let’s Get on the Yellow Train</title>
<meta name="robots" content="index, follow, max-snippet:-1, max-image-preview:large, max-video-preview:-1" />
<link rel="canonical" href="https://letrainjaune.fr/en/?temps_fort=cross-border-film-festival" />
<meta property="og:locale" content="en_US" />
<meta property="og:type" content="article" />
<meta property="og:title" content="Cross-Border Film Festival - Let’s Get on the Yellow Train" />
<meta property="og:description" content="This Film Festival is now an unmissable event in Cerdanya, which showcases the two Catalan identities: French and Spanish. This festival favours a friendly atmosphere &#8211; far from the cliché of the Festival de Cannes With its tiny budget to organize this event, the municipality of Estavar counts on financial support from local businesses, shopkeepers [&hellip;]" />
<meta property="og:url" content="https://letrainjaune.fr/en/?temps_fort=cross-border-film-festival" />
<meta property="og:site_name" content="Let’s Get on the Yellow Train" />
<meta property="article:modified_time" content="2023-06-16T14:52:58+00:00" />
<meta property="og:image" content="https://letrainjaune.fr/wp-content/uploads/2021/07/festival-transfrontalier-©Frederique-BERLIC.jpg" />
	<meta property="og:image:width" content="2000" />
	<meta property="og:image:height" content="1559" />
	<meta property="og:image:type" content="image/jpeg" />
<meta name="twitter:card" content="summary_large_image" />
<meta name="twitter:label1" content="Est. reading time" />
	<meta name="twitter:data1" content="1 minute" />
<script type="application/ld+json" class="yoast-schema-graph">{"@context":"https://schema.org","@graph":[{"@type":"WebPage","@id":"https://letrainjaune.fr/en/?temps_fort=cross-border-film-festival","url":"https://letrainjaune.fr/en/?temps_fort=cross-border-film-festival","name":"Cross-Border Film Festival - Let’s Get on the Yellow Train","isPartOf":{"@id":"https://letrainjaune.fr/en/#website"},"primaryImageOfPage":{"@id":"https://letrainjaune.fr/en/?temps_fort=cross-border-film-festival#primaryimage"},"image":{"@id":"https://letrainjaune.fr/en/?temps_fort=cross-border-film-festival#primaryimage"},"thumbnailUrl":"https://letrainjaune.fr/wp-content/uploads/2021/07/festival-transfrontalier-©Frederique-BERLIC.jpg","datePublished":"2023-06-16T14:52:57+00:00","dateModified":"2023-06-16T14:52:58+00:00","breadcrumb":{"@id":"https://letrainjaune.fr/en/?temps_fort=cross-border-film-festival#breadcrumb"},"inLanguage":"en-US","potentialAction":[{"@type":"ReadAction","target":["https://letrainjaune.fr/en/?temps_fort=cross-border-film-festival"]}]},{"@type":"ImageObject","inLanguage":"en-US","@id":"https://letrainjaune.fr/en/?temps_fort=cross-border-film-festival#primaryimage","url":"https://letrainjaune.fr/wp-content/uploads/2021/07/festival-transfrontalier-©Frederique-BERLIC.jpg","contentUrl":"https://letrainjaune.fr/wp-content/uploads/2021/07/festival-transfrontalier-©Frederique-BERLIC.jpg","width":2000,"height":1559,"caption":"Estavar cross-border film festival"},{"@type":"BreadcrumbList","@id":"https://letrainjaune.fr/en/?temps_fort=cross-border-film-festival#breadcrumb","itemListElement":[{"@type":"ListItem","position":1,"name":"Home page","item":"https://letrainjaune.fr/en/"},{"@type":"ListItem","position":2,"name":"Cross-Border Film Festival"}]},{"@type":"WebSite","@id":"https://letrainjaune.fr/en/#website","url":"https://letrainjaune.fr/en/","name":"Let’s Get on the Yellow Train","description":"Dans les Pyrénées Catalanes, découvrez ce train sur le plus haut chemin de fer d’Europe.","publisher":{"@id":"https://letrainjaune.fr/en/#organization"},"potentialAction":[{"@type":"SearchAction","target":{"@type":"EntryPoint","urlTemplate":"https://letrainjaune.fr/en/?s={search_term_string}"},"query-input":{"@type":"PropertyValueSpecification","valueRequired":true,"valueName":"search_term_string"}}],"inLanguage":"en-US"},{"@type":"Organization","@id":"https://letrainjaune.fr/en/#organization","name":"Let’s Get on the Yellow Train","url":"https://letrainjaune.fr/en/","logo":{"@type":"ImageObject","inLanguage":"en-US","@id":"https://letrainjaune.fr/en/#/schema/logo/image/","url":"https://letrainjaune.fr/wp-content/uploads/2021/04/TJ_logo-TJ-footer.svg","contentUrl":"https://letrainjaune.fr/wp-content/uploads/2021/04/TJ_logo-TJ-footer.svg","width":"1920","height":"9999","caption":"Let’s Get on the Yellow Train"},"image":{"@id":"https://letrainjaune.fr/en/#/schema/logo/image/"}}]}</script>
<!-- / Yoast SEO plugin. -->

This Film Festival is now an unmissable event in Cerdanya, which showcases the two Catalan identities: French and Spanish. This festival favours a friendly atmosphere &#8211; far from the cliché of the Festival de Cannes With its tiny budget to organize this event, the municipality of Estavar counts on financial support from local businesses, shopkeepers [&hellip;]

Dans les Pyrénées Catalanes, découvrez ce train sur le plus haut chemin de fer d’Europe.
