{"version":"1.0","provider_name":"Destino Tren amarillo","provider_url":"https:\/\/letrainjaune.fr\/es\/","title":"LA FETE DU PARC - Destino Tren amarillo","type":"rich","width":600,"height":338,"html":"<blockquote class=\"wp-embedded-content\" data-secret=\"Sw6oqftheK\"><a href=\"https:\/\/letrainjaune.fr\/es\/para-ver-y-hacer\/agenda\/la-fete-du-parc\/\">LA FETE DU PARC<\/a><\/blockquote><iframe sandbox=\"allow-scripts\" security=\"restricted\" src=\"https:\/\/letrainjaune.fr\/es\/para-ver-y-hacer\/agenda\/la-fete-du-parc\/embed\/#?secret=Sw6oqftheK\" width=\"600\" height=\"338\" title=\"\u00abLA FETE DU PARC\u00bb \u2014 Destino Tren amarillo\" data-secret=\"Sw6oqftheK\" frameborder=\"0\" marginwidth=\"0\" marginheight=\"0\" scrolling=\"no\" class=\"wp-embedded-content\"><\/iframe><script type=\"text\/javascript\">\n\/* <![CDATA[ *\/\n\/*! This file is auto-generated *\/\n!function(d,l){\"use strict\";l.querySelector&&d.addEventListener&&\"undefined\"!=typeof URL&&(d.wp=d.wp||{},d.wp.receiveEmbedMessage||(d.wp.receiveEmbedMessage=function(e){var t=e.data;if((t||t.secret||t.message||t.value)&&!\/[^a-zA-Z0-9]\/.test(t.secret)){for(var s,r,n,a=l.querySelectorAll('iframe[data-secret=\"'+t.secret+'\"]'),o=l.querySelectorAll('blockquote[data-secret=\"'+t.secret+'\"]'),c=new RegExp(\"^https?:$\",\"i\"),i=0;i<o.length;i++)o[i].style.display=\"none\";for(i=0;i<a.length;i++)s=a[i],e.source===s.contentWindow&&(s.removeAttribute(\"style\"),\"height\"===t.message?(1e3<(r=parseInt(t.value,10))?r=1e3:~~r<200&&(r=200),s.height=r):\"link\"===t.message&&(r=new URL(s.getAttribute(\"src\")),n=new URL(t.value),c.test(n.protocol))&&n.host===r.host&&l.activeElement===s&&(d.top.location.href=t.value))}},d.addEventListener(\"message\",d.wp.receiveEmbedMessage,!1),l.addEventListener(\"DOMContentLoaded\",function(){for(var e,t,s=l.querySelectorAll(\"iframe.wp-embedded-content\"),r=0;r<s.length;r++)(t=(e=s[r]).getAttribute(\"data-secret\"))||(t=Math.random().toString(36).substring(2,12),e.src+=\"#?secret=\"+t,e.setAttribute(\"data-secret\",t)),e.contentWindow.postMessage({message:\"ready\",secret:t},\"*\")},!1)))}(window,document);\n\/* ]]> *\/\n<\/script>\n","description":"Le Parc naturel r\u00e9gional des Pyr\u00e9n\u00e9es catalanes vous donne rendez-vous le dimanche 27 septembre \u00e0 la Maison du Parc, \u00e0 La Bastide \u2013 Olette, pour la 4e \u00e9dition de la F\u00eate du Parc ! De 10h \u00e0 18h, profitez d\u2019une journ\u00e9e festive et conviviale autour de la nature, des savoir-faire et de la culture locale. Au programme : stands de partenaires et de producteurs locaux, ateliers, jeux en bois, man\u00e8ge, exposition, spectacle jeune public, conf\u00e9rences, d\u00e9monstrations de chiens de berger et musique avec La Grande Fanfare et le concert de Cornelius, en partenariat avec le festival Jazz\u00e8bre. Il est \u00e9galement possible de rejoindre la f\u00eate en train et en Train Jaune depuis Villefranche-de-Conflent. Entr\u00e9e gratuite."}

Le Parc naturel régional des Pyrénées catalanes vous donne rendez-vous le dimanche 27 septembre à la Maison du Parc, à La Bastide – Olette, pour la 4e édition de la Fête du Parc ! De 10h à 18h, profitez d’une journée festive et conviviale autour de la nature, des savoir-faire et de la culture locale. Au programme : stands de partenaires et de producteurs locaux, ateliers, jeux en bois, manège, exposition, spectacle jeune public, conférences, démonstrations de chiens de berger et musique avec La Grande Fanfare et le concert de Cornelius, en partenariat avec le festival Jazzèbre. Il est également possible de rejoindre la fête en train et en Train Jaune depuis Villefranche-de-Conflent. Entrée gratuite.
