{"id":17541,"date":"2026-04-30T06:45:12","date_gmt":"2026-04-30T04:45:12","guid":{"rendered":"https:\/\/letrainjaune.fr\/a-voir-et-a-faire\/agenda\/foire-au-bio-produits-naturels-et-de-lartisanat-local\/"},"modified":"2026-04-30T06:45:12","modified_gmt":"2026-04-30T04:45:12","slug":"foire-au-bio-produits-naturels-et-de-lartisanat-local","status":"publish","type":"agenda","link":"https:\/\/letrainjaune.fr\/es\/a-voir-et-a-faire\/agenda\/foire-au-bio-produits-naturels-et-de-lartisanat-local\/","title":{"rendered":"FOIRE AU BIO, PRODUITS NATURELS ET DE L\u2019ARTISANAT LOCAL"},"content":{"rendered":"<p>FOIRE AU BIO, PRODUITS NATURELS ET DE L\u2019ARTISANAT LOCAL<br \/>\n10h &#8211; 19h<br \/>\nBolqu\u00e8re Village<br \/>\nEn famille.<br \/>\nFoire aux produits bio, naturels et de l\u2019artisanat local.<br \/>\nUne journ\u00e9e pour petits et grands !<\/p>\n","protected":false},"excerpt":{"rendered":"<p>FOIRE AU BIO, PRODUITS NATURELS ET DE L\u2019ARTISANAT LOCAL<br \/>\n10h &#8211; 19h<br \/>\nBolqu\u00e8re Village<br \/>\nEn famille.<br \/>\nFoire aux produits bio, naturels et de l\u2019artisanat local.<br \/>\nUne journ\u00e9e pour petits et grands !<\/p>\n","protected":false},"featured_media":0,"template":"","agenda_category":[],"class_list":["post-17541","agenda","type-agenda","status-publish","hentry"],"acf":[],"yoast_head":"<!-- This site is optimized with the Yoast SEO plugin v25.4 - https:\/\/yoast.com\/wordpress\/plugins\/seo\/ -->\n<title>FOIRE AU BIO, PRODUITS NATURELS ET DE L\u2019ARTISANAT LOCAL - Destino Tren amarillo<\/title>\n<meta name=\"robots\" content=\"index, follow, max-snippet:-1, max-image-preview:large, max-video-preview:-1\" \/>\n<link rel=\"canonical\" href=\"https:\/\/letrainjaune.fr\/es\/a-voir-et-a-faire\/agenda\/foire-au-bio-produits-naturels-et-de-lartisanat-local\/\" \/>\n<meta property=\"og:locale\" content=\"es_ES\" \/>\n<meta property=\"og:type\" content=\"article\" \/>\n<meta property=\"og:title\" content=\"FOIRE AU BIO, PRODUITS NATURELS ET DE L\u2019ARTISANAT LOCAL - Destino Tren amarillo\" \/>\n<meta property=\"og:description\" content=\"FOIRE AU BIO, PRODUITS NATURELS ET DE L\u2019ARTISANAT LOCAL 10h - 19h Bolqu\u00e8re Village En famille. Foire aux produits bio, naturels et de l\u2019artisanat local. Une journ\u00e9e pour petits et grands !\" \/>\n<meta property=\"og:url\" content=\"https:\/\/letrainjaune.fr\/es\/a-voir-et-a-faire\/agenda\/foire-au-bio-produits-naturels-et-de-lartisanat-local\/\" \/>\n<meta property=\"og:site_name\" content=\"Destino Tren amarillo\" \/>\n<meta name=\"twitter:card\" content=\"summary_large_image\" \/>\n<script type=\"application\/ld+json\" class=\"yoast-schema-graph\">{\"@context\":\"https:\/\/schema.org\",\"@graph\":[{\"@type\":\"WebPage\",\"@id\":\"https:\/\/letrainjaune.fr\/es\/a-voir-et-a-faire\/agenda\/foire-au-bio-produits-naturels-et-de-lartisanat-local\/\",\"url\":\"https:\/\/letrainjaune.fr\/es\/a-voir-et-a-faire\/agenda\/foire-au-bio-produits-naturels-et-de-lartisanat-local\/\",\"name\":\"FOIRE AU BIO, PRODUITS NATURELS ET DE L\u2019ARTISANAT LOCAL - Destino Tren amarillo\",\"isPartOf\":{\"@id\":\"https:\/\/letrainjaune.fr\/es\/#website\"},\"datePublished\":\"2026-04-30T04:45:12+00:00\",\"breadcrumb\":{\"@id\":\"https:\/\/letrainjaune.fr\/es\/a-voir-et-a-faire\/agenda\/foire-au-bio-produits-naturels-et-de-lartisanat-local\/#breadcrumb\"},\"inLanguage\":\"es\",\"potentialAction\":[{\"@type\":\"ReadAction\",\"target\":[\"https:\/\/letrainjaune.fr\/es\/a-voir-et-a-faire\/agenda\/foire-au-bio-produits-naturels-et-de-lartisanat-local\/\"]}]},{\"@type\":\"BreadcrumbList\",\"@id\":\"https:\/\/letrainjaune.fr\/es\/a-voir-et-a-faire\/agenda\/foire-au-bio-produits-naturels-et-de-lartisanat-local\/#breadcrumb\",\"itemListElement\":[{\"@type\":\"ListItem\",\"position\":1,\"name\":\"Inicio\",\"item\":\"https:\/\/letrainjaune.fr\/es\/\"},{\"@type\":\"ListItem\",\"position\":2,\"name\":\"Eventos\",\"item\":\"https:\/\/letrainjaune.fr\/es\/para-ver-y-hacer\/agenda\/\"},{\"@type\":\"ListItem\",\"position\":3,\"name\":\"FOIRE AU BIO, PRODUITS NATURELS ET DE L\u2019ARTISANAT LOCAL\"}]},{\"@type\":\"WebSite\",\"@id\":\"https:\/\/letrainjaune.fr\/es\/#website\",\"url\":\"https:\/\/letrainjaune.fr\/es\/\",\"name\":\"Destino Tren amarillo\",\"description\":\"Dans les Pyr\u00e9n\u00e9es Catalanes, d\u00e9couvrez ce train sur le plus haut chemin de fer d\u2019Europe.\",\"publisher\":{\"@id\":\"https:\/\/letrainjaune.fr\/es\/#organization\"},\"potentialAction\":[{\"@type\":\"SearchAction\",\"target\":{\"@type\":\"EntryPoint\",\"urlTemplate\":\"https:\/\/letrainjaune.fr\/es\/?s={search_term_string}\"},\"query-input\":{\"@type\":\"PropertyValueSpecification\",\"valueRequired\":true,\"valueName\":\"search_term_string\"}}],\"inLanguage\":\"es\"},{\"@type\":\"Organization\",\"@id\":\"https:\/\/letrainjaune.fr\/es\/#organization\",\"name\":\"Destino Tren amarillo\",\"url\":\"https:\/\/letrainjaune.fr\/es\/\",\"logo\":{\"@type\":\"ImageObject\",\"inLanguage\":\"es\",\"@id\":\"https:\/\/letrainjaune.fr\/es\/#\/schema\/logo\/image\/\",\"url\":\"https:\/\/letrainjaune.fr\/wp-content\/uploads\/2021\/04\/TJ_logo-TJ-footer.svg\",\"contentUrl\":\"https:\/\/letrainjaune.fr\/wp-content\/uploads\/2021\/04\/TJ_logo-TJ-footer.svg\",\"width\":\"1920\",\"height\":\"9999\",\"caption\":\"Destino Tren amarillo\"},\"image\":{\"@id\":\"https:\/\/letrainjaune.fr\/es\/#\/schema\/logo\/image\/\"}}]}<\/script>\n<!-- \/ Yoast SEO plugin. -->","yoast_head_json":{"title":"FOIRE AU BIO, PRODUITS NATURELS ET DE L\u2019ARTISANAT LOCAL - Destino Tren amarillo","robots":{"index":"index","follow":"follow","max-snippet":"max-snippet:-1","max-image-preview":"max-image-preview:large","max-video-preview":"max-video-preview:-1"},"canonical":"https:\/\/letrainjaune.fr\/es\/a-voir-et-a-faire\/agenda\/foire-au-bio-produits-naturels-et-de-lartisanat-local\/","og_locale":"es_ES","og_type":"article","og_title":"FOIRE AU BIO, PRODUITS NATURELS ET DE L\u2019ARTISANAT LOCAL - Destino Tren amarillo","og_description":"FOIRE AU BIO, PRODUITS NATURELS ET DE L\u2019ARTISANAT LOCAL 10h - 19h Bolqu\u00e8re Village En famille. Foire aux produits bio, naturels et de l\u2019artisanat local. Une journ\u00e9e pour petits et grands !","og_url":"https:\/\/letrainjaune.fr\/es\/a-voir-et-a-faire\/agenda\/foire-au-bio-produits-naturels-et-de-lartisanat-local\/","og_site_name":"Destino Tren amarillo","twitter_card":"summary_large_image","schema":{"@context":"https:\/\/schema.org","@graph":[{"@type":"WebPage","@id":"https:\/\/letrainjaune.fr\/es\/a-voir-et-a-faire\/agenda\/foire-au-bio-produits-naturels-et-de-lartisanat-local\/","url":"https:\/\/letrainjaune.fr\/es\/a-voir-et-a-faire\/agenda\/foire-au-bio-produits-naturels-et-de-lartisanat-local\/","name":"FOIRE AU BIO, PRODUITS NATURELS ET DE L\u2019ARTISANAT LOCAL - Destino Tren amarillo","isPartOf":{"@id":"https:\/\/letrainjaune.fr\/es\/#website"},"datePublished":"2026-04-30T04:45:12+00:00","breadcrumb":{"@id":"https:\/\/letrainjaune.fr\/es\/a-voir-et-a-faire\/agenda\/foire-au-bio-produits-naturels-et-de-lartisanat-local\/#breadcrumb"},"inLanguage":"es","potentialAction":[{"@type":"ReadAction","target":["https:\/\/letrainjaune.fr\/es\/a-voir-et-a-faire\/agenda\/foire-au-bio-produits-naturels-et-de-lartisanat-local\/"]}]},{"@type":"BreadcrumbList","@id":"https:\/\/letrainjaune.fr\/es\/a-voir-et-a-faire\/agenda\/foire-au-bio-produits-naturels-et-de-lartisanat-local\/#breadcrumb","itemListElement":[{"@type":"ListItem","position":1,"name":"Inicio","item":"https:\/\/letrainjaune.fr\/es\/"},{"@type":"ListItem","position":2,"name":"Eventos","item":"https:\/\/letrainjaune.fr\/es\/para-ver-y-hacer\/agenda\/"},{"@type":"ListItem","position":3,"name":"FOIRE AU BIO, PRODUITS NATURELS ET DE L\u2019ARTISANAT LOCAL"}]},{"@type":"WebSite","@id":"https:\/\/letrainjaune.fr\/es\/#website","url":"https:\/\/letrainjaune.fr\/es\/","name":"Destino Tren amarillo","description":"Dans les Pyr\u00e9n\u00e9es Catalanes, d\u00e9couvrez ce train sur le plus haut chemin de fer d\u2019Europe.","publisher":{"@id":"https:\/\/letrainjaune.fr\/es\/#organization"},"potentialAction":[{"@type":"SearchAction","target":{"@type":"EntryPoint","urlTemplate":"https:\/\/letrainjaune.fr\/es\/?s={search_term_string}"},"query-input":{"@type":"PropertyValueSpecification","valueRequired":true,"valueName":"search_term_string"}}],"inLanguage":"es"},{"@type":"Organization","@id":"https:\/\/letrainjaune.fr\/es\/#organization","name":"Destino Tren amarillo","url":"https:\/\/letrainjaune.fr\/es\/","logo":{"@type":"ImageObject","inLanguage":"es","@id":"https:\/\/letrainjaune.fr\/es\/#\/schema\/logo\/image\/","url":"https:\/\/letrainjaune.fr\/wp-content\/uploads\/2021\/04\/TJ_logo-TJ-footer.svg","contentUrl":"https:\/\/letrainjaune.fr\/wp-content\/uploads\/2021\/04\/TJ_logo-TJ-footer.svg","width":"1920","height":"9999","caption":"Destino Tren amarillo"},"image":{"@id":"https:\/\/letrainjaune.fr\/es\/#\/schema\/logo\/image\/"}}]}},"_links":{"self":[{"href":"https:\/\/letrainjaune.fr\/es\/wp-json\/wp\/v2\/agenda\/17541","targetHints":{"allow":["GET"]}}],"collection":[{"href":"https:\/\/letrainjaune.fr\/es\/wp-json\/wp\/v2\/agenda"}],"about":[{"href":"https:\/\/letrainjaune.fr\/es\/wp-json\/wp\/v2\/types\/agenda"}],"wp:attachment":[{"href":"https:\/\/letrainjaune.fr\/es\/wp-json\/wp\/v2\/media?parent=17541"}],"wp:term":[{"taxonomy":"agenda_category","embeddable":true,"href":"https:\/\/letrainjaune.fr\/es\/wp-json\/wp\/v2\/agenda_category?post=17541"}],"curies":[{"name":"wp","href":"https:\/\/api.w.org\/{rel}","templated":true}]}}

<p>FOIRE AU BIO, PRODUITS NATURELS ET DE L’ARTISANAT LOCAL<br />
10h &#8211; 19h<br />
Bolquère Village<br />
En famille.<br />
Foire aux produits bio, naturels et de l’artisanat local.<br />
Une journée pour petits et grands !</p>

<!-- This site is optimized with the Yoast SEO plugin v25.4 - https://yoast.com/wordpress/plugins/seo/ -->
<title>FOIRE AU BIO, PRODUITS NATURELS ET DE L’ARTISANAT LOCAL - Destino Tren amarillo</title>
<meta name="robots" content="index, follow, max-snippet:-1, max-image-preview:large, max-video-preview:-1" />
<link rel="canonical" href="https://letrainjaune.fr/es/a-voir-et-a-faire/agenda/foire-au-bio-produits-naturels-et-de-lartisanat-local/" />
<meta property="og:locale" content="es_ES" />
<meta property="og:type" content="article" />
<meta property="og:title" content="FOIRE AU BIO, PRODUITS NATURELS ET DE L’ARTISANAT LOCAL - Destino Tren amarillo" />
<meta property="og:description" content="FOIRE AU BIO, PRODUITS NATURELS ET DE L’ARTISANAT LOCAL 10h - 19h Bolquère Village En famille. Foire aux produits bio, naturels et de l’artisanat local. Une journée pour petits et grands !" />
<meta property="og:url" content="https://letrainjaune.fr/es/a-voir-et-a-faire/agenda/foire-au-bio-produits-naturels-et-de-lartisanat-local/" />
<meta property="og:site_name" content="Destino Tren amarillo" />
<meta name="twitter:card" content="summary_large_image" />
<script type="application/ld+json" class="yoast-schema-graph">{"@context":"https://schema.org","@graph":[{"@type":"WebPage","@id":"https://letrainjaune.fr/es/a-voir-et-a-faire/agenda/foire-au-bio-produits-naturels-et-de-lartisanat-local/","url":"https://letrainjaune.fr/es/a-voir-et-a-faire/agenda/foire-au-bio-produits-naturels-et-de-lartisanat-local/","name":"FOIRE AU BIO, PRODUITS NATURELS ET DE L’ARTISANAT LOCAL - Destino Tren amarillo","isPartOf":{"@id":"https://letrainjaune.fr/es/#website"},"datePublished":"2026-04-30T04:45:12+00:00","breadcrumb":{"@id":"https://letrainjaune.fr/es/a-voir-et-a-faire/agenda/foire-au-bio-produits-naturels-et-de-lartisanat-local/#breadcrumb"},"inLanguage":"es","potentialAction":[{"@type":"ReadAction","target":["https://letrainjaune.fr/es/a-voir-et-a-faire/agenda/foire-au-bio-produits-naturels-et-de-lartisanat-local/"]}]},{"@type":"BreadcrumbList","@id":"https://letrainjaune.fr/es/a-voir-et-a-faire/agenda/foire-au-bio-produits-naturels-et-de-lartisanat-local/#breadcrumb","itemListElement":[{"@type":"ListItem","position":1,"name":"Inicio","item":"https://letrainjaune.fr/es/"},{"@type":"ListItem","position":2,"name":"Eventos","item":"https://letrainjaune.fr/es/para-ver-y-hacer/agenda/"},{"@type":"ListItem","position":3,"name":"FOIRE AU BIO, PRODUITS NATURELS ET DE L’ARTISANAT LOCAL"}]},{"@type":"WebSite","@id":"https://letrainjaune.fr/es/#website","url":"https://letrainjaune.fr/es/","name":"Destino Tren amarillo","description":"Dans les Pyrénées Catalanes, découvrez ce train sur le plus haut chemin de fer d’Europe.","publisher":{"@id":"https://letrainjaune.fr/es/#organization"},"potentialAction":[{"@type":"SearchAction","target":{"@type":"EntryPoint","urlTemplate":"https://letrainjaune.fr/es/?s={search_term_string}"},"query-input":{"@type":"PropertyValueSpecification","valueRequired":true,"valueName":"search_term_string"}}],"inLanguage":"es"},{"@type":"Organization","@id":"https://letrainjaune.fr/es/#organization","name":"Destino Tren amarillo","url":"https://letrainjaune.fr/es/","logo":{"@type":"ImageObject","inLanguage":"es","@id":"https://letrainjaune.fr/es/#/schema/logo/image/","url":"https://letrainjaune.fr/wp-content/uploads/2021/04/TJ_logo-TJ-footer.svg","contentUrl":"https://letrainjaune.fr/wp-content/uploads/2021/04/TJ_logo-TJ-footer.svg","width":"1920","height":"9999","caption":"Destino Tren amarillo"},"image":{"@id":"https://letrainjaune.fr/es/#/schema/logo/image/"}}]}</script>
<!-- / Yoast SEO plugin. -->

FOIRE AU BIO, PRODUITS NATURELS ET DE L’ARTISANAT LOCAL 10h - 19h Bolquère Village En famille. Foire aux produits bio, naturels et de l’artisanat local. Une journée pour petits et grands !

Dans les Pyrénées Catalanes, découvrez ce train sur le plus haut chemin de fer d’Europe.
