{"id":10306,"date":"2023-06-26T12:26:40","date_gmt":"2023-06-26T10:26:40","guid":{"rendered":"https:\/\/letrainjaune.fr\/ligne-et-gares\/mont-louis-la-cabanasse\/"},"modified":"2023-07-31T12:43:22","modified_gmt":"2023-07-31T10:43:22","slug":"mont-louis-la-cabanasse","status":"publish","type":"gare","link":"https:\/\/letrainjaune.fr\/es\/linea-y-estaciones\/mont-louis-la-cabanasse\/","title":{"rendered":"Mont-Louis \/ La Cabanasse"},"content":{"rendered":"\n<p>En 1659, el Tratado de los Pirineos formaliza una nueva paz entre Francia y Espa\u00f1a. Para asegurar los territorios reci\u00e9n anexados de Cerda\u00f1a y Capcir, Luis XIV encarg\u00f3 a Vauban, su Comisario General de Fortificaciones, que construyera all\u00ed una \u201cfortaleza\u201d. La ubicaci\u00f3n de Mont-Louis, muy estrat\u00e9gica, no se decidi\u00f3 al azar.<\/p>\n\n\n\n<p>Ubicado en el cruce de los 3 territorios de Cerda\u00f1a, Conflent y Capcir, tambi\u00e9n domina el valle del T\u00eat. La segunda ciudad local de Vauban, construida para reforzar Villefranche-de-Conflent, fue proyectada en 1679. Un paseo se\u00f1alizado por las murallas permite descubrir la eficacia de la fortificaci\u00f3n abaluartada de Mont-Louis, que nunca fue asediada.<\/p>\n\n\n\n<p>Desde 2008, la fortaleza forma parte del Patrimonio Mundial de la UNESCO como Fortificaciones de Vauban.<\/p>\n","protected":false},"excerpt":{"rendered":"<p>En 1659, el Tratado de los Pirineos formaliza una nueva paz entre Francia y Espa\u00f1a. Para asegurar los territorios reci\u00e9n anexados de Cerda\u00f1a y Capcir, Luis XIV encarg\u00f3 a Vauban, su Comisario General de Fortificaciones, que construyera all\u00ed una \u201cfortaleza\u201d. La ubicaci\u00f3n de Mont-Louis, muy estrat\u00e9gica, no se decidi\u00f3 al azar. Ubicado en el cruce [&hellip;]<\/p>\n","protected":false},"featured_media":4051,"menu_order":11,"template":"","class_list":["post-10306","gare","type-gare","status-publish","has-post-thumbnail","hentry"],"acf":[],"yoast_head":"<!-- This site is optimized with the Yoast SEO plugin v25.4 - https:\/\/yoast.com\/wordpress\/plugins\/seo\/ -->\n<title>Mont-Louis \/ La Cabanasse - Destino Tren amarillo<\/title>\n<meta name=\"robots\" content=\"index, follow, max-snippet:-1, max-image-preview:large, max-video-preview:-1\" \/>\n<link rel=\"canonical\" href=\"https:\/\/letrainjaune.fr\/es\/linea-y-estaciones\/mont-louis-la-cabanasse\/\" \/>\n<meta property=\"og:locale\" content=\"es_ES\" \/>\n<meta property=\"og:type\" content=\"article\" \/>\n<meta property=\"og:title\" content=\"Mont-Louis \/ La Cabanasse - Destino Tren amarillo\" \/>\n<meta property=\"og:description\" content=\"En 1659, el Tratado de los Pirineos formaliza una nueva paz entre Francia y Espa\u00f1a. Para asegurar los territorios reci\u00e9n anexados de Cerda\u00f1a y Capcir, Luis XIV encarg\u00f3 a Vauban, su Comisario General de Fortificaciones, que construyera all\u00ed una \u201cfortaleza\u201d. La ubicaci\u00f3n de Mont-Louis, muy estrat\u00e9gica, no se decidi\u00f3 al azar. Ubicado en el cruce [&hellip;]\" \/>\n<meta property=\"og:url\" content=\"https:\/\/letrainjaune.fr\/es\/linea-y-estaciones\/mont-louis-la-cabanasse\/\" \/>\n<meta property=\"og:site_name\" content=\"Destino Tren amarillo\" \/>\n<meta property=\"article:modified_time\" content=\"2023-07-31T10:43:22+00:00\" \/>\n<meta property=\"og:image\" content=\"https:\/\/letrainjaune.fr\/wp-content\/uploads\/2021\/02\/TrainJaune-ete-@JCMILHET_PNRPC-8.jpg\" \/>\n\t<meta property=\"og:image:width\" content=\"2500\" \/>\n\t<meta property=\"og:image:height\" content=\"1667\" \/>\n\t<meta property=\"og:image:type\" content=\"image\/jpeg\" \/>\n<meta name=\"twitter:card\" content=\"summary_large_image\" \/>\n<meta name=\"twitter:label1\" content=\"Tiempo de lectura\" \/>\n\t<meta name=\"twitter:data1\" content=\"1 minuto\" \/>\n<script type=\"application\/ld+json\" class=\"yoast-schema-graph\">{\"@context\":\"https:\/\/schema.org\",\"@graph\":[{\"@type\":\"WebPage\",\"@id\":\"https:\/\/letrainjaune.fr\/es\/linea-y-estaciones\/mont-louis-la-cabanasse\/\",\"url\":\"https:\/\/letrainjaune.fr\/es\/linea-y-estaciones\/mont-louis-la-cabanasse\/\",\"name\":\"Mont-Louis \/ La Cabanasse - Destino Tren amarillo\",\"isPartOf\":{\"@id\":\"https:\/\/letrainjaune.fr\/es\/#website\"},\"primaryImageOfPage\":{\"@id\":\"https:\/\/letrainjaune.fr\/es\/linea-y-estaciones\/mont-louis-la-cabanasse\/#primaryimage\"},\"image\":{\"@id\":\"https:\/\/letrainjaune.fr\/es\/linea-y-estaciones\/mont-louis-la-cabanasse\/#primaryimage\"},\"thumbnailUrl\":\"https:\/\/letrainjaune.fr\/wp-content\/uploads\/2021\/02\/TrainJaune-ete-@JCMILHET_PNRPC-8.jpg\",\"datePublished\":\"2023-06-26T10:26:40+00:00\",\"dateModified\":\"2023-07-31T10:43:22+00:00\",\"breadcrumb\":{\"@id\":\"https:\/\/letrainjaune.fr\/es\/linea-y-estaciones\/mont-louis-la-cabanasse\/#breadcrumb\"},\"inLanguage\":\"es\",\"potentialAction\":[{\"@type\":\"ReadAction\",\"target\":[\"https:\/\/letrainjaune.fr\/es\/linea-y-estaciones\/mont-louis-la-cabanasse\/\"]}]},{\"@type\":\"ImageObject\",\"inLanguage\":\"es\",\"@id\":\"https:\/\/letrainjaune.fr\/es\/linea-y-estaciones\/mont-louis-la-cabanasse\/#primaryimage\",\"url\":\"https:\/\/letrainjaune.fr\/wp-content\/uploads\/2021\/02\/TrainJaune-ete-@JCMILHET_PNRPC-8.jpg\",\"contentUrl\":\"https:\/\/letrainjaune.fr\/wp-content\/uploads\/2021\/02\/TrainJaune-ete-@JCMILHET_PNRPC-8.jpg\",\"width\":2500,\"height\":1667,\"caption\":\"Estaci\u00f3n de tren amarilla de verano\"},{\"@type\":\"BreadcrumbList\",\"@id\":\"https:\/\/letrainjaune.fr\/es\/linea-y-estaciones\/mont-louis-la-cabanasse\/#breadcrumb\",\"itemListElement\":[{\"@type\":\"ListItem\",\"position\":1,\"name\":\"Inicio\",\"item\":\"https:\/\/letrainjaune.fr\/es\/\"},{\"@type\":\"ListItem\",\"position\":2,\"name\":\"Mont-Louis \/ La Cabanasse\"}]},{\"@type\":\"WebSite\",\"@id\":\"https:\/\/letrainjaune.fr\/es\/#website\",\"url\":\"https:\/\/letrainjaune.fr\/es\/\",\"name\":\"Destino Tren amarillo\",\"description\":\"Dans les Pyr\u00e9n\u00e9es Catalanes, d\u00e9couvrez ce train sur le plus haut chemin de fer d\u2019Europe.\",\"publisher\":{\"@id\":\"https:\/\/letrainjaune.fr\/es\/#organization\"},\"potentialAction\":[{\"@type\":\"SearchAction\",\"target\":{\"@type\":\"EntryPoint\",\"urlTemplate\":\"https:\/\/letrainjaune.fr\/es\/?s={search_term_string}\"},\"query-input\":{\"@type\":\"PropertyValueSpecification\",\"valueRequired\":true,\"valueName\":\"search_term_string\"}}],\"inLanguage\":\"es\"},{\"@type\":\"Organization\",\"@id\":\"https:\/\/letrainjaune.fr\/es\/#organization\",\"name\":\"Destino Tren amarillo\",\"url\":\"https:\/\/letrainjaune.fr\/es\/\",\"logo\":{\"@type\":\"ImageObject\",\"inLanguage\":\"es\",\"@id\":\"https:\/\/letrainjaune.fr\/es\/#\/schema\/logo\/image\/\",\"url\":\"https:\/\/letrainjaune.fr\/wp-content\/uploads\/2021\/04\/TJ_logo-TJ-footer.svg\",\"contentUrl\":\"https:\/\/letrainjaune.fr\/wp-content\/uploads\/2021\/04\/TJ_logo-TJ-footer.svg\",\"width\":\"1920\",\"height\":\"9999\",\"caption\":\"Destino Tren amarillo\"},\"image\":{\"@id\":\"https:\/\/letrainjaune.fr\/es\/#\/schema\/logo\/image\/\"}}]}<\/script>\n<!-- \/ Yoast SEO plugin. -->","yoast_head_json":{"title":"Mont-Louis \/ La Cabanasse - Destino Tren amarillo","robots":{"index":"index","follow":"follow","max-snippet":"max-snippet:-1","max-image-preview":"max-image-preview:large","max-video-preview":"max-video-preview:-1"},"canonical":"https:\/\/letrainjaune.fr\/es\/linea-y-estaciones\/mont-louis-la-cabanasse\/","og_locale":"es_ES","og_type":"article","og_title":"Mont-Louis \/ La Cabanasse - Destino Tren amarillo","og_description":"En 1659, el Tratado de los Pirineos formaliza una nueva paz entre Francia y Espa\u00f1a. Para asegurar los territorios reci\u00e9n anexados de Cerda\u00f1a y Capcir, Luis XIV encarg\u00f3 a Vauban, su Comisario General de Fortificaciones, que construyera all\u00ed una \u201cfortaleza\u201d. La ubicaci\u00f3n de Mont-Louis, muy estrat\u00e9gica, no se decidi\u00f3 al azar. Ubicado en el cruce [&hellip;]","og_url":"https:\/\/letrainjaune.fr\/es\/linea-y-estaciones\/mont-louis-la-cabanasse\/","og_site_name":"Destino Tren amarillo","article_modified_time":"2023-07-31T10:43:22+00:00","og_image":[{"width":2500,"height":1667,"url":"https:\/\/letrainjaune.fr\/wp-content\/uploads\/2021\/02\/TrainJaune-ete-@JCMILHET_PNRPC-8.jpg","type":"image\/jpeg"}],"twitter_card":"summary_large_image","twitter_misc":{"Tiempo de lectura":"1 minuto"},"schema":{"@context":"https:\/\/schema.org","@graph":[{"@type":"WebPage","@id":"https:\/\/letrainjaune.fr\/es\/linea-y-estaciones\/mont-louis-la-cabanasse\/","url":"https:\/\/letrainjaune.fr\/es\/linea-y-estaciones\/mont-louis-la-cabanasse\/","name":"Mont-Louis \/ La Cabanasse - Destino Tren amarillo","isPartOf":{"@id":"https:\/\/letrainjaune.fr\/es\/#website"},"primaryImageOfPage":{"@id":"https:\/\/letrainjaune.fr\/es\/linea-y-estaciones\/mont-louis-la-cabanasse\/#primaryimage"},"image":{"@id":"https:\/\/letrainjaune.fr\/es\/linea-y-estaciones\/mont-louis-la-cabanasse\/#primaryimage"},"thumbnailUrl":"https:\/\/letrainjaune.fr\/wp-content\/uploads\/2021\/02\/TrainJaune-ete-@JCMILHET_PNRPC-8.jpg","datePublished":"2023-06-26T10:26:40+00:00","dateModified":"2023-07-31T10:43:22+00:00","breadcrumb":{"@id":"https:\/\/letrainjaune.fr\/es\/linea-y-estaciones\/mont-louis-la-cabanasse\/#breadcrumb"},"inLanguage":"es","potentialAction":[{"@type":"ReadAction","target":["https:\/\/letrainjaune.fr\/es\/linea-y-estaciones\/mont-louis-la-cabanasse\/"]}]},{"@type":"ImageObject","inLanguage":"es","@id":"https:\/\/letrainjaune.fr\/es\/linea-y-estaciones\/mont-louis-la-cabanasse\/#primaryimage","url":"https:\/\/letrainjaune.fr\/wp-content\/uploads\/2021\/02\/TrainJaune-ete-@JCMILHET_PNRPC-8.jpg","contentUrl":"https:\/\/letrainjaune.fr\/wp-content\/uploads\/2021\/02\/TrainJaune-ete-@JCMILHET_PNRPC-8.jpg","width":2500,"height":1667,"caption":"Estaci\u00f3n de tren amarilla de verano"},{"@type":"BreadcrumbList","@id":"https:\/\/letrainjaune.fr\/es\/linea-y-estaciones\/mont-louis-la-cabanasse\/#breadcrumb","itemListElement":[{"@type":"ListItem","position":1,"name":"Inicio","item":"https:\/\/letrainjaune.fr\/es\/"},{"@type":"ListItem","position":2,"name":"Mont-Louis \/ La Cabanasse"}]},{"@type":"WebSite","@id":"https:\/\/letrainjaune.fr\/es\/#website","url":"https:\/\/letrainjaune.fr\/es\/","name":"Destino Tren amarillo","description":"Dans les Pyr\u00e9n\u00e9es Catalanes, d\u00e9couvrez ce train sur le plus haut chemin de fer d\u2019Europe.","publisher":{"@id":"https:\/\/letrainjaune.fr\/es\/#organization"},"potentialAction":[{"@type":"SearchAction","target":{"@type":"EntryPoint","urlTemplate":"https:\/\/letrainjaune.fr\/es\/?s={search_term_string}"},"query-input":{"@type":"PropertyValueSpecification","valueRequired":true,"valueName":"search_term_string"}}],"inLanguage":"es"},{"@type":"Organization","@id":"https:\/\/letrainjaune.fr\/es\/#organization","name":"Destino Tren amarillo","url":"https:\/\/letrainjaune.fr\/es\/","logo":{"@type":"ImageObject","inLanguage":"es","@id":"https:\/\/letrainjaune.fr\/es\/#\/schema\/logo\/image\/","url":"https:\/\/letrainjaune.fr\/wp-content\/uploads\/2021\/04\/TJ_logo-TJ-footer.svg","contentUrl":"https:\/\/letrainjaune.fr\/wp-content\/uploads\/2021\/04\/TJ_logo-TJ-footer.svg","width":"1920","height":"9999","caption":"Destino Tren amarillo"},"image":{"@id":"https:\/\/letrainjaune.fr\/es\/#\/schema\/logo\/image\/"}}]}},"_links":{"self":[{"href":"https:\/\/letrainjaune.fr\/es\/wp-json\/wp\/v2\/gare\/10306","targetHints":{"allow":["GET"]}}],"collection":[{"href":"https:\/\/letrainjaune.fr\/es\/wp-json\/wp\/v2\/gare"}],"about":[{"href":"https:\/\/letrainjaune.fr\/es\/wp-json\/wp\/v2\/types\/gare"}],"version-history":[{"count":3,"href":"https:\/\/letrainjaune.fr\/es\/wp-json\/wp\/v2\/gare\/10306\/revisions"}],"predecessor-version":[{"id":11528,"href":"https:\/\/letrainjaune.fr\/es\/wp-json\/wp\/v2\/gare\/10306\/revisions\/11528"}],"wp:featuredmedia":[{"embeddable":true,"href":"https:\/\/letrainjaune.fr\/es\/wp-json\/wp\/v2\/media\/4051"}],"wp:attachment":[{"href":"https:\/\/letrainjaune.fr\/es\/wp-json\/wp\/v2\/media?parent=10306"}],"curies":[{"name":"wp","href":"https:\/\/api.w.org\/{rel}","templated":true}]}}

<p>En 1659, el Tratado de los Pirineos formaliza una nueva paz entre Francia y España. Para asegurar los territorios recién anexados de Cerdaña y Capcir, Luis XIV encargó a Vauban, su Comisario General de Fortificaciones, que construyera allí una “fortaleza”. La ubicación de Mont-Louis, muy estratégica, no se decidió al azar.</p>



<p>Ubicado en el cruce de los 3 territorios de Cerdaña, Conflent y Capcir, también domina el valle del Têt. La segunda ciudad local de Vauban, construida para reforzar Villefranche-de-Conflent, fue proyectada en 1679. Un paseo señalizado por las murallas permite descubrir la eficacia de la fortificación abaluartada de Mont-Louis, que nunca fue asediada.</p>



<p>Desde 2008, la fortaleza forma parte del Patrimonio Mundial de la UNESCO como Fortificaciones de Vauban.</p>

<p>En 1659, el Tratado de los Pirineos formaliza una nueva paz entre Francia y España. Para asegurar los territorios recién anexados de Cerdaña y Capcir, Luis XIV encargó a Vauban, su Comisario General de Fortificaciones, que construyera allí una “fortaleza”. La ubicación de Mont-Louis, muy estratégica, no se decidió al azar. Ubicado en el cruce [&hellip;]</p>

<!-- This site is optimized with the Yoast SEO plugin v25.4 - https://yoast.com/wordpress/plugins/seo/ -->
<title>Mont-Louis / La Cabanasse - Destino Tren amarillo</title>
<meta name="robots" content="index, follow, max-snippet:-1, max-image-preview:large, max-video-preview:-1" />
<link rel="canonical" href="https://letrainjaune.fr/es/linea-y-estaciones/mont-louis-la-cabanasse/" />
<meta property="og:locale" content="es_ES" />
<meta property="og:type" content="article" />
<meta property="og:title" content="Mont-Louis / La Cabanasse - Destino Tren amarillo" />
<meta property="og:description" content="En 1659, el Tratado de los Pirineos formaliza una nueva paz entre Francia y España. Para asegurar los territorios recién anexados de Cerdaña y Capcir, Luis XIV encargó a Vauban, su Comisario General de Fortificaciones, que construyera allí una “fortaleza”. La ubicación de Mont-Louis, muy estratégica, no se decidió al azar. Ubicado en el cruce [&hellip;]" />
<meta property="og:url" content="https://letrainjaune.fr/es/linea-y-estaciones/mont-louis-la-cabanasse/" />
<meta property="og:site_name" content="Destino Tren amarillo" />
<meta property="article:modified_time" content="2023-07-31T10:43:22+00:00" />
<meta property="og:image" content="https://letrainjaune.fr/wp-content/uploads/2021/02/TrainJaune-ete-@JCMILHET_PNRPC-8.jpg" />
	<meta property="og:image:width" content="2500" />
	<meta property="og:image:height" content="1667" />
	<meta property="og:image:type" content="image/jpeg" />
<meta name="twitter:card" content="summary_large_image" />
<meta name="twitter:label1" content="Tiempo de lectura" />
	<meta name="twitter:data1" content="1 minuto" />
<script type="application/ld+json" class="yoast-schema-graph">{"@context":"https://schema.org","@graph":[{"@type":"WebPage","@id":"https://letrainjaune.fr/es/linea-y-estaciones/mont-louis-la-cabanasse/","url":"https://letrainjaune.fr/es/linea-y-estaciones/mont-louis-la-cabanasse/","name":"Mont-Louis / La Cabanasse - Destino Tren amarillo","isPartOf":{"@id":"https://letrainjaune.fr/es/#website"},"primaryImageOfPage":{"@id":"https://letrainjaune.fr/es/linea-y-estaciones/mont-louis-la-cabanasse/#primaryimage"},"image":{"@id":"https://letrainjaune.fr/es/linea-y-estaciones/mont-louis-la-cabanasse/#primaryimage"},"thumbnailUrl":"https://letrainjaune.fr/wp-content/uploads/2021/02/TrainJaune-ete-@JCMILHET_PNRPC-8.jpg","datePublished":"2023-06-26T10:26:40+00:00","dateModified":"2023-07-31T10:43:22+00:00","breadcrumb":{"@id":"https://letrainjaune.fr/es/linea-y-estaciones/mont-louis-la-cabanasse/#breadcrumb"},"inLanguage":"es","potentialAction":[{"@type":"ReadAction","target":["https://letrainjaune.fr/es/linea-y-estaciones/mont-louis-la-cabanasse/"]}]},{"@type":"ImageObject","inLanguage":"es","@id":"https://letrainjaune.fr/es/linea-y-estaciones/mont-louis-la-cabanasse/#primaryimage","url":"https://letrainjaune.fr/wp-content/uploads/2021/02/TrainJaune-ete-@JCMILHET_PNRPC-8.jpg","contentUrl":"https://letrainjaune.fr/wp-content/uploads/2021/02/TrainJaune-ete-@JCMILHET_PNRPC-8.jpg","width":2500,"height":1667,"caption":"Estación de tren amarilla de verano"},{"@type":"BreadcrumbList","@id":"https://letrainjaune.fr/es/linea-y-estaciones/mont-louis-la-cabanasse/#breadcrumb","itemListElement":[{"@type":"ListItem","position":1,"name":"Inicio","item":"https://letrainjaune.fr/es/"},{"@type":"ListItem","position":2,"name":"Mont-Louis / La Cabanasse"}]},{"@type":"WebSite","@id":"https://letrainjaune.fr/es/#website","url":"https://letrainjaune.fr/es/","name":"Destino Tren amarillo","description":"Dans les Pyrénées Catalanes, découvrez ce train sur le plus haut chemin de fer d’Europe.","publisher":{"@id":"https://letrainjaune.fr/es/#organization"},"potentialAction":[{"@type":"SearchAction","target":{"@type":"EntryPoint","urlTemplate":"https://letrainjaune.fr/es/?s={search_term_string}"},"query-input":{"@type":"PropertyValueSpecification","valueRequired":true,"valueName":"search_term_string"}}],"inLanguage":"es"},{"@type":"Organization","@id":"https://letrainjaune.fr/es/#organization","name":"Destino Tren amarillo","url":"https://letrainjaune.fr/es/","logo":{"@type":"ImageObject","inLanguage":"es","@id":"https://letrainjaune.fr/es/#/schema/logo/image/","url":"https://letrainjaune.fr/wp-content/uploads/2021/04/TJ_logo-TJ-footer.svg","contentUrl":"https://letrainjaune.fr/wp-content/uploads/2021/04/TJ_logo-TJ-footer.svg","width":"1920","height":"9999","caption":"Destino Tren amarillo"},"image":{"@id":"https://letrainjaune.fr/es/#/schema/logo/image/"}}]}</script>
<!-- / Yoast SEO plugin. -->

En 1659, el Tratado de los Pirineos formaliza una nueva paz entre Francia y España. Para asegurar los territorios recién anexados de Cerdaña y Capcir, Luis XIV encargó a Vauban, su Comisario General de Fortificaciones, que construyera allí una “fortaleza”. La ubicación de Mont-Louis, muy estratégica, no se decidió al azar. Ubicado en el cruce [&hellip;]

Estación de tren amarilla de verano

Dans les Pyrénées Catalanes, découvrez ce train sur le plus haut chemin de fer d’Europe.
