{"id":9737,"date":"2023-06-13T16:58:20","date_gmt":"2023-06-13T14:58:20","guid":{"rendered":"https:\/\/letrainjaune.fr\/?incontournable=evol"},"modified":"2023-06-13T16:58:23","modified_gmt":"2023-06-13T14:58:23","slug":"evol","status":"publish","type":"incontournable","link":"https:\/\/letrainjaune.fr\/es\/?incontournable=evol","title":{"rendered":"Evol"},"content":{"rendered":"\n<h4 class=\"wp-block-heading\">El pueblo de Evol y las ruinas de su castillo<\/h4>\n\n<h4 class=\"wp-block-heading\"><em>(Accesible en unos 45 minutos a pie desde la estaci\u00f3n por sendero o por carretera)<\/em><\/h4>\n\n<p>Pueblo t\u00edpico de la regi\u00f3n del Alto Conflent, Evol, con sus numerosas casas de piedra seca, domina el valle del mismo nombre. La <em>Terre d\u2019Evol, <\/em>como se llamaba cuando se construy\u00f3 el pueblo, forma parte de la red de los \u201cPueblos m\u00e1s bonitos de Francia \u00bb.<\/p>\n<figure class=\"wp-block-image size-large\"><a href=https:\/\/letrainjaune.fr\/wp-content\/uploads\/2021\/07\/Evol\u00a9Conflent_Canigo34.jpg title=\"Evol \" rel=\"prettyPhoto\"><img src=https:\/\/letrainjaune.fr\/wp-content\/uploads\/2021\/07\/Evol\u00a9Conflent_Canigo34.jpg alt=\"\" title=\"Evol\" width=\"\" class=\"wp-image-2969\"\/><\/a><figcaption>Evol <span>&copy; CONFLENTCANIGO<\/span><\/figcaption><\/figure>\n<p>El pueblo fue fundado en 957 por el conde de Cerda\u00f1a en una \u00e9poca en la que esta parte del territorio a\u00fan pertenec\u00eda a los espa\u00f1oles. En 1260, el rey<em>Jaime II de Arag\u00f3n<\/em>nombr\u00f3 a su descendiente, <em> Guillermo 1\u00b0 <\/em><sup><em>ER<\/em><\/sup><em> de So, <\/em>se\u00f1or de Evol. Poco despu\u00e9s, hizo construir un castillo feudal cerca de la nueva l\u00ednea fronteriza con el reino de Francia, fijada al sur de las Corbi\u00e8res desde el Tratado de Corbeil firmado entre el rey de Francia y el rey de Arag\u00f3n en 1258. <\/p>\n<figure class=\"wp-block-image size-large\"><a href=https:\/\/letrainjaune.fr\/wp-content\/uploads\/2021\/07\/Evol\u00a9Conflent_Canigo31.jpg title=\"Castillo de Evol\" rel=\"prettyPhoto\"><img src=https:\/\/letrainjaune.fr\/wp-content\/uploads\/2021\/07\/Evol\u00a9Conflent_Canigo31.jpg alt=\"\" title=\"Castillo de Evol\" width=\"\" class=\"wp-image-2964\"\/><\/a><figcaption>Castillo de Evol<span>&copy; CONFLENTCANIGO<\/span><\/figcaption><\/figure>\n<p>Construido en una estribaci\u00f3n del macizo de Coronat, el <strong>castillo de Evol <\/strong>estaba destinado en un principio a cortar la llegada de los franceses por el Col des Portus. Una guarnici\u00f3n de unos quince hombres viv\u00eda entre estas cuatro torres en aquellos tiempos inestables. <\/p>\n\n<p>En 1812, el castillo se vendi\u00f3 como propiedad nacional. Permaneci\u00f3 en manos privadas hasta 1990, cuando fue adquirido por el municipio de Olette-Evol.<\/p>\n\n<p>Tras haber estado abandonado durante siglos, el castillo de Evol est\u00e1 siendo restaurado en la actualidad y es una excusa para dar un hermoso paseo por el excepcional entorno del Alto Conflent.<\/p>\n<figure class=\"wp-block-image size-large\"><a href=https:\/\/letrainjaune.fr\/wp-content\/uploads\/2021\/07\/Evol\u00a9Conflent_Canigo36.jpg title=\"Casas t\u00edpicas en Evol\" rel=\"prettyPhoto\"><img src=https:\/\/letrainjaune.fr\/wp-content\/uploads\/2021\/07\/Evol\u00a9Conflent_Canigo36.jpg alt=\"\" title=\"Casas t\u00edpicas en Evol\" width=\"\" class=\"wp-image-2973\"\/><\/a><figcaption>Casas t\u00edpicas en Evol<span>&copy; CONFLENTCANIGO<\/span><\/figcaption><\/figure>\n<figure class=\"wp-block-pullquote\"><blockquote><p>+33 4 68 97 09 72<\/p><cite><em>Contact ayuntamiento Olette-Evol<\/em><\/cite><\/blockquote><\/figure>","protected":false},"featured_media":2328,"menu_order":0,"template":"","class_list":["post-9737","incontournable","type-incontournable","status-publish","has-post-thumbnail","hentry"],"acf":[],"yoast_head":"<!-- This site is optimized with the Yoast SEO plugin v25.4 - https:\/\/yoast.com\/wordpress\/plugins\/seo\/ -->\n<title>Evol - Destino Tren amarillo<\/title>\n<meta name=\"robots\" content=\"index, follow, max-snippet:-1, max-image-preview:large, max-video-preview:-1\" \/>\n<link rel=\"canonical\" href=\"https:\/\/letrainjaune.fr\/es\/?incontournable=evol\" \/>\n<meta property=\"og:locale\" content=\"es_ES\" \/>\n<meta property=\"og:type\" content=\"article\" \/>\n<meta property=\"og:title\" content=\"Evol - Destino Tren amarillo\" \/>\n<meta property=\"og:description\" content=\"El pueblo de Evol y las ruinas de su castillo (Accesible en unos 45 minutos a pie desde la estaci\u00f3n por sendero o por carretera) Pueblo t\u00edpico de la regi\u00f3n del Alto Conflent, Evol, con sus numerosas casas de piedra seca, domina el valle del mismo nombre. La Terre d\u2019Evol, como se llamaba cuando se [&hellip;]\" \/>\n<meta property=\"og:url\" content=\"https:\/\/letrainjaune.fr\/es\/?incontournable=evol\" \/>\n<meta property=\"og:site_name\" content=\"Destino Tren amarillo\" \/>\n<meta property=\"article:modified_time\" content=\"2023-06-13T14:58:23+00:00\" \/>\n<meta property=\"og:image\" content=\"https:\/\/letrainjaune.fr\/wp-content\/uploads\/2021\/07\/OUV_Evol\u00a9Conflent_Canigo35-768x504.jpg\" \/>\n\t<meta property=\"og:image:width\" content=\"768\" \/>\n\t<meta property=\"og:image:height\" content=\"504\" \/>\n\t<meta property=\"og:image:type\" content=\"image\/jpeg\" \/>\n<meta name=\"twitter:card\" content=\"summary_large_image\" \/>\n<meta name=\"twitter:label1\" content=\"Tiempo de lectura\" \/>\n\t<meta name=\"twitter:data1\" content=\"1 minuto\" \/>\n<script type=\"application\/ld+json\" class=\"yoast-schema-graph\">{\"@context\":\"https:\/\/schema.org\",\"@graph\":[{\"@type\":\"WebPage\",\"@id\":\"https:\/\/letrainjaune.fr\/es\/?incontournable=evol\",\"url\":\"https:\/\/letrainjaune.fr\/es\/?incontournable=evol\",\"name\":\"Evol - Destino Tren amarillo\",\"isPartOf\":{\"@id\":\"https:\/\/letrainjaune.fr\/es\/#website\"},\"primaryImageOfPage\":{\"@id\":\"https:\/\/letrainjaune.fr\/es\/?incontournable=evol#primaryimage\"},\"image\":{\"@id\":\"https:\/\/letrainjaune.fr\/es\/?incontournable=evol#primaryimage\"},\"thumbnailUrl\":\"https:\/\/letrainjaune.fr\/wp-content\/uploads\/2021\/07\/OUV_Evol\u00a9Conflent_Canigo35.jpg\",\"datePublished\":\"2023-06-13T14:58:20+00:00\",\"dateModified\":\"2023-06-13T14:58:23+00:00\",\"breadcrumb\":{\"@id\":\"https:\/\/letrainjaune.fr\/es\/?incontournable=evol#breadcrumb\"},\"inLanguage\":\"es\",\"potentialAction\":[{\"@type\":\"ReadAction\",\"target\":[\"https:\/\/letrainjaune.fr\/es\/?incontournable=evol\"]}]},{\"@type\":\"ImageObject\",\"inLanguage\":\"es\",\"@id\":\"https:\/\/letrainjaune.fr\/es\/?incontournable=evol#primaryimage\",\"url\":\"https:\/\/letrainjaune.fr\/wp-content\/uploads\/2021\/07\/OUV_Evol\u00a9Conflent_Canigo35.jpg\",\"contentUrl\":\"https:\/\/letrainjaune.fr\/wp-content\/uploads\/2021\/07\/OUV_Evol\u00a9Conflent_Canigo35.jpg\",\"width\":2500,\"height\":1641},{\"@type\":\"BreadcrumbList\",\"@id\":\"https:\/\/letrainjaune.fr\/es\/?incontournable=evol#breadcrumb\",\"itemListElement\":[{\"@type\":\"ListItem\",\"position\":1,\"name\":\"Inicio\",\"item\":\"https:\/\/letrainjaune.fr\/es\/\"},{\"@type\":\"ListItem\",\"position\":2,\"name\":\"Evol\"}]},{\"@type\":\"WebSite\",\"@id\":\"https:\/\/letrainjaune.fr\/es\/#website\",\"url\":\"https:\/\/letrainjaune.fr\/es\/\",\"name\":\"Destino Tren amarillo\",\"description\":\"Dans les Pyr\u00e9n\u00e9es Catalanes, d\u00e9couvrez ce train sur le plus haut chemin de fer d\u2019Europe.\",\"publisher\":{\"@id\":\"https:\/\/letrainjaune.fr\/es\/#organization\"},\"potentialAction\":[{\"@type\":\"SearchAction\",\"target\":{\"@type\":\"EntryPoint\",\"urlTemplate\":\"https:\/\/letrainjaune.fr\/es\/?s={search_term_string}\"},\"query-input\":{\"@type\":\"PropertyValueSpecification\",\"valueRequired\":true,\"valueName\":\"search_term_string\"}}],\"inLanguage\":\"es\"},{\"@type\":\"Organization\",\"@id\":\"https:\/\/letrainjaune.fr\/es\/#organization\",\"name\":\"Destino Tren amarillo\",\"url\":\"https:\/\/letrainjaune.fr\/es\/\",\"logo\":{\"@type\":\"ImageObject\",\"inLanguage\":\"es\",\"@id\":\"https:\/\/letrainjaune.fr\/es\/#\/schema\/logo\/image\/\",\"url\":\"https:\/\/letrainjaune.fr\/wp-content\/uploads\/2021\/04\/TJ_logo-TJ-footer.svg\",\"contentUrl\":\"https:\/\/letrainjaune.fr\/wp-content\/uploads\/2021\/04\/TJ_logo-TJ-footer.svg\",\"width\":\"1920\",\"height\":\"9999\",\"caption\":\"Destino Tren amarillo\"},\"image\":{\"@id\":\"https:\/\/letrainjaune.fr\/es\/#\/schema\/logo\/image\/\"}}]}<\/script>\n<!-- \/ Yoast SEO plugin. -->","yoast_head_json":{"title":"Evol - Destino Tren amarillo","robots":{"index":"index","follow":"follow","max-snippet":"max-snippet:-1","max-image-preview":"max-image-preview:large","max-video-preview":"max-video-preview:-1"},"canonical":"https:\/\/letrainjaune.fr\/es\/?incontournable=evol","og_locale":"es_ES","og_type":"article","og_title":"Evol - Destino Tren amarillo","og_description":"El pueblo de Evol y las ruinas de su castillo (Accesible en unos 45 minutos a pie desde la estaci\u00f3n por sendero o por carretera) Pueblo t\u00edpico de la regi\u00f3n del Alto Conflent, Evol, con sus numerosas casas de piedra seca, domina el valle del mismo nombre. La Terre d\u2019Evol, como se llamaba cuando se [&hellip;]","og_url":"https:\/\/letrainjaune.fr\/es\/?incontournable=evol","og_site_name":"Destino Tren amarillo","article_modified_time":"2023-06-13T14:58:23+00:00","og_image":[{"width":768,"height":504,"url":"https:\/\/letrainjaune.fr\/wp-content\/uploads\/2021\/07\/OUV_Evol\u00a9Conflent_Canigo35-768x504.jpg","type":"image\/jpeg"}],"twitter_card":"summary_large_image","twitter_misc":{"Tiempo de lectura":"1 minuto"},"schema":{"@context":"https:\/\/schema.org","@graph":[{"@type":"WebPage","@id":"https:\/\/letrainjaune.fr\/es\/?incontournable=evol","url":"https:\/\/letrainjaune.fr\/es\/?incontournable=evol","name":"Evol - Destino Tren amarillo","isPartOf":{"@id":"https:\/\/letrainjaune.fr\/es\/#website"},"primaryImageOfPage":{"@id":"https:\/\/letrainjaune.fr\/es\/?incontournable=evol#primaryimage"},"image":{"@id":"https:\/\/letrainjaune.fr\/es\/?incontournable=evol#primaryimage"},"thumbnailUrl":"https:\/\/letrainjaune.fr\/wp-content\/uploads\/2021\/07\/OUV_Evol\u00a9Conflent_Canigo35.jpg","datePublished":"2023-06-13T14:58:20+00:00","dateModified":"2023-06-13T14:58:23+00:00","breadcrumb":{"@id":"https:\/\/letrainjaune.fr\/es\/?incontournable=evol#breadcrumb"},"inLanguage":"es","potentialAction":[{"@type":"ReadAction","target":["https:\/\/letrainjaune.fr\/es\/?incontournable=evol"]}]},{"@type":"ImageObject","inLanguage":"es","@id":"https:\/\/letrainjaune.fr\/es\/?incontournable=evol#primaryimage","url":"https:\/\/letrainjaune.fr\/wp-content\/uploads\/2021\/07\/OUV_Evol\u00a9Conflent_Canigo35.jpg","contentUrl":"https:\/\/letrainjaune.fr\/wp-content\/uploads\/2021\/07\/OUV_Evol\u00a9Conflent_Canigo35.jpg","width":2500,"height":1641},{"@type":"BreadcrumbList","@id":"https:\/\/letrainjaune.fr\/es\/?incontournable=evol#breadcrumb","itemListElement":[{"@type":"ListItem","position":1,"name":"Inicio","item":"https:\/\/letrainjaune.fr\/es\/"},{"@type":"ListItem","position":2,"name":"Evol"}]},{"@type":"WebSite","@id":"https:\/\/letrainjaune.fr\/es\/#website","url":"https:\/\/letrainjaune.fr\/es\/","name":"Destino Tren amarillo","description":"Dans les Pyr\u00e9n\u00e9es Catalanes, d\u00e9couvrez ce train sur le plus haut chemin de fer d\u2019Europe.","publisher":{"@id":"https:\/\/letrainjaune.fr\/es\/#organization"},"potentialAction":[{"@type":"SearchAction","target":{"@type":"EntryPoint","urlTemplate":"https:\/\/letrainjaune.fr\/es\/?s={search_term_string}"},"query-input":{"@type":"PropertyValueSpecification","valueRequired":true,"valueName":"search_term_string"}}],"inLanguage":"es"},{"@type":"Organization","@id":"https:\/\/letrainjaune.fr\/es\/#organization","name":"Destino Tren amarillo","url":"https:\/\/letrainjaune.fr\/es\/","logo":{"@type":"ImageObject","inLanguage":"es","@id":"https:\/\/letrainjaune.fr\/es\/#\/schema\/logo\/image\/","url":"https:\/\/letrainjaune.fr\/wp-content\/uploads\/2021\/04\/TJ_logo-TJ-footer.svg","contentUrl":"https:\/\/letrainjaune.fr\/wp-content\/uploads\/2021\/04\/TJ_logo-TJ-footer.svg","width":"1920","height":"9999","caption":"Destino Tren amarillo"},"image":{"@id":"https:\/\/letrainjaune.fr\/es\/#\/schema\/logo\/image\/"}}]}},"_links":{"self":[{"href":"https:\/\/letrainjaune.fr\/es\/wp-json\/wp\/v2\/incontournable\/9737","targetHints":{"allow":["GET"]}}],"collection":[{"href":"https:\/\/letrainjaune.fr\/es\/wp-json\/wp\/v2\/incontournable"}],"about":[{"href":"https:\/\/letrainjaune.fr\/es\/wp-json\/wp\/v2\/types\/incontournable"}],"version-history":[{"count":1,"href":"https:\/\/letrainjaune.fr\/es\/wp-json\/wp\/v2\/incontournable\/9737\/revisions"}],"predecessor-version":[{"id":9738,"href":"https:\/\/letrainjaune.fr\/es\/wp-json\/wp\/v2\/incontournable\/9737\/revisions\/9738"}],"wp:featuredmedia":[{"embeddable":true,"href":"https:\/\/letrainjaune.fr\/es\/wp-json\/wp\/v2\/media\/2328"}],"wp:attachment":[{"href":"https:\/\/letrainjaune.fr\/es\/wp-json\/wp\/v2\/media?parent=9737"}],"curies":[{"name":"wp","href":"https:\/\/api.w.org\/{rel}","templated":true}]}}

<h4 class="wp-block-heading">El pueblo de Evol y las ruinas de su castillo</h4>

<h4 class="wp-block-heading"><em>(Accesible en unos 45 minutos a pie desde la estación por sendero o por carretera)</em></h4>

<p>Pueblo típico de la región del Alto Conflent, Evol, con sus numerosas casas de piedra seca, domina el valle del mismo nombre. La <em>Terre d’Evol, </em>como se llamaba cuando se construyó el pueblo, forma parte de la red de los “Pueblos más bonitos de Francia ».</p>
<figure class="wp-block-image size-large"><a href=https://letrainjaune.fr/wp-content/uploads/2021/07/Evol©Conflent_Canigo34.jpg title="Evol " rel="prettyPhoto"><img src=https://letrainjaune.fr/wp-content/uploads/2021/07/Evol©Conflent_Canigo34.jpg alt="" title="Evol" width="" class="wp-image-2969"/></a><figcaption>Evol <span>&copy; CONFLENTCANIGO</span></figcaption></figure>
<p>El pueblo fue fundado en 957 por el conde de Cerdaña en una época en la que esta parte del territorio aún pertenecía a los españoles. En 1260, el rey<em>Jaime II de Aragón</em>nombró a su descendiente, <em> Guillermo 1° </em><sup><em>ER</em></sup><em> de So, </em>señor de Evol. Poco después, hizo construir un castillo feudal cerca de la nueva línea fronteriza con el reino de Francia, fijada al sur de las Corbières desde el Tratado de Corbeil firmado entre el rey de Francia y el rey de Aragón en 1258. </p>
<figure class="wp-block-image size-large"><a href=https://letrainjaune.fr/wp-content/uploads/2021/07/Evol©Conflent_Canigo31.jpg title="Castillo de Evol" rel="prettyPhoto"><img src=https://letrainjaune.fr/wp-content/uploads/2021/07/Evol©Conflent_Canigo31.jpg alt="" title="Castillo de Evol" width="" class="wp-image-2964"/></a><figcaption>Castillo de Evol<span>&copy; CONFLENTCANIGO</span></figcaption></figure>
<p>Construido en una estribación del macizo de Coronat, el <strong>castillo de Evol </strong>estaba destinado en un principio a cortar la llegada de los franceses por el Col des Portus. Una guarnición de unos quince hombres vivía entre estas cuatro torres en aquellos tiempos inestables. </p>

<p>En 1812, el castillo se vendió como propiedad nacional. Permaneció en manos privadas hasta 1990, cuando fue adquirido por el municipio de Olette-Evol.</p>

<p>Tras haber estado abandonado durante siglos, el castillo de Evol está siendo restaurado en la actualidad y es una excusa para dar un hermoso paseo por el excepcional entorno del Alto Conflent.</p>
<figure class="wp-block-image size-large"><a href=https://letrainjaune.fr/wp-content/uploads/2021/07/Evol©Conflent_Canigo36.jpg title="Casas típicas en Evol" rel="prettyPhoto"><img src=https://letrainjaune.fr/wp-content/uploads/2021/07/Evol©Conflent_Canigo36.jpg alt="" title="Casas típicas en Evol" width="" class="wp-image-2973"/></a><figcaption>Casas típicas en Evol<span>&copy; CONFLENTCANIGO</span></figcaption></figure>
<figure class="wp-block-pullquote"><blockquote><p>+33 4 68 97 09 72</p><cite><em>Contact ayuntamiento Olette-Evol</em></cite></blockquote></figure>

<!-- This site is optimized with the Yoast SEO plugin v25.4 - https://yoast.com/wordpress/plugins/seo/ -->
<title>Evol - Destino Tren amarillo</title>
<meta name="robots" content="index, follow, max-snippet:-1, max-image-preview:large, max-video-preview:-1" />
<link rel="canonical" href="https://letrainjaune.fr/es/?incontournable=evol" />
<meta property="og:locale" content="es_ES" />
<meta property="og:type" content="article" />
<meta property="og:title" content="Evol - Destino Tren amarillo" />
<meta property="og:description" content="El pueblo de Evol y las ruinas de su castillo (Accesible en unos 45 minutos a pie desde la estación por sendero o por carretera) Pueblo típico de la región del Alto Conflent, Evol, con sus numerosas casas de piedra seca, domina el valle del mismo nombre. La Terre d’Evol, como se llamaba cuando se [&hellip;]" />
<meta property="og:url" content="https://letrainjaune.fr/es/?incontournable=evol" />
<meta property="og:site_name" content="Destino Tren amarillo" />
<meta property="article:modified_time" content="2023-06-13T14:58:23+00:00" />
<meta property="og:image" content="https://letrainjaune.fr/wp-content/uploads/2021/07/OUV_Evol©Conflent_Canigo35-768x504.jpg" />
	<meta property="og:image:width" content="768" />
	<meta property="og:image:height" content="504" />
	<meta property="og:image:type" content="image/jpeg" />
<meta name="twitter:card" content="summary_large_image" />
<meta name="twitter:label1" content="Tiempo de lectura" />
	<meta name="twitter:data1" content="1 minuto" />
<script type="application/ld+json" class="yoast-schema-graph">{"@context":"https://schema.org","@graph":[{"@type":"WebPage","@id":"https://letrainjaune.fr/es/?incontournable=evol","url":"https://letrainjaune.fr/es/?incontournable=evol","name":"Evol - Destino Tren amarillo","isPartOf":{"@id":"https://letrainjaune.fr/es/#website"},"primaryImageOfPage":{"@id":"https://letrainjaune.fr/es/?incontournable=evol#primaryimage"},"image":{"@id":"https://letrainjaune.fr/es/?incontournable=evol#primaryimage"},"thumbnailUrl":"https://letrainjaune.fr/wp-content/uploads/2021/07/OUV_Evol©Conflent_Canigo35.jpg","datePublished":"2023-06-13T14:58:20+00:00","dateModified":"2023-06-13T14:58:23+00:00","breadcrumb":{"@id":"https://letrainjaune.fr/es/?incontournable=evol#breadcrumb"},"inLanguage":"es","potentialAction":[{"@type":"ReadAction","target":["https://letrainjaune.fr/es/?incontournable=evol"]}]},{"@type":"ImageObject","inLanguage":"es","@id":"https://letrainjaune.fr/es/?incontournable=evol#primaryimage","url":"https://letrainjaune.fr/wp-content/uploads/2021/07/OUV_Evol©Conflent_Canigo35.jpg","contentUrl":"https://letrainjaune.fr/wp-content/uploads/2021/07/OUV_Evol©Conflent_Canigo35.jpg","width":2500,"height":1641},{"@type":"BreadcrumbList","@id":"https://letrainjaune.fr/es/?incontournable=evol#breadcrumb","itemListElement":[{"@type":"ListItem","position":1,"name":"Inicio","item":"https://letrainjaune.fr/es/"},{"@type":"ListItem","position":2,"name":"Evol"}]},{"@type":"WebSite","@id":"https://letrainjaune.fr/es/#website","url":"https://letrainjaune.fr/es/","name":"Destino Tren amarillo","description":"Dans les Pyrénées Catalanes, découvrez ce train sur le plus haut chemin de fer d’Europe.","publisher":{"@id":"https://letrainjaune.fr/es/#organization"},"potentialAction":[{"@type":"SearchAction","target":{"@type":"EntryPoint","urlTemplate":"https://letrainjaune.fr/es/?s={search_term_string}"},"query-input":{"@type":"PropertyValueSpecification","valueRequired":true,"valueName":"search_term_string"}}],"inLanguage":"es"},{"@type":"Organization","@id":"https://letrainjaune.fr/es/#organization","name":"Destino Tren amarillo","url":"https://letrainjaune.fr/es/","logo":{"@type":"ImageObject","inLanguage":"es","@id":"https://letrainjaune.fr/es/#/schema/logo/image/","url":"https://letrainjaune.fr/wp-content/uploads/2021/04/TJ_logo-TJ-footer.svg","contentUrl":"https://letrainjaune.fr/wp-content/uploads/2021/04/TJ_logo-TJ-footer.svg","width":"1920","height":"9999","caption":"Destino Tren amarillo"},"image":{"@id":"https://letrainjaune.fr/es/#/schema/logo/image/"}}]}</script>
<!-- / Yoast SEO plugin. -->

El pueblo de Evol y las ruinas de su castillo (Accesible en unos 45 minutos a pie desde la estación por sendero o por carretera) Pueblo típico de la región del Alto Conflent, Evol, con sus numerosas casas de piedra seca, domina el valle del mismo nombre. La Terre d’Evol, como se llamaba cuando se [&hellip;]

Dans les Pyrénées Catalanes, découvrez ce train sur le plus haut chemin de fer d’Europe.
