{"id":9811,"date":"2023-06-16T12:49:38","date_gmt":"2023-06-16T10:49:38","guid":{"rendered":"https:\/\/letrainjaune.fr\/?incontournable=ciudad-de-puigcerda"},"modified":"2023-06-16T12:49:42","modified_gmt":"2023-06-16T10:49:42","slug":"ciudad-de-puigcerda","status":"publish","type":"incontournable","link":"https:\/\/letrainjaune.fr\/es\/?incontournable=ciudad-de-puigcerda","title":{"rendered":"Ciudad de Puigcerd\u00e0"},"content":{"rendered":"\n<h4 class=\"wp-block-heading\">Municipio lim\u00edtrofe con Francia, el centro de Puigcerd\u00e0 est\u00e1 a 15 minutos de la estaci\u00f3n de Bourg-Madame. <\/h4>\n\n<p>Capital de la comarca de Cerda\u00f1a, en la provincia de Girona.<\/p>\n<figure class=\"wp-block-image size-large\"><a href=https:\/\/letrainjaune.fr\/wp-content\/uploads\/2021\/08\/fotos-espatrrnts-@Office-de-touirsme-Puicerda.jpg title=\"Lago de Puigcerd\u00e0\" rel=\"prettyPhoto\"><img src=https:\/\/letrainjaune.fr\/wp-content\/uploads\/2021\/08\/fotos-espatrrnts-@Office-de-touirsme-Puicerda.jpg alt=\"\" title=\"Lago de Puigcerd\u00e0\" width=\"\" class=\"wp-image-4545\"\/><\/a><figcaption>Lago de Puigcerd\u00e0<span>&copy; Office de tourisme de Puigcerda <\/span><\/figcaption><\/figure>\n<p>Puigcerd\u00e0 (Podium Ceretanum) fue fundada por el rey Alfonso II de Arag\u00f3n, conde de Barcelona, Rosell\u00f3n y Cerda\u00f1a, hacia 1177 y se convirti\u00f3 en la capital de este \u00faltimo condado en lugar de Ll\u00edvia.<\/p>\n\n<p>Fue sitiada en 1654 y tomada por las tropas francesas durante la guerra de los Segadores.<\/p>\n\n<p>En 1678 fue sitiada nuevamente y tomada el 28 de mayo por las tropas francesas durante la guerra de Holanda.<\/p>\n\n<p>Tambi\u00e9n fue la prefectura del departamento franc\u00e9s de S\u00e8gre, en la \u00e9poca de Napole\u00f3n I, en la d\u00e9cada de 1810.<\/p>\n\n<p>Gracias a su arquitectura y al t\u00edpico estilo de vida catal\u00e1n, una visita a su centro hist\u00f3rico y a sus calles peatonales le adentrar\u00e1 en el coraz\u00f3n de la Cerda\u00f1a espa\u00f1ola, de la cual esta ciudad fronteriza es la capital. Tambi\u00e9n merece la pena ver el lago, que se encuentra muy cerca del centro.<\/p>\n<figure class=\"wp-block-image size-large\"><a href=https:\/\/letrainjaune.fr\/wp-content\/uploads\/2021\/08\/fotos-Puigcerda-emili-@Office-de-touirsme-Puicerda.jpg title=\"En las cercan\u00edas de Puigcerd\u00e0\" rel=\"prettyPhoto\"><img src=https:\/\/letrainjaune.fr\/wp-content\/uploads\/2021\/08\/fotos-Puigcerda-emili-@Office-de-touirsme-Puicerda.jpg alt=\"\" title=\"En las cercan\u00edas de Puigcerd\u00e0\" width=\"\" class=\"wp-image-4553\"\/><\/a><figcaption>En las cercan\u00edas de Puigcerd\u00e0<span>&copy; Office de tourisme de Puigcerda <\/span><\/figcaption><\/figure>\n<p>Para obtener m\u00e1s informaci\u00f3n, hay una oficina de turismo en el centro de Puigcerd\u00e0.<\/p>\n\n<figure class=\"wp-block-pullquote\"><blockquote><p>+34 972 88 05 42<\/p><cite><a href=\"http:\/\/www.puigcerdaturisme.cat\" target=\"_blank\" rel=\"noreferrer noopener\">oficina de turismo puigcerd\u00e0<\/a><br\/><\/cite><\/blockquote><\/figure>","protected":false},"featured_media":4540,"menu_order":0,"template":"","class_list":["post-9811","incontournable","type-incontournable","status-publish","has-post-thumbnail","hentry"],"acf":[],"yoast_head":"<!-- This site is optimized with the Yoast SEO plugin v25.4 - https:\/\/yoast.com\/wordpress\/plugins\/seo\/ -->\n<title>Ciudad de Puigcerd\u00e0 - Destino Tren amarillo<\/title>\n<meta name=\"robots\" content=\"index, follow, max-snippet:-1, max-image-preview:large, max-video-preview:-1\" \/>\n<link rel=\"canonical\" href=\"https:\/\/letrainjaune.fr\/es\/?incontournable=ciudad-de-puigcerda\" \/>\n<meta property=\"og:locale\" content=\"es_ES\" \/>\n<meta property=\"og:type\" content=\"article\" \/>\n<meta property=\"og:title\" content=\"Ciudad de Puigcerd\u00e0 - Destino Tren amarillo\" \/>\n<meta property=\"og:description\" content=\"Municipio lim\u00edtrofe con Francia, el centro de Puigcerd\u00e0 est\u00e1 a 15 minutos de la estaci\u00f3n de Bourg-Madame. Capital de la comarca de Cerda\u00f1a, en la provincia de Girona. Puigcerd\u00e0 (Podium Ceretanum) fue fundada por el rey Alfonso II de Arag\u00f3n, conde de Barcelona, Rosell\u00f3n y Cerda\u00f1a, hacia 1177 y se convirti\u00f3 en la capital de [&hellip;]\" \/>\n<meta property=\"og:url\" content=\"https:\/\/letrainjaune.fr\/es\/?incontournable=ciudad-de-puigcerda\" \/>\n<meta property=\"og:site_name\" content=\"Destino Tren amarillo\" \/>\n<meta property=\"article:modified_time\" content=\"2023-06-16T10:49:42+00:00\" \/>\n<meta property=\"og:image\" content=\"https:\/\/letrainjaune.fr\/wp-content\/uploads\/2021\/06\/@Office-de-touirsme-Puicerda.jpg\" \/>\n\t<meta property=\"og:image:width\" content=\"1400\" \/>\n\t<meta property=\"og:image:height\" content=\"1050\" \/>\n\t<meta property=\"og:image:type\" content=\"image\/jpeg\" \/>\n<meta name=\"twitter:card\" content=\"summary_large_image\" \/>\n<meta name=\"twitter:label1\" content=\"Tiempo de lectura\" \/>\n\t<meta name=\"twitter:data1\" content=\"1 minuto\" \/>\n<script type=\"application\/ld+json\" class=\"yoast-schema-graph\">{\"@context\":\"https:\/\/schema.org\",\"@graph\":[{\"@type\":\"WebPage\",\"@id\":\"https:\/\/letrainjaune.fr\/es\/?incontournable=ciudad-de-puigcerda\",\"url\":\"https:\/\/letrainjaune.fr\/es\/?incontournable=ciudad-de-puigcerda\",\"name\":\"Ciudad de Puigcerd\u00e0 - Destino Tren amarillo\",\"isPartOf\":{\"@id\":\"https:\/\/letrainjaune.fr\/es\/#website\"},\"primaryImageOfPage\":{\"@id\":\"https:\/\/letrainjaune.fr\/es\/?incontournable=ciudad-de-puigcerda#primaryimage\"},\"image\":{\"@id\":\"https:\/\/letrainjaune.fr\/es\/?incontournable=ciudad-de-puigcerda#primaryimage\"},\"thumbnailUrl\":\"https:\/\/letrainjaune.fr\/wp-content\/uploads\/2021\/06\/@Office-de-touirsme-Puicerda.jpg\",\"datePublished\":\"2023-06-16T10:49:38+00:00\",\"dateModified\":\"2023-06-16T10:49:42+00:00\",\"breadcrumb\":{\"@id\":\"https:\/\/letrainjaune.fr\/es\/?incontournable=ciudad-de-puigcerda#breadcrumb\"},\"inLanguage\":\"es\",\"potentialAction\":[{\"@type\":\"ReadAction\",\"target\":[\"https:\/\/letrainjaune.fr\/es\/?incontournable=ciudad-de-puigcerda\"]}]},{\"@type\":\"ImageObject\",\"inLanguage\":\"es\",\"@id\":\"https:\/\/letrainjaune.fr\/es\/?incontournable=ciudad-de-puigcerda#primaryimage\",\"url\":\"https:\/\/letrainjaune.fr\/wp-content\/uploads\/2021\/06\/@Office-de-touirsme-Puicerda.jpg\",\"contentUrl\":\"https:\/\/letrainjaune.fr\/wp-content\/uploads\/2021\/06\/@Office-de-touirsme-Puicerda.jpg\",\"width\":1400,\"height\":1050,\"caption\":\"Puigcerd\u00e0\"},{\"@type\":\"BreadcrumbList\",\"@id\":\"https:\/\/letrainjaune.fr\/es\/?incontournable=ciudad-de-puigcerda#breadcrumb\",\"itemListElement\":[{\"@type\":\"ListItem\",\"position\":1,\"name\":\"Inicio\",\"item\":\"https:\/\/letrainjaune.fr\/es\/\"},{\"@type\":\"ListItem\",\"position\":2,\"name\":\"Ciudad de Puigcerd\u00e0\"}]},{\"@type\":\"WebSite\",\"@id\":\"https:\/\/letrainjaune.fr\/es\/#website\",\"url\":\"https:\/\/letrainjaune.fr\/es\/\",\"name\":\"Destino Tren amarillo\",\"description\":\"Dans les Pyr\u00e9n\u00e9es Catalanes, d\u00e9couvrez ce train sur le plus haut chemin de fer d\u2019Europe.\",\"publisher\":{\"@id\":\"https:\/\/letrainjaune.fr\/es\/#organization\"},\"potentialAction\":[{\"@type\":\"SearchAction\",\"target\":{\"@type\":\"EntryPoint\",\"urlTemplate\":\"https:\/\/letrainjaune.fr\/es\/?s={search_term_string}\"},\"query-input\":{\"@type\":\"PropertyValueSpecification\",\"valueRequired\":true,\"valueName\":\"search_term_string\"}}],\"inLanguage\":\"es\"},{\"@type\":\"Organization\",\"@id\":\"https:\/\/letrainjaune.fr\/es\/#organization\",\"name\":\"Destino Tren amarillo\",\"url\":\"https:\/\/letrainjaune.fr\/es\/\",\"logo\":{\"@type\":\"ImageObject\",\"inLanguage\":\"es\",\"@id\":\"https:\/\/letrainjaune.fr\/es\/#\/schema\/logo\/image\/\",\"url\":\"https:\/\/letrainjaune.fr\/wp-content\/uploads\/2021\/04\/TJ_logo-TJ-footer.svg\",\"contentUrl\":\"https:\/\/letrainjaune.fr\/wp-content\/uploads\/2021\/04\/TJ_logo-TJ-footer.svg\",\"width\":\"1920\",\"height\":\"9999\",\"caption\":\"Destino Tren amarillo\"},\"image\":{\"@id\":\"https:\/\/letrainjaune.fr\/es\/#\/schema\/logo\/image\/\"}}]}<\/script>\n<!-- \/ Yoast SEO plugin. -->","yoast_head_json":{"title":"Ciudad de Puigcerd\u00e0 - Destino Tren amarillo","robots":{"index":"index","follow":"follow","max-snippet":"max-snippet:-1","max-image-preview":"max-image-preview:large","max-video-preview":"max-video-preview:-1"},"canonical":"https:\/\/letrainjaune.fr\/es\/?incontournable=ciudad-de-puigcerda","og_locale":"es_ES","og_type":"article","og_title":"Ciudad de Puigcerd\u00e0 - Destino Tren amarillo","og_description":"Municipio lim\u00edtrofe con Francia, el centro de Puigcerd\u00e0 est\u00e1 a 15 minutos de la estaci\u00f3n de Bourg-Madame. Capital de la comarca de Cerda\u00f1a, en la provincia de Girona. Puigcerd\u00e0 (Podium Ceretanum) fue fundada por el rey Alfonso II de Arag\u00f3n, conde de Barcelona, Rosell\u00f3n y Cerda\u00f1a, hacia 1177 y se convirti\u00f3 en la capital de [&hellip;]","og_url":"https:\/\/letrainjaune.fr\/es\/?incontournable=ciudad-de-puigcerda","og_site_name":"Destino Tren amarillo","article_modified_time":"2023-06-16T10:49:42+00:00","og_image":[{"width":1400,"height":1050,"url":"https:\/\/letrainjaune.fr\/wp-content\/uploads\/2021\/06\/@Office-de-touirsme-Puicerda.jpg","type":"image\/jpeg"}],"twitter_card":"summary_large_image","twitter_misc":{"Tiempo de lectura":"1 minuto"},"schema":{"@context":"https:\/\/schema.org","@graph":[{"@type":"WebPage","@id":"https:\/\/letrainjaune.fr\/es\/?incontournable=ciudad-de-puigcerda","url":"https:\/\/letrainjaune.fr\/es\/?incontournable=ciudad-de-puigcerda","name":"Ciudad de Puigcerd\u00e0 - Destino Tren amarillo","isPartOf":{"@id":"https:\/\/letrainjaune.fr\/es\/#website"},"primaryImageOfPage":{"@id":"https:\/\/letrainjaune.fr\/es\/?incontournable=ciudad-de-puigcerda#primaryimage"},"image":{"@id":"https:\/\/letrainjaune.fr\/es\/?incontournable=ciudad-de-puigcerda#primaryimage"},"thumbnailUrl":"https:\/\/letrainjaune.fr\/wp-content\/uploads\/2021\/06\/@Office-de-touirsme-Puicerda.jpg","datePublished":"2023-06-16T10:49:38+00:00","dateModified":"2023-06-16T10:49:42+00:00","breadcrumb":{"@id":"https:\/\/letrainjaune.fr\/es\/?incontournable=ciudad-de-puigcerda#breadcrumb"},"inLanguage":"es","potentialAction":[{"@type":"ReadAction","target":["https:\/\/letrainjaune.fr\/es\/?incontournable=ciudad-de-puigcerda"]}]},{"@type":"ImageObject","inLanguage":"es","@id":"https:\/\/letrainjaune.fr\/es\/?incontournable=ciudad-de-puigcerda#primaryimage","url":"https:\/\/letrainjaune.fr\/wp-content\/uploads\/2021\/06\/@Office-de-touirsme-Puicerda.jpg","contentUrl":"https:\/\/letrainjaune.fr\/wp-content\/uploads\/2021\/06\/@Office-de-touirsme-Puicerda.jpg","width":1400,"height":1050,"caption":"Puigcerd\u00e0"},{"@type":"BreadcrumbList","@id":"https:\/\/letrainjaune.fr\/es\/?incontournable=ciudad-de-puigcerda#breadcrumb","itemListElement":[{"@type":"ListItem","position":1,"name":"Inicio","item":"https:\/\/letrainjaune.fr\/es\/"},{"@type":"ListItem","position":2,"name":"Ciudad de Puigcerd\u00e0"}]},{"@type":"WebSite","@id":"https:\/\/letrainjaune.fr\/es\/#website","url":"https:\/\/letrainjaune.fr\/es\/","name":"Destino Tren amarillo","description":"Dans les Pyr\u00e9n\u00e9es Catalanes, d\u00e9couvrez ce train sur le plus haut chemin de fer d\u2019Europe.","publisher":{"@id":"https:\/\/letrainjaune.fr\/es\/#organization"},"potentialAction":[{"@type":"SearchAction","target":{"@type":"EntryPoint","urlTemplate":"https:\/\/letrainjaune.fr\/es\/?s={search_term_string}"},"query-input":{"@type":"PropertyValueSpecification","valueRequired":true,"valueName":"search_term_string"}}],"inLanguage":"es"},{"@type":"Organization","@id":"https:\/\/letrainjaune.fr\/es\/#organization","name":"Destino Tren amarillo","url":"https:\/\/letrainjaune.fr\/es\/","logo":{"@type":"ImageObject","inLanguage":"es","@id":"https:\/\/letrainjaune.fr\/es\/#\/schema\/logo\/image\/","url":"https:\/\/letrainjaune.fr\/wp-content\/uploads\/2021\/04\/TJ_logo-TJ-footer.svg","contentUrl":"https:\/\/letrainjaune.fr\/wp-content\/uploads\/2021\/04\/TJ_logo-TJ-footer.svg","width":"1920","height":"9999","caption":"Destino Tren amarillo"},"image":{"@id":"https:\/\/letrainjaune.fr\/es\/#\/schema\/logo\/image\/"}}]}},"_links":{"self":[{"href":"https:\/\/letrainjaune.fr\/es\/wp-json\/wp\/v2\/incontournable\/9811","targetHints":{"allow":["GET"]}}],"collection":[{"href":"https:\/\/letrainjaune.fr\/es\/wp-json\/wp\/v2\/incontournable"}],"about":[{"href":"https:\/\/letrainjaune.fr\/es\/wp-json\/wp\/v2\/types\/incontournable"}],"version-history":[{"count":1,"href":"https:\/\/letrainjaune.fr\/es\/wp-json\/wp\/v2\/incontournable\/9811\/revisions"}],"predecessor-version":[{"id":9812,"href":"https:\/\/letrainjaune.fr\/es\/wp-json\/wp\/v2\/incontournable\/9811\/revisions\/9812"}],"wp:featuredmedia":[{"embeddable":true,"href":"https:\/\/letrainjaune.fr\/es\/wp-json\/wp\/v2\/media\/4540"}],"wp:attachment":[{"href":"https:\/\/letrainjaune.fr\/es\/wp-json\/wp\/v2\/media?parent=9811"}],"curies":[{"name":"wp","href":"https:\/\/api.w.org\/{rel}","templated":true}]}}

Ciudad de Puigcerdà

<h4 class="wp-block-heading">Municipio limítrofe con Francia, el centro de Puigcerdà está a 15 minutos de la estación de Bourg-Madame. </h4>

<p>Capital de la comarca de Cerdaña, en la provincia de Girona.</p>
<figure class="wp-block-image size-large"><a href=https://letrainjaune.fr/wp-content/uploads/2021/08/fotos-espatrrnts-@Office-de-touirsme-Puicerda.jpg title="Lago de Puigcerdà" rel="prettyPhoto"><img src=https://letrainjaune.fr/wp-content/uploads/2021/08/fotos-espatrrnts-@Office-de-touirsme-Puicerda.jpg alt="" title="Lago de Puigcerdà" width="" class="wp-image-4545"/></a><figcaption>Lago de Puigcerdà<span>&copy; Office de tourisme de Puigcerda </span></figcaption></figure>
<p>Puigcerdà (Podium Ceretanum) fue fundada por el rey Alfonso II de Aragón, conde de Barcelona, Rosellón y Cerdaña, hacia 1177 y se convirtió en la capital de este último condado en lugar de Llívia.</p>

<p>Fue sitiada en 1654 y tomada por las tropas francesas durante la guerra de los Segadores.</p>

<p>En 1678 fue sitiada nuevamente y tomada el 28 de mayo por las tropas francesas durante la guerra de Holanda.</p>

<p>También fue la prefectura del departamento francés de Sègre, en la época de Napoleón I, en la década de 1810.</p>

<p>Gracias a su arquitectura y al típico estilo de vida catalán, una visita a su centro histórico y a sus calles peatonales le adentrará en el corazón de la Cerdaña española, de la cual esta ciudad fronteriza es la capital. También merece la pena ver el lago, que se encuentra muy cerca del centro.</p>
<figure class="wp-block-image size-large"><a href=https://letrainjaune.fr/wp-content/uploads/2021/08/fotos-Puigcerda-emili-@Office-de-touirsme-Puicerda.jpg title="En las cercanías de Puigcerdà" rel="prettyPhoto"><img src=https://letrainjaune.fr/wp-content/uploads/2021/08/fotos-Puigcerda-emili-@Office-de-touirsme-Puicerda.jpg alt="" title="En las cercanías de Puigcerdà" width="" class="wp-image-4553"/></a><figcaption>En las cercanías de Puigcerdà<span>&copy; Office de tourisme de Puigcerda </span></figcaption></figure>
<p>Para obtener más información, hay una oficina de turismo en el centro de Puigcerdà.</p>

<figure class="wp-block-pullquote"><blockquote><p>+34 972 88 05 42</p><cite><a href="http://www.puigcerdaturisme.cat" target="_blank" rel="noreferrer noopener">oficina de turismo puigcerdà</a><br/></cite></blockquote></figure>

<!-- This site is optimized with the Yoast SEO plugin v25.4 - https://yoast.com/wordpress/plugins/seo/ -->
<title>Ciudad de Puigcerdà - Destino Tren amarillo</title>
<meta name="robots" content="index, follow, max-snippet:-1, max-image-preview:large, max-video-preview:-1" />
<link rel="canonical" href="https://letrainjaune.fr/es/?incontournable=ciudad-de-puigcerda" />
<meta property="og:locale" content="es_ES" />
<meta property="og:type" content="article" />
<meta property="og:title" content="Ciudad de Puigcerdà - Destino Tren amarillo" />
<meta property="og:description" content="Municipio limítrofe con Francia, el centro de Puigcerdà está a 15 minutos de la estación de Bourg-Madame. Capital de la comarca de Cerdaña, en la provincia de Girona. Puigcerdà (Podium Ceretanum) fue fundada por el rey Alfonso II de Aragón, conde de Barcelona, Rosellón y Cerdaña, hacia 1177 y se convirtió en la capital de [&hellip;]" />
<meta property="og:url" content="https://letrainjaune.fr/es/?incontournable=ciudad-de-puigcerda" />
<meta property="og:site_name" content="Destino Tren amarillo" />
<meta property="article:modified_time" content="2023-06-16T10:49:42+00:00" />
<meta property="og:image" content="https://letrainjaune.fr/wp-content/uploads/2021/06/@Office-de-touirsme-Puicerda.jpg" />
	<meta property="og:image:width" content="1400" />
	<meta property="og:image:height" content="1050" />
	<meta property="og:image:type" content="image/jpeg" />
<meta name="twitter:card" content="summary_large_image" />
<meta name="twitter:label1" content="Tiempo de lectura" />
	<meta name="twitter:data1" content="1 minuto" />
<script type="application/ld+json" class="yoast-schema-graph">{"@context":"https://schema.org","@graph":[{"@type":"WebPage","@id":"https://letrainjaune.fr/es/?incontournable=ciudad-de-puigcerda","url":"https://letrainjaune.fr/es/?incontournable=ciudad-de-puigcerda","name":"Ciudad de Puigcerdà - Destino Tren amarillo","isPartOf":{"@id":"https://letrainjaune.fr/es/#website"},"primaryImageOfPage":{"@id":"https://letrainjaune.fr/es/?incontournable=ciudad-de-puigcerda#primaryimage"},"image":{"@id":"https://letrainjaune.fr/es/?incontournable=ciudad-de-puigcerda#primaryimage"},"thumbnailUrl":"https://letrainjaune.fr/wp-content/uploads/2021/06/@Office-de-touirsme-Puicerda.jpg","datePublished":"2023-06-16T10:49:38+00:00","dateModified":"2023-06-16T10:49:42+00:00","breadcrumb":{"@id":"https://letrainjaune.fr/es/?incontournable=ciudad-de-puigcerda#breadcrumb"},"inLanguage":"es","potentialAction":[{"@type":"ReadAction","target":["https://letrainjaune.fr/es/?incontournable=ciudad-de-puigcerda"]}]},{"@type":"ImageObject","inLanguage":"es","@id":"https://letrainjaune.fr/es/?incontournable=ciudad-de-puigcerda#primaryimage","url":"https://letrainjaune.fr/wp-content/uploads/2021/06/@Office-de-touirsme-Puicerda.jpg","contentUrl":"https://letrainjaune.fr/wp-content/uploads/2021/06/@Office-de-touirsme-Puicerda.jpg","width":1400,"height":1050,"caption":"Puigcerdà"},{"@type":"BreadcrumbList","@id":"https://letrainjaune.fr/es/?incontournable=ciudad-de-puigcerda#breadcrumb","itemListElement":[{"@type":"ListItem","position":1,"name":"Inicio","item":"https://letrainjaune.fr/es/"},{"@type":"ListItem","position":2,"name":"Ciudad de Puigcerdà"}]},{"@type":"WebSite","@id":"https://letrainjaune.fr/es/#website","url":"https://letrainjaune.fr/es/","name":"Destino Tren amarillo","description":"Dans les Pyrénées Catalanes, découvrez ce train sur le plus haut chemin de fer d’Europe.","publisher":{"@id":"https://letrainjaune.fr/es/#organization"},"potentialAction":[{"@type":"SearchAction","target":{"@type":"EntryPoint","urlTemplate":"https://letrainjaune.fr/es/?s={search_term_string}"},"query-input":{"@type":"PropertyValueSpecification","valueRequired":true,"valueName":"search_term_string"}}],"inLanguage":"es"},{"@type":"Organization","@id":"https://letrainjaune.fr/es/#organization","name":"Destino Tren amarillo","url":"https://letrainjaune.fr/es/","logo":{"@type":"ImageObject","inLanguage":"es","@id":"https://letrainjaune.fr/es/#/schema/logo/image/","url":"https://letrainjaune.fr/wp-content/uploads/2021/04/TJ_logo-TJ-footer.svg","contentUrl":"https://letrainjaune.fr/wp-content/uploads/2021/04/TJ_logo-TJ-footer.svg","width":"1920","height":"9999","caption":"Destino Tren amarillo"},"image":{"@id":"https://letrainjaune.fr/es/#/schema/logo/image/"}}]}</script>
<!-- / Yoast SEO plugin. -->

Ciudad de Puigcerdà - Destino Tren amarillo

Municipio limítrofe con Francia, el centro de Puigcerdà está a 15 minutos de la estación de Bourg-Madame. Capital de la comarca de Cerdaña, en la provincia de Girona. Puigcerdà (Podium Ceretanum) fue fundada por el rey Alfonso II de Aragón, conde de Barcelona, Rosellón y Cerdaña, hacia 1177 y se convirtió en la capital de [&hellip;]

Puigcerdà

Dans les Pyrénées Catalanes, découvrez ce train sur le plus haut chemin de fer d’Europe.
