{"id":9882,"date":"2023-06-22T11:00:23","date_gmt":"2023-06-22T09:00:23","guid":{"rendered":"https:\/\/letrainjaune.fr\/?temps_fort=fiesta-del-pan"},"modified":"2023-06-22T11:00:26","modified_gmt":"2023-06-22T09:00:26","slug":"fiesta-del-pan","status":"publish","type":"temps_fort","link":"https:\/\/letrainjaune.fr\/es\/?temps_fort=fiesta-del-pan","title":{"rendered":"Fiesta del pan"},"content":{"rendered":"\n<h2 class=\"wp-block-heading\">La elaboraci\u00f3n del pan, una tradici\u00f3n artesanal en Palau-de-Cerdagne <\/h2>\n\n<p>Con motivo de la fiesta del pan, el pueblo ofrece a cada familia palauenque un pan horneado en la antigua panader\u00eda del pueblo, la panader\u00eda ARIS. <\/p>\n\n<p>La panader\u00eda dej\u00f3 de funcionar en 1956, y en 1998 el municipio decidi\u00f3 volver a comprarla para ponerla en funcionamiento una vez al a\u00f1o. El 13 de agosto de 1999 se celebr\u00f3 la primera fiesta del pan, que contin\u00faa celebr\u00e1ndose cada a\u00f1o el 13 de agosto. Desde 1999, este acontecimiento ha sido un \u00e9xito constante y se ha convertido en una parte esencial del verano cerdano.<\/p>\n<figure class=\"wp-block-image size-large\"><a href=https:\/\/letrainjaune.fr\/wp-content\/uploads\/2021\/08\/Traditions-fetes-Fete-du-pain-Palau-de-Cerdagne\u00a9-Fred-BERLIC-scaled.jpg title=\"Fiesta del pan de Palau-de-Cerdagne\" rel=\"prettyPhoto\"><img src=https:\/\/letrainjaune.fr\/wp-content\/uploads\/2021\/08\/Traditions-fetes-Fete-du-pain-Palau-de-Cerdagne\u00a9-Fred-BERLIC-1920x2548.jpg alt=\"\" title=\"Fiesta del pan de Palau-de-Cerdagne\" width=\"\" class=\"wp-image-4021\"\/><\/a><figcaption>Fiesta del pan de Palau-de-Cerdagne<span>&copy; Frederique Berlic<\/span><\/figcaption><\/figure>\n<p>La Comunidad de Comunas Pirineos-Cerda\u00f1a particip\u00f3 en la restauraci\u00f3n de la antigua panader\u00eda. La amasadora \u201cCorse\u201d y las herramientas son originales. El horno de 6 m\u00b2 tiene capacidad para 30 panes redondos de 2 kilos por hornada. Se calienta con 3 semanas de antelaci\u00f3n para que la masa de ladrillo y tierra alcance una temperatura uniforme tanto en la b\u00f3veda como en la solera. Una vez consumidas, se retiran las brasas del interior del horno y se limpia la solera.<\/p>\n","protected":false},"featured_media":4016,"menu_order":0,"template":"","class_list":["post-9882","temps_fort","type-temps_fort","status-publish","has-post-thumbnail","hentry"],"acf":[],"yoast_head":"<!-- This site is optimized with the Yoast SEO plugin v25.4 - https:\/\/yoast.com\/wordpress\/plugins\/seo\/ -->\n<title>Fiesta del pan - Destino Tren amarillo<\/title>\n<meta name=\"robots\" content=\"index, follow, max-snippet:-1, max-image-preview:large, max-video-preview:-1\" \/>\n<link rel=\"canonical\" href=\"https:\/\/letrainjaune.fr\/es\/?temps_fort=fiesta-del-pan\" \/>\n<meta property=\"og:locale\" content=\"es_ES\" \/>\n<meta property=\"og:type\" content=\"article\" \/>\n<meta property=\"og:title\" content=\"Fiesta del pan - Destino Tren amarillo\" \/>\n<meta property=\"og:description\" content=\"La elaboraci\u00f3n del pan, una tradici\u00f3n artesanal en Palau-de-Cerdagne Con motivo de la fiesta del pan, el pueblo ofrece a cada familia palauenque un pan horneado en la antigua panader\u00eda del pueblo, la panader\u00eda ARIS. La panader\u00eda dej\u00f3 de funcionar en 1956, y en 1998 el municipio decidi\u00f3 volver a comprarla para ponerla en funcionamiento [&hellip;]\" \/>\n<meta property=\"og:url\" content=\"https:\/\/letrainjaune.fr\/es\/?temps_fort=fiesta-del-pan\" \/>\n<meta property=\"og:site_name\" content=\"Destino Tren amarillo\" \/>\n<meta property=\"article:modified_time\" content=\"2023-06-22T09:00:26+00:00\" \/>\n<meta property=\"og:image\" content=\"https:\/\/letrainjaune.fr\/wp-content\/uploads\/2021\/08\/Traditions-fetes-Fete-du-Pain-Palau-de-Cerdagne-\u00a9Frederique-BERLIC-scaled.jpg\" \/>\n\t<meta property=\"og:image:width\" content=\"1275\" \/>\n\t<meta property=\"og:image:height\" content=\"1920\" \/>\n\t<meta property=\"og:image:type\" content=\"image\/jpeg\" \/>\n<meta name=\"twitter:card\" content=\"summary_large_image\" \/>\n<meta name=\"twitter:label1\" content=\"Tiempo de lectura\" \/>\n\t<meta name=\"twitter:data1\" content=\"1 minuto\" \/>\n<script type=\"application\/ld+json\" class=\"yoast-schema-graph\">{\"@context\":\"https:\/\/schema.org\",\"@graph\":[{\"@type\":\"WebPage\",\"@id\":\"https:\/\/letrainjaune.fr\/es\/?temps_fort=fiesta-del-pan\",\"url\":\"https:\/\/letrainjaune.fr\/es\/?temps_fort=fiesta-del-pan\",\"name\":\"Fiesta del pan - Destino Tren amarillo\",\"isPartOf\":{\"@id\":\"https:\/\/letrainjaune.fr\/es\/#website\"},\"primaryImageOfPage\":{\"@id\":\"https:\/\/letrainjaune.fr\/es\/?temps_fort=fiesta-del-pan#primaryimage\"},\"image\":{\"@id\":\"https:\/\/letrainjaune.fr\/es\/?temps_fort=fiesta-del-pan#primaryimage\"},\"thumbnailUrl\":\"https:\/\/letrainjaune.fr\/wp-content\/uploads\/2021\/08\/Traditions-fetes-Fete-du-Pain-Palau-de-Cerdagne-\u00a9Frederique-BERLIC-scaled.jpg\",\"datePublished\":\"2023-06-22T09:00:23+00:00\",\"dateModified\":\"2023-06-22T09:00:26+00:00\",\"breadcrumb\":{\"@id\":\"https:\/\/letrainjaune.fr\/es\/?temps_fort=fiesta-del-pan#breadcrumb\"},\"inLanguage\":\"es\",\"potentialAction\":[{\"@type\":\"ReadAction\",\"target\":[\"https:\/\/letrainjaune.fr\/es\/?temps_fort=fiesta-del-pan\"]}]},{\"@type\":\"ImageObject\",\"inLanguage\":\"es\",\"@id\":\"https:\/\/letrainjaune.fr\/es\/?temps_fort=fiesta-del-pan#primaryimage\",\"url\":\"https:\/\/letrainjaune.fr\/wp-content\/uploads\/2021\/08\/Traditions-fetes-Fete-du-Pain-Palau-de-Cerdagne-\u00a9Frederique-BERLIC-scaled.jpg\",\"contentUrl\":\"https:\/\/letrainjaune.fr\/wp-content\/uploads\/2021\/08\/Traditions-fetes-Fete-du-Pain-Palau-de-Cerdagne-\u00a9Frederique-BERLIC-scaled.jpg\",\"width\":1275,\"height\":1920,\"caption\":\"Fiesta del pan de Palau-de-Cerdagne\"},{\"@type\":\"BreadcrumbList\",\"@id\":\"https:\/\/letrainjaune.fr\/es\/?temps_fort=fiesta-del-pan#breadcrumb\",\"itemListElement\":[{\"@type\":\"ListItem\",\"position\":1,\"name\":\"Inicio\",\"item\":\"https:\/\/letrainjaune.fr\/es\/\"},{\"@type\":\"ListItem\",\"position\":2,\"name\":\"Fiesta del pan\"}]},{\"@type\":\"WebSite\",\"@id\":\"https:\/\/letrainjaune.fr\/es\/#website\",\"url\":\"https:\/\/letrainjaune.fr\/es\/\",\"name\":\"Destino Tren amarillo\",\"description\":\"Dans les Pyr\u00e9n\u00e9es Catalanes, d\u00e9couvrez ce train sur le plus haut chemin de fer d\u2019Europe.\",\"publisher\":{\"@id\":\"https:\/\/letrainjaune.fr\/es\/#organization\"},\"potentialAction\":[{\"@type\":\"SearchAction\",\"target\":{\"@type\":\"EntryPoint\",\"urlTemplate\":\"https:\/\/letrainjaune.fr\/es\/?s={search_term_string}\"},\"query-input\":{\"@type\":\"PropertyValueSpecification\",\"valueRequired\":true,\"valueName\":\"search_term_string\"}}],\"inLanguage\":\"es\"},{\"@type\":\"Organization\",\"@id\":\"https:\/\/letrainjaune.fr\/es\/#organization\",\"name\":\"Destino Tren amarillo\",\"url\":\"https:\/\/letrainjaune.fr\/es\/\",\"logo\":{\"@type\":\"ImageObject\",\"inLanguage\":\"es\",\"@id\":\"https:\/\/letrainjaune.fr\/es\/#\/schema\/logo\/image\/\",\"url\":\"https:\/\/letrainjaune.fr\/wp-content\/uploads\/2021\/04\/TJ_logo-TJ-footer.svg\",\"contentUrl\":\"https:\/\/letrainjaune.fr\/wp-content\/uploads\/2021\/04\/TJ_logo-TJ-footer.svg\",\"width\":\"1920\",\"height\":\"9999\",\"caption\":\"Destino Tren amarillo\"},\"image\":{\"@id\":\"https:\/\/letrainjaune.fr\/es\/#\/schema\/logo\/image\/\"}}]}<\/script>\n<!-- \/ Yoast SEO plugin. -->","yoast_head_json":{"title":"Fiesta del pan - Destino Tren amarillo","robots":{"index":"index","follow":"follow","max-snippet":"max-snippet:-1","max-image-preview":"max-image-preview:large","max-video-preview":"max-video-preview:-1"},"canonical":"https:\/\/letrainjaune.fr\/es\/?temps_fort=fiesta-del-pan","og_locale":"es_ES","og_type":"article","og_title":"Fiesta del pan - Destino Tren amarillo","og_description":"La elaboraci\u00f3n del pan, una tradici\u00f3n artesanal en Palau-de-Cerdagne Con motivo de la fiesta del pan, el pueblo ofrece a cada familia palauenque un pan horneado en la antigua panader\u00eda del pueblo, la panader\u00eda ARIS. La panader\u00eda dej\u00f3 de funcionar en 1956, y en 1998 el municipio decidi\u00f3 volver a comprarla para ponerla en funcionamiento [&hellip;]","og_url":"https:\/\/letrainjaune.fr\/es\/?temps_fort=fiesta-del-pan","og_site_name":"Destino Tren amarillo","article_modified_time":"2023-06-22T09:00:26+00:00","og_image":[{"width":1275,"height":1920,"url":"https:\/\/letrainjaune.fr\/wp-content\/uploads\/2021\/08\/Traditions-fetes-Fete-du-Pain-Palau-de-Cerdagne-\u00a9Frederique-BERLIC-scaled.jpg","type":"image\/jpeg"}],"twitter_card":"summary_large_image","twitter_misc":{"Tiempo de lectura":"1 minuto"},"schema":{"@context":"https:\/\/schema.org","@graph":[{"@type":"WebPage","@id":"https:\/\/letrainjaune.fr\/es\/?temps_fort=fiesta-del-pan","url":"https:\/\/letrainjaune.fr\/es\/?temps_fort=fiesta-del-pan","name":"Fiesta del pan - Destino Tren amarillo","isPartOf":{"@id":"https:\/\/letrainjaune.fr\/es\/#website"},"primaryImageOfPage":{"@id":"https:\/\/letrainjaune.fr\/es\/?temps_fort=fiesta-del-pan#primaryimage"},"image":{"@id":"https:\/\/letrainjaune.fr\/es\/?temps_fort=fiesta-del-pan#primaryimage"},"thumbnailUrl":"https:\/\/letrainjaune.fr\/wp-content\/uploads\/2021\/08\/Traditions-fetes-Fete-du-Pain-Palau-de-Cerdagne-\u00a9Frederique-BERLIC-scaled.jpg","datePublished":"2023-06-22T09:00:23+00:00","dateModified":"2023-06-22T09:00:26+00:00","breadcrumb":{"@id":"https:\/\/letrainjaune.fr\/es\/?temps_fort=fiesta-del-pan#breadcrumb"},"inLanguage":"es","potentialAction":[{"@type":"ReadAction","target":["https:\/\/letrainjaune.fr\/es\/?temps_fort=fiesta-del-pan"]}]},{"@type":"ImageObject","inLanguage":"es","@id":"https:\/\/letrainjaune.fr\/es\/?temps_fort=fiesta-del-pan#primaryimage","url":"https:\/\/letrainjaune.fr\/wp-content\/uploads\/2021\/08\/Traditions-fetes-Fete-du-Pain-Palau-de-Cerdagne-\u00a9Frederique-BERLIC-scaled.jpg","contentUrl":"https:\/\/letrainjaune.fr\/wp-content\/uploads\/2021\/08\/Traditions-fetes-Fete-du-Pain-Palau-de-Cerdagne-\u00a9Frederique-BERLIC-scaled.jpg","width":1275,"height":1920,"caption":"Fiesta del pan de Palau-de-Cerdagne"},{"@type":"BreadcrumbList","@id":"https:\/\/letrainjaune.fr\/es\/?temps_fort=fiesta-del-pan#breadcrumb","itemListElement":[{"@type":"ListItem","position":1,"name":"Inicio","item":"https:\/\/letrainjaune.fr\/es\/"},{"@type":"ListItem","position":2,"name":"Fiesta del pan"}]},{"@type":"WebSite","@id":"https:\/\/letrainjaune.fr\/es\/#website","url":"https:\/\/letrainjaune.fr\/es\/","name":"Destino Tren amarillo","description":"Dans les Pyr\u00e9n\u00e9es Catalanes, d\u00e9couvrez ce train sur le plus haut chemin de fer d\u2019Europe.","publisher":{"@id":"https:\/\/letrainjaune.fr\/es\/#organization"},"potentialAction":[{"@type":"SearchAction","target":{"@type":"EntryPoint","urlTemplate":"https:\/\/letrainjaune.fr\/es\/?s={search_term_string}"},"query-input":{"@type":"PropertyValueSpecification","valueRequired":true,"valueName":"search_term_string"}}],"inLanguage":"es"},{"@type":"Organization","@id":"https:\/\/letrainjaune.fr\/es\/#organization","name":"Destino Tren amarillo","url":"https:\/\/letrainjaune.fr\/es\/","logo":{"@type":"ImageObject","inLanguage":"es","@id":"https:\/\/letrainjaune.fr\/es\/#\/schema\/logo\/image\/","url":"https:\/\/letrainjaune.fr\/wp-content\/uploads\/2021\/04\/TJ_logo-TJ-footer.svg","contentUrl":"https:\/\/letrainjaune.fr\/wp-content\/uploads\/2021\/04\/TJ_logo-TJ-footer.svg","width":"1920","height":"9999","caption":"Destino Tren amarillo"},"image":{"@id":"https:\/\/letrainjaune.fr\/es\/#\/schema\/logo\/image\/"}}]}},"_links":{"self":[{"href":"https:\/\/letrainjaune.fr\/es\/wp-json\/wp\/v2\/temps_fort\/9882","targetHints":{"allow":["GET"]}}],"collection":[{"href":"https:\/\/letrainjaune.fr\/es\/wp-json\/wp\/v2\/temps_fort"}],"about":[{"href":"https:\/\/letrainjaune.fr\/es\/wp-json\/wp\/v2\/types\/temps_fort"}],"version-history":[{"count":1,"href":"https:\/\/letrainjaune.fr\/es\/wp-json\/wp\/v2\/temps_fort\/9882\/revisions"}],"predecessor-version":[{"id":9883,"href":"https:\/\/letrainjaune.fr\/es\/wp-json\/wp\/v2\/temps_fort\/9882\/revisions\/9883"}],"wp:featuredmedia":[{"embeddable":true,"href":"https:\/\/letrainjaune.fr\/es\/wp-json\/wp\/v2\/media\/4016"}],"wp:attachment":[{"href":"https:\/\/letrainjaune.fr\/es\/wp-json\/wp\/v2\/media?parent=9882"}],"curies":[{"name":"wp","href":"https:\/\/api.w.org\/{rel}","templated":true}]}}

<h2 class="wp-block-heading">La elaboración del pan, una tradición artesanal en Palau-de-Cerdagne </h2>

<p>Con motivo de la fiesta del pan, el pueblo ofrece a cada familia palauenque un pan horneado en la antigua panadería del pueblo, la panadería ARIS. </p>

<p>La panadería dejó de funcionar en 1956, y en 1998 el municipio decidió volver a comprarla para ponerla en funcionamiento una vez al año. El 13 de agosto de 1999 se celebró la primera fiesta del pan, que continúa celebrándose cada año el 13 de agosto. Desde 1999, este acontecimiento ha sido un éxito constante y se ha convertido en una parte esencial del verano cerdano.</p>
<figure class="wp-block-image size-large"><a href=https://letrainjaune.fr/wp-content/uploads/2021/08/Traditions-fetes-Fete-du-pain-Palau-de-Cerdagne©-Fred-BERLIC-scaled.jpg title="Fiesta del pan de Palau-de-Cerdagne" rel="prettyPhoto"><img src=https://letrainjaune.fr/wp-content/uploads/2021/08/Traditions-fetes-Fete-du-pain-Palau-de-Cerdagne©-Fred-BERLIC-1920x2548.jpg alt="" title="Fiesta del pan de Palau-de-Cerdagne" width="" class="wp-image-4021"/></a><figcaption>Fiesta del pan de Palau-de-Cerdagne<span>&copy; Frederique Berlic</span></figcaption></figure>
<p>La Comunidad de Comunas Pirineos-Cerdaña participó en la restauración de la antigua panadería. La amasadora “Corse” y las herramientas son originales. El horno de 6 m² tiene capacidad para 30 panes redondos de 2 kilos por hornada. Se calienta con 3 semanas de antelación para que la masa de ladrillo y tierra alcance una temperatura uniforme tanto en la bóveda como en la solera. Una vez consumidas, se retiran las brasas del interior del horno y se limpia la solera.</p>

<!-- This site is optimized with the Yoast SEO plugin v25.4 - https://yoast.com/wordpress/plugins/seo/ -->
<title>Fiesta del pan - Destino Tren amarillo</title>
<meta name="robots" content="index, follow, max-snippet:-1, max-image-preview:large, max-video-preview:-1" />
<link rel="canonical" href="https://letrainjaune.fr/es/?temps_fort=fiesta-del-pan" />
<meta property="og:locale" content="es_ES" />
<meta property="og:type" content="article" />
<meta property="og:title" content="Fiesta del pan - Destino Tren amarillo" />
<meta property="og:description" content="La elaboración del pan, una tradición artesanal en Palau-de-Cerdagne Con motivo de la fiesta del pan, el pueblo ofrece a cada familia palauenque un pan horneado en la antigua panadería del pueblo, la panadería ARIS. La panadería dejó de funcionar en 1956, y en 1998 el municipio decidió volver a comprarla para ponerla en funcionamiento [&hellip;]" />
<meta property="og:url" content="https://letrainjaune.fr/es/?temps_fort=fiesta-del-pan" />
<meta property="og:site_name" content="Destino Tren amarillo" />
<meta property="article:modified_time" content="2023-06-22T09:00:26+00:00" />
<meta property="og:image" content="https://letrainjaune.fr/wp-content/uploads/2021/08/Traditions-fetes-Fete-du-Pain-Palau-de-Cerdagne-©Frederique-BERLIC-scaled.jpg" />
	<meta property="og:image:width" content="1275" />
	<meta property="og:image:height" content="1920" />
	<meta property="og:image:type" content="image/jpeg" />
<meta name="twitter:card" content="summary_large_image" />
<meta name="twitter:label1" content="Tiempo de lectura" />
	<meta name="twitter:data1" content="1 minuto" />
<script type="application/ld+json" class="yoast-schema-graph">{"@context":"https://schema.org","@graph":[{"@type":"WebPage","@id":"https://letrainjaune.fr/es/?temps_fort=fiesta-del-pan","url":"https://letrainjaune.fr/es/?temps_fort=fiesta-del-pan","name":"Fiesta del pan - Destino Tren amarillo","isPartOf":{"@id":"https://letrainjaune.fr/es/#website"},"primaryImageOfPage":{"@id":"https://letrainjaune.fr/es/?temps_fort=fiesta-del-pan#primaryimage"},"image":{"@id":"https://letrainjaune.fr/es/?temps_fort=fiesta-del-pan#primaryimage"},"thumbnailUrl":"https://letrainjaune.fr/wp-content/uploads/2021/08/Traditions-fetes-Fete-du-Pain-Palau-de-Cerdagne-©Frederique-BERLIC-scaled.jpg","datePublished":"2023-06-22T09:00:23+00:00","dateModified":"2023-06-22T09:00:26+00:00","breadcrumb":{"@id":"https://letrainjaune.fr/es/?temps_fort=fiesta-del-pan#breadcrumb"},"inLanguage":"es","potentialAction":[{"@type":"ReadAction","target":["https://letrainjaune.fr/es/?temps_fort=fiesta-del-pan"]}]},{"@type":"ImageObject","inLanguage":"es","@id":"https://letrainjaune.fr/es/?temps_fort=fiesta-del-pan#primaryimage","url":"https://letrainjaune.fr/wp-content/uploads/2021/08/Traditions-fetes-Fete-du-Pain-Palau-de-Cerdagne-©Frederique-BERLIC-scaled.jpg","contentUrl":"https://letrainjaune.fr/wp-content/uploads/2021/08/Traditions-fetes-Fete-du-Pain-Palau-de-Cerdagne-©Frederique-BERLIC-scaled.jpg","width":1275,"height":1920,"caption":"Fiesta del pan de Palau-de-Cerdagne"},{"@type":"BreadcrumbList","@id":"https://letrainjaune.fr/es/?temps_fort=fiesta-del-pan#breadcrumb","itemListElement":[{"@type":"ListItem","position":1,"name":"Inicio","item":"https://letrainjaune.fr/es/"},{"@type":"ListItem","position":2,"name":"Fiesta del pan"}]},{"@type":"WebSite","@id":"https://letrainjaune.fr/es/#website","url":"https://letrainjaune.fr/es/","name":"Destino Tren amarillo","description":"Dans les Pyrénées Catalanes, découvrez ce train sur le plus haut chemin de fer d’Europe.","publisher":{"@id":"https://letrainjaune.fr/es/#organization"},"potentialAction":[{"@type":"SearchAction","target":{"@type":"EntryPoint","urlTemplate":"https://letrainjaune.fr/es/?s={search_term_string}"},"query-input":{"@type":"PropertyValueSpecification","valueRequired":true,"valueName":"search_term_string"}}],"inLanguage":"es"},{"@type":"Organization","@id":"https://letrainjaune.fr/es/#organization","name":"Destino Tren amarillo","url":"https://letrainjaune.fr/es/","logo":{"@type":"ImageObject","inLanguage":"es","@id":"https://letrainjaune.fr/es/#/schema/logo/image/","url":"https://letrainjaune.fr/wp-content/uploads/2021/04/TJ_logo-TJ-footer.svg","contentUrl":"https://letrainjaune.fr/wp-content/uploads/2021/04/TJ_logo-TJ-footer.svg","width":"1920","height":"9999","caption":"Destino Tren amarillo"},"image":{"@id":"https://letrainjaune.fr/es/#/schema/logo/image/"}}]}</script>
<!-- / Yoast SEO plugin. -->

La elaboración del pan, una tradición artesanal en Palau-de-Cerdagne Con motivo de la fiesta del pan, el pueblo ofrece a cada familia palauenque un pan horneado en la antigua panadería del pueblo, la panadería ARIS. La panadería dejó de funcionar en 1956, y en 1998 el municipio decidió volver a comprarla para ponerla en funcionamiento [&hellip;]

Dans les Pyrénées Catalanes, découvrez ce train sur le plus haut chemin de fer d’Europe.
