{"id":15081,"date":"2024-11-01T05:45:27","date_gmt":"2024-11-01T04:45:27","guid":{"rendered":"https:\/\/letrainjaune.fr\/a-voir-et-a-faire\/gastronomie-et-terroir\/cremerie-petite\/"},"modified":"2026-04-27T06:45:45","modified_gmt":"2026-04-27T04:45:45","slug":"cremerie-petite","status":"publish","type":"terroir","link":"https:\/\/letrainjaune.fr\/es\/a-voir-et-a-faire\/gastronomie-et-terroir\/cremerie-petite\/","title":{"rendered":"CREMERIE PETITE"},"content":{"rendered":"<p>Nous sommes fromagers affineurs dans le Jura et dans notre cr\u00e9merie vous trouverez nos produits ainsi que d\u2019autres fromages de montagne au lait cru, ils sont l\u2019expression des savoirs faire de nos artisans agriculteurs, fromagers et qui plongent les racines au c\u0153ur de nos r\u00e9gions. Nous d\u00e9fendons les produits qui respectent la nature et l\u2019humain.<\/p>\n","protected":false},"featured_media":0,"template":"","terroir_category":[264],"class_list":["post-15081","terroir","type-terroir","status-publish","hentry","terroir_category-productos-locales"],"acf":[],"yoast_head":"<!-- This site is optimized with the Yoast SEO plugin v25.4 - https:\/\/yoast.com\/wordpress\/plugins\/seo\/ -->\n<title>CREMERIE PETITE - Destino Tren amarillo<\/title>\n<meta name=\"robots\" content=\"index, follow, max-snippet:-1, max-image-preview:large, max-video-preview:-1\" \/>\n<link rel=\"canonical\" href=\"https:\/\/letrainjaune.fr\/es\/a-voir-et-a-faire\/gastronomie-et-terroir\/cremerie-petite\/\" \/>\n<meta property=\"og:locale\" content=\"es_ES\" \/>\n<meta property=\"og:type\" content=\"article\" \/>\n<meta property=\"og:title\" content=\"CREMERIE PETITE - Destino Tren amarillo\" \/>\n<meta property=\"og:description\" content=\"Nous sommes fromagers affineurs dans le Jura et dans notre cr\u00e9merie vous trouverez nos produits ainsi que d\u2019autres fromages de montagne au lait cru, ils sont l\u2019expression des savoirs faire de nos artisans agriculteurs, fromagers et qui plongent les racines au c\u0153ur de nos r\u00e9gions. Nous d\u00e9fendons les produits qui respectent la nature et l\u2019humain.\" \/>\n<meta property=\"og:url\" content=\"https:\/\/letrainjaune.fr\/es\/a-voir-et-a-faire\/gastronomie-et-terroir\/cremerie-petite\/\" \/>\n<meta property=\"og:site_name\" content=\"Destino Tren amarillo\" \/>\n<meta property=\"article:modified_time\" content=\"2026-04-27T04:45:45+00:00\" \/>\n<meta name=\"twitter:card\" content=\"summary_large_image\" \/>\n<script type=\"application\/ld+json\" class=\"yoast-schema-graph\">{\"@context\":\"https:\/\/schema.org\",\"@graph\":[{\"@type\":\"WebPage\",\"@id\":\"https:\/\/letrainjaune.fr\/es\/a-voir-et-a-faire\/gastronomie-et-terroir\/cremerie-petite\/\",\"url\":\"https:\/\/letrainjaune.fr\/es\/a-voir-et-a-faire\/gastronomie-et-terroir\/cremerie-petite\/\",\"name\":\"CREMERIE PETITE - Destino Tren amarillo\",\"isPartOf\":{\"@id\":\"https:\/\/letrainjaune.fr\/es\/#website\"},\"datePublished\":\"2024-11-01T04:45:27+00:00\",\"dateModified\":\"2026-04-27T04:45:45+00:00\",\"breadcrumb\":{\"@id\":\"https:\/\/letrainjaune.fr\/es\/a-voir-et-a-faire\/gastronomie-et-terroir\/cremerie-petite\/#breadcrumb\"},\"inLanguage\":\"es\",\"potentialAction\":[{\"@type\":\"ReadAction\",\"target\":[\"https:\/\/letrainjaune.fr\/es\/a-voir-et-a-faire\/gastronomie-et-terroir\/cremerie-petite\/\"]}]},{\"@type\":\"BreadcrumbList\",\"@id\":\"https:\/\/letrainjaune.fr\/es\/a-voir-et-a-faire\/gastronomie-et-terroir\/cremerie-petite\/#breadcrumb\",\"itemListElement\":[{\"@type\":\"ListItem\",\"position\":1,\"name\":\"Inicio\",\"item\":\"https:\/\/letrainjaune.fr\/es\/\"},{\"@type\":\"ListItem\",\"position\":2,\"name\":\"Gastronom\u00eda y productos locales\",\"item\":\"https:\/\/letrainjaune.fr\/es\/para-ver-y-hacer\/gastronomia-y-terruno\/\"},{\"@type\":\"ListItem\",\"position\":3,\"name\":\"CREMERIE PETITE\"}]},{\"@type\":\"WebSite\",\"@id\":\"https:\/\/letrainjaune.fr\/es\/#website\",\"url\":\"https:\/\/letrainjaune.fr\/es\/\",\"name\":\"Destino Tren amarillo\",\"description\":\"Dans les Pyr\u00e9n\u00e9es Catalanes, d\u00e9couvrez ce train sur le plus haut chemin de fer d\u2019Europe.\",\"publisher\":{\"@id\":\"https:\/\/letrainjaune.fr\/es\/#organization\"},\"potentialAction\":[{\"@type\":\"SearchAction\",\"target\":{\"@type\":\"EntryPoint\",\"urlTemplate\":\"https:\/\/letrainjaune.fr\/es\/?s={search_term_string}\"},\"query-input\":{\"@type\":\"PropertyValueSpecification\",\"valueRequired\":true,\"valueName\":\"search_term_string\"}}],\"inLanguage\":\"es\"},{\"@type\":\"Organization\",\"@id\":\"https:\/\/letrainjaune.fr\/es\/#organization\",\"name\":\"Destino Tren amarillo\",\"url\":\"https:\/\/letrainjaune.fr\/es\/\",\"logo\":{\"@type\":\"ImageObject\",\"inLanguage\":\"es\",\"@id\":\"https:\/\/letrainjaune.fr\/es\/#\/schema\/logo\/image\/\",\"url\":\"https:\/\/letrainjaune.fr\/wp-content\/uploads\/2021\/04\/TJ_logo-TJ-footer.svg\",\"contentUrl\":\"https:\/\/letrainjaune.fr\/wp-content\/uploads\/2021\/04\/TJ_logo-TJ-footer.svg\",\"width\":\"1920\",\"height\":\"9999\",\"caption\":\"Destino Tren amarillo\"},\"image\":{\"@id\":\"https:\/\/letrainjaune.fr\/es\/#\/schema\/logo\/image\/\"}}]}<\/script>\n<!-- \/ Yoast SEO plugin. -->","yoast_head_json":{"title":"CREMERIE PETITE - Destino Tren amarillo","robots":{"index":"index","follow":"follow","max-snippet":"max-snippet:-1","max-image-preview":"max-image-preview:large","max-video-preview":"max-video-preview:-1"},"canonical":"https:\/\/letrainjaune.fr\/es\/a-voir-et-a-faire\/gastronomie-et-terroir\/cremerie-petite\/","og_locale":"es_ES","og_type":"article","og_title":"CREMERIE PETITE - Destino Tren amarillo","og_description":"Nous sommes fromagers affineurs dans le Jura et dans notre cr\u00e9merie vous trouverez nos produits ainsi que d\u2019autres fromages de montagne au lait cru, ils sont l\u2019expression des savoirs faire de nos artisans agriculteurs, fromagers et qui plongent les racines au c\u0153ur de nos r\u00e9gions. Nous d\u00e9fendons les produits qui respectent la nature et l\u2019humain.","og_url":"https:\/\/letrainjaune.fr\/es\/a-voir-et-a-faire\/gastronomie-et-terroir\/cremerie-petite\/","og_site_name":"Destino Tren amarillo","article_modified_time":"2026-04-27T04:45:45+00:00","twitter_card":"summary_large_image","schema":{"@context":"https:\/\/schema.org","@graph":[{"@type":"WebPage","@id":"https:\/\/letrainjaune.fr\/es\/a-voir-et-a-faire\/gastronomie-et-terroir\/cremerie-petite\/","url":"https:\/\/letrainjaune.fr\/es\/a-voir-et-a-faire\/gastronomie-et-terroir\/cremerie-petite\/","name":"CREMERIE PETITE - Destino Tren amarillo","isPartOf":{"@id":"https:\/\/letrainjaune.fr\/es\/#website"},"datePublished":"2024-11-01T04:45:27+00:00","dateModified":"2026-04-27T04:45:45+00:00","breadcrumb":{"@id":"https:\/\/letrainjaune.fr\/es\/a-voir-et-a-faire\/gastronomie-et-terroir\/cremerie-petite\/#breadcrumb"},"inLanguage":"es","potentialAction":[{"@type":"ReadAction","target":["https:\/\/letrainjaune.fr\/es\/a-voir-et-a-faire\/gastronomie-et-terroir\/cremerie-petite\/"]}]},{"@type":"BreadcrumbList","@id":"https:\/\/letrainjaune.fr\/es\/a-voir-et-a-faire\/gastronomie-et-terroir\/cremerie-petite\/#breadcrumb","itemListElement":[{"@type":"ListItem","position":1,"name":"Inicio","item":"https:\/\/letrainjaune.fr\/es\/"},{"@type":"ListItem","position":2,"name":"Gastronom\u00eda y productos locales","item":"https:\/\/letrainjaune.fr\/es\/para-ver-y-hacer\/gastronomia-y-terruno\/"},{"@type":"ListItem","position":3,"name":"CREMERIE PETITE"}]},{"@type":"WebSite","@id":"https:\/\/letrainjaune.fr\/es\/#website","url":"https:\/\/letrainjaune.fr\/es\/","name":"Destino Tren amarillo","description":"Dans les Pyr\u00e9n\u00e9es Catalanes, d\u00e9couvrez ce train sur le plus haut chemin de fer d\u2019Europe.","publisher":{"@id":"https:\/\/letrainjaune.fr\/es\/#organization"},"potentialAction":[{"@type":"SearchAction","target":{"@type":"EntryPoint","urlTemplate":"https:\/\/letrainjaune.fr\/es\/?s={search_term_string}"},"query-input":{"@type":"PropertyValueSpecification","valueRequired":true,"valueName":"search_term_string"}}],"inLanguage":"es"},{"@type":"Organization","@id":"https:\/\/letrainjaune.fr\/es\/#organization","name":"Destino Tren amarillo","url":"https:\/\/letrainjaune.fr\/es\/","logo":{"@type":"ImageObject","inLanguage":"es","@id":"https:\/\/letrainjaune.fr\/es\/#\/schema\/logo\/image\/","url":"https:\/\/letrainjaune.fr\/wp-content\/uploads\/2021\/04\/TJ_logo-TJ-footer.svg","contentUrl":"https:\/\/letrainjaune.fr\/wp-content\/uploads\/2021\/04\/TJ_logo-TJ-footer.svg","width":"1920","height":"9999","caption":"Destino Tren amarillo"},"image":{"@id":"https:\/\/letrainjaune.fr\/es\/#\/schema\/logo\/image\/"}}]}},"_links":{"self":[{"href":"https:\/\/letrainjaune.fr\/es\/wp-json\/wp\/v2\/terroir\/15081","targetHints":{"allow":["GET"]}}],"collection":[{"href":"https:\/\/letrainjaune.fr\/es\/wp-json\/wp\/v2\/terroir"}],"about":[{"href":"https:\/\/letrainjaune.fr\/es\/wp-json\/wp\/v2\/types\/terroir"}],"wp:attachment":[{"href":"https:\/\/letrainjaune.fr\/es\/wp-json\/wp\/v2\/media?parent=15081"}],"wp:term":[{"taxonomy":"terroir_category","embeddable":true,"href":"https:\/\/letrainjaune.fr\/es\/wp-json\/wp\/v2\/terroir_category?post=15081"}],"curies":[{"name":"wp","href":"https:\/\/api.w.org\/{rel}","templated":true}]}}

<p>Nous sommes fromagers affineurs dans le Jura et dans notre crémerie vous trouverez nos produits ainsi que d’autres fromages de montagne au lait cru, ils sont l’expression des savoirs faire de nos artisans agriculteurs, fromagers et qui plongent les racines au cœur de nos régions. Nous défendons les produits qui respectent la nature et l’humain.</p>

<!-- This site is optimized with the Yoast SEO plugin v25.4 - https://yoast.com/wordpress/plugins/seo/ -->
<title>CREMERIE PETITE - Destino Tren amarillo</title>
<meta name="robots" content="index, follow, max-snippet:-1, max-image-preview:large, max-video-preview:-1" />
<link rel="canonical" href="https://letrainjaune.fr/es/a-voir-et-a-faire/gastronomie-et-terroir/cremerie-petite/" />
<meta property="og:locale" content="es_ES" />
<meta property="og:type" content="article" />
<meta property="og:title" content="CREMERIE PETITE - Destino Tren amarillo" />
<meta property="og:description" content="Nous sommes fromagers affineurs dans le Jura et dans notre crémerie vous trouverez nos produits ainsi que d’autres fromages de montagne au lait cru, ils sont l’expression des savoirs faire de nos artisans agriculteurs, fromagers et qui plongent les racines au cœur de nos régions. Nous défendons les produits qui respectent la nature et l’humain." />
<meta property="og:url" content="https://letrainjaune.fr/es/a-voir-et-a-faire/gastronomie-et-terroir/cremerie-petite/" />
<meta property="og:site_name" content="Destino Tren amarillo" />
<meta property="article:modified_time" content="2026-04-27T04:45:45+00:00" />
<meta name="twitter:card" content="summary_large_image" />
<script type="application/ld+json" class="yoast-schema-graph">{"@context":"https://schema.org","@graph":[{"@type":"WebPage","@id":"https://letrainjaune.fr/es/a-voir-et-a-faire/gastronomie-et-terroir/cremerie-petite/","url":"https://letrainjaune.fr/es/a-voir-et-a-faire/gastronomie-et-terroir/cremerie-petite/","name":"CREMERIE PETITE - Destino Tren amarillo","isPartOf":{"@id":"https://letrainjaune.fr/es/#website"},"datePublished":"2024-11-01T04:45:27+00:00","dateModified":"2026-04-27T04:45:45+00:00","breadcrumb":{"@id":"https://letrainjaune.fr/es/a-voir-et-a-faire/gastronomie-et-terroir/cremerie-petite/#breadcrumb"},"inLanguage":"es","potentialAction":[{"@type":"ReadAction","target":["https://letrainjaune.fr/es/a-voir-et-a-faire/gastronomie-et-terroir/cremerie-petite/"]}]},{"@type":"BreadcrumbList","@id":"https://letrainjaune.fr/es/a-voir-et-a-faire/gastronomie-et-terroir/cremerie-petite/#breadcrumb","itemListElement":[{"@type":"ListItem","position":1,"name":"Inicio","item":"https://letrainjaune.fr/es/"},{"@type":"ListItem","position":2,"name":"Gastronomía y productos locales","item":"https://letrainjaune.fr/es/para-ver-y-hacer/gastronomia-y-terruno/"},{"@type":"ListItem","position":3,"name":"CREMERIE PETITE"}]},{"@type":"WebSite","@id":"https://letrainjaune.fr/es/#website","url":"https://letrainjaune.fr/es/","name":"Destino Tren amarillo","description":"Dans les Pyrénées Catalanes, découvrez ce train sur le plus haut chemin de fer d’Europe.","publisher":{"@id":"https://letrainjaune.fr/es/#organization"},"potentialAction":[{"@type":"SearchAction","target":{"@type":"EntryPoint","urlTemplate":"https://letrainjaune.fr/es/?s={search_term_string}"},"query-input":{"@type":"PropertyValueSpecification","valueRequired":true,"valueName":"search_term_string"}}],"inLanguage":"es"},{"@type":"Organization","@id":"https://letrainjaune.fr/es/#organization","name":"Destino Tren amarillo","url":"https://letrainjaune.fr/es/","logo":{"@type":"ImageObject","inLanguage":"es","@id":"https://letrainjaune.fr/es/#/schema/logo/image/","url":"https://letrainjaune.fr/wp-content/uploads/2021/04/TJ_logo-TJ-footer.svg","contentUrl":"https://letrainjaune.fr/wp-content/uploads/2021/04/TJ_logo-TJ-footer.svg","width":"1920","height":"9999","caption":"Destino Tren amarillo"},"image":{"@id":"https://letrainjaune.fr/es/#/schema/logo/image/"}}]}</script>
<!-- / Yoast SEO plugin. -->

Nous sommes fromagers affineurs dans le Jura et dans notre crémerie vous trouverez nos produits ainsi que d’autres fromages de montagne au lait cru, ils sont l’expression des savoirs faire de nos artisans agriculteurs, fromagers et qui plongent les racines au cœur de nos régions. Nous défendons les produits qui respectent la nature et l’humain.

Gastronomía y productos locales

Dans les Pyrénées Catalanes, découvrez ce train sur le plus haut chemin de fer d’Europe.
